000
CXUS55 KEAX 010736
CF6EAX
PRELIMINARY LOCAL CLIMATOLOGICAL DATA (WS FORM: F-6)

                                          STATION:   Pleasant Hill NWS MO
                                          MONTH:     JANUARY
                                          YEAR:      2015
                                          LATITUDE:   38 48 N
                                          LONGITUDE:  94 16 W

  TEMPERATURE IN F:       :PCPN:    SNOW:  WIND      :SUNSHINE: SKY     :PK WND
================================================================================
1   2   3   4   5  6A  6B    7    8   9   10  11  12  13   14  15   16   17  18
                                     12Z  AVG MX 2MIN
DY MAX MIN AVG DEP HDD CDD  WTR  SNW DPTH SPD SPD DIR MIN PSBL S-S WX    SPD DR
================================================================================

 1  32  11  22  -7  43   0 0.00  0.0    0   M   M   M   0    0   0         0   0
 2  35  28  32   3  33   0    T  0.0    0   M   M   M   0    0   0         0   0
 3  36  26  31   3  34   0 0.26  0.1    0   M   M   M   0    0   0         0   0
 4  26   8  17 -11  48   0    T  0.1    T   M   M   M   0    0   0         0   0
 5  26   6  16 -12  49   0 0.00  0.0    T   M   M   M   0    0   0         0   0
 6  30  16  23  -5  42   0    T    T    T   M   M   M   0    0   0         0   0
 7  18  -1   9 -19  56   0    T  0.1    T   M   M   M   0    0   0         0   0
 8  31  -1  15 -13  50   0 0.00  0.0    T   M   M   M   0    0   0         0   0
 9  21   9  15 -13  50   0 0.00  0.0    0   M   M   M   0    0   0         0   0
10  37   6  22  -6  43   0 0.00  0.0    0   M   M   M   0    0   0         0   0
11  37  24  31   3  34   0 0.10  0.0    0   M   M   M   0    0   0         0   0
12  32  11  22  -6  43   0    T    T    T   M   M   M   0    0   0         0   0
13  26   4  15 -13  50   0 0.00  0.0    0   M   M   M   0    0   0         0   0
14  36  19  28   0  37   0 0.00  0.0    0   M   M   M   0    0   0         0   0
15  50  19  35   7  30   0 0.00  0.0    0   M   M   M   0    0   0         0   0
16  59  24  42  14  23   0 0.00  0.0    0   M   M   M   0    0   0         0   0
17  54  36  45  17  20   0 0.00  0.0    0   M   M   M   0    0   0         0   0
18  61  29  45  17  20   0 0.00  0.0    0   M   M   M   0    0   0         0   0
19  65  30  48  20  17   0 0.00  0.0    0   M   M   M   0    0   0         0   0
20  49  34  42  14  23   0 0.00  0.0    0   M   M   M   0    0   0         0   0
21  49  28  39  11  26   0 0.00  0.0    0   M   M   M   0    0   0         0   0
22  38  26  32   3  33   0 0.00  0.0    0   M   M   M   0    0   0         0   0
23  45  20  33   4  32   0 0.00  0.0    0   M   M   M   0    0   0         0   0
24  57  27  42  13  23   0 0.00  0.0    0   M   M   M   0    0   0         0   0
25  45  29  37   8  28   0 0.01  0.0    0   M   M   M   0    0   0         0   0
26  58  25  42  13  23   0 0.00  0.0    M   M   M   M   0    0   0         0   0
27  55  33  44  15  21   0 0.00  0.0    M   M   M   M   0    0   0         0   0
28  71  37  54  25  11   0 0.00  0.0    0   M   M   M   0    0   0         0   0
29  55  28  42  13  23   0    T  0.0    0   M   M   M   0    0   0         0   0
30  41  21  31   1  34   0 0.00  0.0    0   M   M   M   0    0   0         0   0
31  38  31  35   5  30   0 0.79  0.1    T   M   M   M   0    0   0         0   0
================================================================================
SM 1313  643      1029   0  1.16     0.4     M            0      0
================================================================================
AV 42.4 20.7                                 M FASTST    0   0   0    MAX(MPH)
                                 MISC ---->     M   M               #  0    0
================================================================================
NOTES:
# LAST OF SEVERAL OCCURRENCES

COLUMN 17 PEAK WIND IN M.P.H.

PRELIMINARY LOCAL CLIMATOLOGICAL DATA (WS FORM: F-6) , PAGE 2

                                          STATION:  Pleasant Hill NWS MO
                                          MONTH:    JANUARY
                                          YEAR:     2015
                                          LATITUDE:   38 48 N
                                          LONGITUDE:  94 16 W

[TEMPERATURE DATA]      [PRECIPITATION DATA]       SYMBOLS USED IN COLUMN 16

AVERAGE MONTHLY: 31.5   TOTAL FOR MONTH:   1.16    1 = FOG OR MIST
DPTR FM NORMAL:   2.9   DPTR FM NORMAL:   -0.15    2 = FOG REDUCING VISIBILITY
HIGHEST:    71 ON 28    GRTST 24HR  0.79 ON 31-31      TO 1/4 MILE OR LESS
LOWEST:     -1 ON  8, 7                            3 = THUNDER
                        SNOW, ICE PELLETS, HAIL    4 = ICE PELLETS
                        TOTAL MONTH:   0.4 INCH    5 = HAIL
                        GRTST 24HR   0.1 ON   M    6 = FREEZING RAIN OR DRIZZLE
                        GRTST DEPTH:   0           7 = DUSTSTORM OR SANDSTORM:
                                                       VSBY 1/2 MILE OR LESS
                                                   8 = SMOKE OR HAZE
[NO. OF DAYS WITH]      [WEATHER - DAYS WITH]      9 = BLOWING SNOW
                                                   X = TORNADO
MAX 32 OR BELOW:   9    0.01 INCH OR MORE:   4
MAX 90 OR ABOVE:   0    0.10 INCH OR MORE:   3
MIN 32 OR BELOW:  27    0.50 INCH OR MORE:   1
MIN  0 OR BELOW:   2    1.00 INCH OR MORE:   0

[HDD (BASE 65) ]
TOTAL THIS MO.  1029    CLEAR  (SCALE 0-3)  31
DPTR FM NORMAL   -99    PTCLDY (SCALE 4-7)   0
TOTAL FM JUL 1  3090    CLOUDY (SCALE 8-10)  0
DPTR FM NORMAL   -52

[CDD (BASE 65) ]
TOTAL THIS MO.     0
DPTR FM NORMAL     0    [PRESSURE DATA]
TOTAL FM JAN 1     0    HIGHEST SLP  0.00 ON M
DPTR FM NORMAL     0    LOWEST  SLP  0.00 ON M

[REMARKS]
#FINAL-01-15#
