000
CXUS51 KAKQ 011010
CF6ECG
PRELIMINARY LOCAL CLIMATOLOGICAL DATA (WS FORM: F-6)

                                          STATION:   ELIZABETH CITY NC
                                          MONTH:     JUNE
                                          YEAR:      2015
                                          LATITUDE:   36 16 N
                                          LONGITUDE:  76 11 W

  TEMPERATURE IN F:       :PCPN:    SNOW:  WIND      :SUNSHINE: SKY     :PK WND
================================================================================
1   2   3   4   5  6A  6B    7    8   9   10  11  12  13   14  15   16   17  18
                                     12Z  AVG MX 2MIN
DY MAX MIN AVG DEP HDD CDD  WTR  SNW DPTH SPD SPD DIR MIN PSBL S-S WX    SPD DR
================================================================================

 1  87  69  78   6   0  13 0.00  0.0    0  9.1 18 130   M    M   0        24 180
 2  86  68  77   5   0  12 0.21  0.0    0  8.4 24 270   M    M   5 13     32 280
 3  73  65  69  -3   0   4 0.08  0.0    0 10.0 16  30   M    M  10 1      21  40
 4  80  66  73   0   0   8 1.16  0.0    0  8.6 17 220   M    M   8 13     20 220
 5  72  65  69  -4   0   4    T  0.0    0  9.7 15 330   M    M  10 13     19 340
 6  80  61  71  -2   0   6    T  0.0    0  7.6 21  40   M    M   6 13     24  40
 7  77  63  70  -4   0   5 0.00  0.0    0  9.2 17  60   M    M   1        21  60
 8  85  56  71  -3   0   6 0.00  0.0    0  9.7 18 190   M    M   0 18     24 210
 9  86  71  79   5   0  14    T  0.0    0 11.7 21 250   M    M   3 128    26 250
10  85  69  77   3   0  12 0.00  0.0    0  7.3 16 110   M    M   1 1238   19 110
11  90  72  81   6   0  16 0.00  0.0    0  9.7 15 200   M    M   1 1      21 190
12  90  73  82   7   0  17 0.47  0.0    0 11.5 33 260   M    M   0 123    42 260
13  93  73  83   8   0  18 0.05  0.0    0  6.7 23  80   M    M   1 138    27  90
14  90  73  82   7   0  17 0.02  0.0    0  2.9 12  60   M    M   1 13     15 270
15  95  71  83   7   0  18 0.00  0.0    0  4.4 13 210   M    M   1 1      15 270
16  97  75  86  10   0  21 0.00  0.0    0  7.2 18 330   M    M   1        30 320
17  86  74  80   4   0  15 0.00  0.0    0  9.7 21  40   M    M   0        25  50
18  93  72  83   7   0  18 0.64  0.0    0  7.5 21 240   M    M   2 1238   27 250
19  92  72  82   6   0  17    T  0.0    0  7.9 17 220   M    M   1 18     21 220
20  90  72  81   4   0  16 0.00  0.0    0  9.6 18 180   M    M   1 18     27 180
21  93  77  85   8   0  20 0.00  0.0    0 11.0 22 210   M    M   1 8      27 200
22  91  75  83   6   0  18 0.00  0.0    0  8.0 14  40   M    M   0 18     17  30
23  94  78  86   9   0  21 0.00  0.0    0 11.5 18 210   M    M   0 12     25 200
24  86  73  80   3   0  15 0.61  0.0    0  8.0 28  30   M    M   5 138    34  30
25  86  69  78   0   0  13 0.34  0.0    0  8.6 20 180   M    M   1 138    27 200
26  86  69  78   0   0  13 1.18  0.0    0  8.1 32 330   M    M   5 138    41 310
27  88  73  81   3   0  16 0.11  0.0    0 10.7 21 220   M    M   5 13     29 180
28  84  66  75  -3   0  10 0.00  0.0    0 11.0 23 240   M    M   4        28 230
29  84  65  75  -3   0  10 0.00  0.0    0  7.4 14 120   M    M   0        17 130
30  89  71  80   2   0  15 0.00  0.0    0  8.8 25 280   M    M   1 8      32 280
================================================================================
SM 2608 2096         0 408  4.87     0.0 261.5          M       75
================================================================================
AV 86.9 69.9                               8.7 FASTST   M    M   3    MAX(MPH)
                                 MISC ---->  # 33 260               # 42  260
================================================================================
NOTES:
# LAST OF SEVERAL OCCURRENCES

COLUMN 17 PEAK WIND IN M.P.H.

PRELIMINARY LOCAL CLIMATOLOGICAL DATA (WS FORM: F-6) , PAGE 2

                                          STATION:  ELIZABETH CITY NC
                                          MONTH:    JUNE
                                          YEAR:     2015
                                          LATITUDE:   36 16 N
                                          LONGITUDE:  76 11 W

[TEMPERATURE DATA]      [PRECIPITATION DATA]       SYMBOLS USED IN COLUMN 16

AVERAGE MONTHLY: 78.4   TOTAL FOR MONTH:   4.87    1 = FOG OR MIST
DPTR FM NORMAL:   3.0   DPTR FM NORMAL:    0.38    2 = FOG REDUCING VISIBILITY
HIGHEST:    97 ON 16    GRTST 24HR  1.52 ON 25-26      TO 1/4 MILE OR LESS
LOWEST:     56 ON  8                               3 = THUNDER
                        SNOW, ICE PELLETS, HAIL    4 = ICE PELLETS
                        TOTAL MONTH:   0.0 INCH    5 = HAIL
                        GRTST 24HR     0.0         6 = FREEZING RAIN OR DRIZZLE
                        GRTST DEPTH:   0           7 = DUSTSTORM OR SANDSTORM:
                                                       VSBY 1/2 MILE OR LESS
                                                   8 = SMOKE OR HAZE
[NO. OF DAYS WITH]      [WEATHER - DAYS WITH]      9 = BLOWING SNOW
                                                   X = TORNADO
MAX 32 OR BELOW:   0    0.01 INCH OR MORE:  11
MAX 90 OR ABOVE:  12    0.10 INCH OR MORE:   8
MIN 32 OR BELOW:   0    0.50 INCH OR MORE:   4
MIN  0 OR BELOW:   0    1.00 INCH OR MORE:   2

[HDD (BASE 65) ]
TOTAL THIS MO.     0    CLEAR  (SCALE 0-3)  21
DPTR FM NORMAL    -3    PTCLDY (SCALE 4-7)   7
TOTAL FM JUL 1  3235    CLOUDY (SCALE 8-10)  2
DPTR FM NORMAL     3

[CDD (BASE 65) ]
TOTAL THIS MO.   408
DPTR FM NORMAL    94    [PRESSURE DATA]
TOTAL FM JAN 1   613    HIGHEST SLP 30.16 ON  7
DPTR FM NORMAL   135    LOWEST  SLP 29.71 ON 28

[REMARKS]
#FINAL-06-15#
