000
CXUS52 KTAE 300800
CF6ECP
PRELIMINARY LOCAL CLIMATOLOGICAL DATA (WS FORM: F-6)

                                          STATION:   PANAMA CITY NW
                                          MONTH:     JULY
                                          YEAR:      2016
                                          LATITUDE:   30 21 N
                                          LONGITUDE:  85 48 W

  TEMPERATURE IN F:       :PCPN:    SNOW:  WIND      :SUNSHINE: SKY     :PK WND
================================================================================
1   2   3   4   5  6A  6B    7    8   9   10  11  12  13   14  15   16   17  18
                                     12Z  AVG MX 2MIN
DY MAX MIN AVG DEP HDD CDD  WTR  SNW DPTH SPD SPD DIR MIN PSBL S-S WX    SPD DR
================================================================================

 1  86  75  81   M   0  16 0.27  0.0    0  4.3 20 290   M    M   5 13     24 260
 2  92  74  83   M   0  18 0.00  0.0    0  4.0 15 140   M    M   1        19 200
 3  91  76  84   M   0  19 0.00  0.0    0  6.9 17 200   M    M   2        22 200
 4  90  77  84   M   0  19 0.24  0.0    0  8.7 21 240   M    M   5 138    33 240
 5  91  78  85   M   0  20 0.00  0.0    0  6.9 17 200   M    M   1        24  80
 6  91  76  84   M   0  19 0.00  0.0    0  4.9 15 180   M    M   1 13     19 210
 7  92  75  84   M   0  19 0.00  0.0    0  5.7 17 200   M    M   1        22 190
 8  92  75  84   M   0  19 0.00  0.0    0  5.7 17 190   M    M   2        22 210
 9  94  75  85   M   0  20 0.00  0.0    0  5.0 17 220   M    M   1        23 230
10  89  73  81   M   0  16 0.08  0.0    0  2.3 32 300   M    M   3 38     45 300
11  91  73  82   M   0  17    T  0.0    0  5.3 17 180   M    M   2 3      23 210
12  94  73  84   M   0  19    T  0.0    0  5.1 15  20   M    M   2 3      21 170
13  90  73  82   M   0  17    T  0.0    0  3.9 21 150   M    M   0 3      28 140
14  94  71  83   M   0  18 0.00  0.0    0  4.0 14 210   M    M   2 3      19 210
15  91  73  82   M   0  17    T  0.0    0  4.5 15 320   M    M   2 3      18 320
16  90  73  82   M   0  17 0.67  0.0    0  4.5 14 210   M    M   3 13     16  10
17  91  74  83   M   0  18    T  0.0    0  5.5 20 100   M    M   2 3      25 100
18  94  72  83   M   0  18 2.03  0.0    0  4.4 26 220   M    M   2 1238   38 220
19  95  71  83   M   0  18 0.00  0.0    0  3.3 10  10   M    M   1        18 310
20  96  74  85   M   0  20 0.00  0.0    0  4.1 16 170   M    M   1 3      19 160
21  95  75  85   M   0  20 0.08  0.0    0  4.8 18 200   M    M   2 3      23 180
22  92  74  83   M   0  18 1.17  0.0    0  2.4 18 110   M    M   4 13     25 100
23  91  74  83   M   0  18 0.00  0.0    0  4.7 15 180   M    M   2 1      18 200
24  92  76  84   M   0  19 0.20  0.0    0  5.1 25 120   M    M   1 38     32 130
25  92  75  84   M   0  19 0.18  0.0    0  6.8 25 130   M    M   2 138    34 130
26  86  76  81   M   0  16 0.65  0.0    0  7.3 23 180   M    M   5 138    29 180
27  90  75  83   M   0  18 0.19  0.0    0  5.5 16 200   M    M   1 1      25 170
28  91  74  83   M   0  18 0.00  0.0    0  4.6 16 190   M    M   1        22 190
29  91  75  83   M   0  18    T  0.0    0  4.5 17 360   M    M   2        22  10
================================================================================
SM 2654 2155         0 528  5.76     0.0 144.7          M       59
================================================================================
AV 91.5 74.3                               5.0 FASTST   M    M   2    MAX(MPH)
                                 MISC ---->  # 32 300               # 45  300
================================================================================
NOTES:
# LAST OF SEVERAL OCCURRENCES

COLUMN 17 PEAK WIND IN M.P.H.

PRELIMINARY LOCAL CLIMATOLOGICAL DATA (WS FORM: F-6) , PAGE 2

                                          STATION:  PANAMA CITY NW
                                          MONTH:    JULY
                                          YEAR:     2016
                                          LATITUDE:   30 21 N
                                          LONGITUDE:  85 48 W

[TEMPERATURE DATA]      [PRECIPITATION DATA]       SYMBOLS USED IN COLUMN 16

AVERAGE MONTHLY: 82.9   TOTAL FOR MONTH:   5.76    1 = FOG OR MIST
DPTR FM NORMAL:     M   DPTR FM NORMAL:       M    2 = FOG REDUCING VISIBILITY
HIGHEST:    96 ON 20    GRTST 24HR  2.03 ON 18-18      TO 1/4 MILE OR LESS
LOWEST:     71 ON 19,14                            3 = THUNDER
                        SNOW, ICE PELLETS, HAIL    4 = ICE PELLETS
                        TOTAL MONTH:   0.0 INCH    5 = HAIL
                        GRTST 24HR     0.0         6 = FREEZING RAIN OR DRIZZLE
                        GRTST DEPTH:   0           7 = DUSTSTORM OR SANDSTORM:
                                                       VSBY 1/2 MILE OR LESS
                                                   8 = SMOKE OR HAZE
[NO. OF DAYS WITH]      [WEATHER - DAYS WITH]      9 = BLOWING SNOW
                                                   X = TORNADO
MAX 32 OR BELOW:   0    0.01 INCH OR MORE:  11
MAX 90 OR ABOVE:  26    0.10 INCH OR MORE:   9
MIN 32 OR BELOW:   0    0.50 INCH OR MORE:   4
MIN  0 OR BELOW:   0    1.00 INCH OR MORE:   2

[HDD (BASE 65) ]
TOTAL THIS MO.     0    CLEAR  (SCALE 0-3)  25
DPTR FM NORMAL     M    PTCLDY (SCALE 4-7)   4
TOTAL FM JUL 1     0    CLOUDY (SCALE 8-10)  0
DPTR FM NORMAL     M

[CDD (BASE 65) ]
TOTAL THIS MO.   528
DPTR FM NORMAL     M    [PRESSURE DATA]
TOTAL FM JAN 1  1468    HIGHEST SLP M ON M
DPTR FM NORMAL     M    LOWEST  SLP 29.96 ON 23

[REMARKS]
