000
CXUS52 KTAE 280800
CF6ECP
PRELIMINARY LOCAL CLIMATOLOGICAL DATA (WS FORM: F-6)

                                          STATION:   PANAMA CITY NW
                                          MONTH:     APRIL
                                          YEAR:      2016
                                          LATITUDE:   30 21 N
                                          LONGITUDE:  85 48 W

  TEMPERATURE IN F:       :PCPN:    SNOW:  WIND      :SUNSHINE: SKY     :PK WND
================================================================================
1   2   3   4   5  6A  6B    7    8   9   10  11  12  13   14  15   16   17  18
                                     12Z  AVG MX 2MIN
DY MAX MIN AVG DEP HDD CDD  WTR  SNW DPTH SPD SPD DIR MIN PSBL S-S WX    SPD DR
================================================================================

 1  78  66  72   M   0   7 3.40  0.0    0 10.7 26 290   M    M   9 138    32 300
 2  72  52  62   M   3   0 0.25  0.0    0 11.0 23 330   M    M   1 13     28 340
 3  76  46  61   M   4   0 0.00  0.0    0  6.2 17  20   M    M   0        26 120
 4  80  49  65   M   0   0 0.00  0.0    0  6.3 16 200   M    M   0        21 340
 5  81  50  66   M   0   1 0.00  0.0    0  7.0 20 310   M    M   0        27 320
 6  75  49  62   M   3   0 0.00  0.0    0 10.4 24 150   M    M   3        31 160
 7  78  60  69   M   0   4 0.00  0.0    0  9.2 20 230   M    M   1        26 240
 8  77  53  65   M   0   0 0.00  0.0    0  8.9 20 320   M    M   0        30 280
 9  77  43  60   M   5   0 0.00  0.0    0  5.8 17 230   M    M   0        24 300
10  75  49  62   M   3   0 0.00  0.0    0  6.4 15 150   M    M   0        21  90
11  77  47  62   M   3   0 0.00  0.0    0  9.5 25 140   M    M   1        31 150
12  77  63  70   M   0   5 0.05  0.0    0  5.3 13 250   M    M   8 1      16 250
13  76  60  68   M   0   3 0.57  0.0    0  3.4 10 180   M    M   8 13     13 170
14  67  59  63   M   2   0 0.98  0.0    0  6.4 16  30   M    M  10 1      22  50
15  68  57  63   M   2   0    T  0.0    0 11.6 17  40   M    M  10        31  30
16  75  62  69   M   0   4 0.00  0.0    0 11.5 20  20   M    M   8 1      27  50
17  80  59  70   M   0   5 0.00  0.0    0  7.9 20  50   M    M   2        26  90
18  80  49  65   M   0   0 0.00  0.0    0  6.0 16  90   M    M   0        22 100
19  83  52  68   M   0   3 0.00  0.0    0  3.9 18 190   M    M   0        23 120
20  79  57  68   M   0   3 0.00  0.0    0  4.4 13 200   M    M   0        21 210
21  79  62  71   M   0   6 0.00  0.0    0  8.5 22 160   M    M   3        27 160
22  72  62  67   M   0   2 0.96  0.0    0  3.4 22 260   M    M   7 13     26 260
23  84  59  72   M   0   7 0.00  0.0    0  5.0 17 320   M    M   4 12     25 330
24  83  56  70   M   0   5 0.00  0.0    0  4.3 14 160   M    M   0        21 170
25  82  63  73   M   0   8 0.00  0.0    0  5.8 13 180   M    M   2 1       M  M
26  83  64  74   M   0   9 0.00  0.0    0  5.7 16 190   M    M   6 12     20 180
27  82  68  75   M   0  10 0.00  0.0    0  9.1 22 130   M    M   8 12     32 190
================================================================================
SM 2096 1516        25  82  6.21     0.0 193.6          M       91
================================================================================
AV 77.6 56.1                               7.2 FASTST   M    M   3    MAX(MPH)
                                 MISC ---->  # 26 290               # 32  300
================================================================================
NOTES:
# LAST OF SEVERAL OCCURRENCES

COLUMN 17 PEAK WIND IN M.P.H.

PRELIMINARY LOCAL CLIMATOLOGICAL DATA (WS FORM: F-6) , PAGE 2

                                          STATION:  PANAMA CITY NW
                                          MONTH:    APRIL
                                          YEAR:     2016
                                          LATITUDE:   30 21 N
                                          LONGITUDE:  85 48 W

[TEMPERATURE DATA]      [PRECIPITATION DATA]       SYMBOLS USED IN COLUMN 16

AVERAGE MONTHLY: 66.9   TOTAL FOR MONTH:   6.21    1 = FOG OR MIST
DPTR FM NORMAL:     M   DPTR FM NORMAL:       M    2 = FOG REDUCING VISIBILITY
HIGHEST:    84 ON 23    GRTST 24HR  3.65 ON  1- 2      TO 1/4 MILE OR LESS
LOWEST:     43 ON  9                               3 = THUNDER
                        SNOW, ICE PELLETS, HAIL    4 = ICE PELLETS
                        TOTAL MONTH:   0.0 INCH    5 = HAIL
                        GRTST 24HR     0.0         6 = FREEZING RAIN OR DRIZZLE
                        GRTST DEPTH:   0           7 = DUSTSTORM OR SANDSTORM:
                                                       VSBY 1/2 MILE OR LESS
                                                   8 = SMOKE OR HAZE
[NO. OF DAYS WITH]      [WEATHER - DAYS WITH]      9 = BLOWING SNOW
                                                   X = TORNADO
MAX 32 OR BELOW:   0    0.01 INCH OR MORE:   6
MAX 90 OR ABOVE:   0    0.10 INCH OR MORE:   5
MIN 32 OR BELOW:   0    0.50 INCH OR MORE:   4
MIN  0 OR BELOW:   0    1.00 INCH OR MORE:   1

[HDD (BASE 65) ]
TOTAL THIS MO.    25    CLEAR  (SCALE 0-3)  16
DPTR FM NORMAL     M    PTCLDY (SCALE 4-7)   8
TOTAL FM JUL 1  1075    CLOUDY (SCALE 8-10)  3
DPTR FM NORMAL     M

[CDD (BASE 65) ]
TOTAL THIS MO.    82
DPTR FM NORMAL     M    [PRESSURE DATA]
TOTAL FM JAN 1   154    HIGHEST SLP M ON M
DPTR FM NORMAL     M    LOWEST  SLP 29.77 ON  1

[REMARKS]
