000
CXUS52 KTAE 200800
CF6ECP
PRELIMINARY LOCAL CLIMATOLOGICAL DATA (WS FORM: F-6)

                                          STATION:   PANAMA CITY NW
                                          MONTH:     SEPTEMBER
                                          YEAR:      2017
                                          LATITUDE:   30 21 N
                                          LONGITUDE:  85 48 W

  TEMPERATURE IN F:       :PCPN:    SNOW:  WIND      :SUNSHINE: SKY     :PK WND
================================================================================
1   2   3   4   5  6A  6B    7    8   9   10  11  12  13   14  15   16   17  18
                                     12Z  AVG MX 2MIN
DY MAX MIN AVG DEP HDD CDD  WTR  SNW DPTH SPD SPD DIR MIN PSBL S-S WX    SPD DR
================================================================================

 1  86  70  78   M   0  13 2.55  0.0    0  6.7 22 280   M    M   2 13     30 200
 2  88  72  80   M   0  15 0.09  0.0    0  2.6 21 320   M    M   5 13     25 320
 3  88  73  81   M   0  16 0.00  0.0    0  3.8 13 160   M    M   1 1      16 180
 4  88  72  80   M   0  15 0.00  0.0    0  3.0 15 290   M    M   2 1      31 210
 5  90  73  82   M   0  17 0.00  0.0    0  3.2 15 180   M    M   1        18 180
 6  88  71  80   M   0  15 0.27  0.0    0  5.5 15 330   M    M   5 13     19 340
 7  83  66  75   M   0  10 0.00  0.0    0  7.2 15 350   M    M   2        22  80
 8  86  63  75   M   0  10 0.00  0.0    0  6.5 15  20   M    M   4        19  20
 9  86  68  77   M   0  12 0.00  0.0    0 12.2 23  30   M    M   3        33  20
10  79  64  72   M   0   7 0.01  0.0    0 19.5 33  20   M    M   8        42  20
11  67  61  64   M   1   0 0.65  0.0    0 19.1 30 310   M    M  10 1      45 230
12  82  63  73   M   0   8 0.00  0.0    0  9.6 21 200   M    M   4        26 190
13  85  66  76   M   0  11 0.00  0.0    0  3.4 15 210   M    M   4        19 250
14  88  67  78   M   0  13 0.00  0.0    0  2.5 13 170   M    M   2 1      14 190
15  87  71  79   M   0  14 0.00  0.0    0  3.1 10  20   M    M   4 12     18 330
16  90  72  81   M   0  16    T  0.0    0  3.5 21 340   M    M   4 3      25 340
17  90  71  81   M   0  16 0.01  0.0    0  3.2 13 260   M    M   3 13     22 200
18  92  70  81   M   0  16 0.00  0.0    0  2.1 24  30   M    M   2 1      29  30
19  90  70  80   M   0  15    T  0.0    0  3.9 14 230   M    M   2 1      24 180
================================================================================
SM 1633 1303         1 239  3.58     0.0 120.6          M       68
================================================================================
AV 86.0 68.6                               6.3 FASTST   M    M   4    MAX(MPH)
                                 MISC ---->  # 33  20               # 45  230
================================================================================
NOTES:
# LAST OF SEVERAL OCCURRENCES

COLUMN 17 PEAK WIND IN M.P.H.

PRELIMINARY LOCAL CLIMATOLOGICAL DATA (WS FORM: F-6) , PAGE 2

                                          STATION:  PANAMA CITY NW
                                          MONTH:    SEPTEMBER
                                          YEAR:     2017
                                          LATITUDE:   30 21 N
                                          LONGITUDE:  85 48 W

[TEMPERATURE DATA]      [PRECIPITATION DATA]       SYMBOLS USED IN COLUMN 16

AVERAGE MONTHLY: 77.3   TOTAL FOR MONTH:   3.58    1 = FOG OR MIST
DPTR FM NORMAL:     M   DPTR FM NORMAL:       M    2 = FOG REDUCING VISIBILITY
HIGHEST:    92 ON 18    GRTST 24HR  2.55 ON  1- 1      TO 1/4 MILE OR LESS
LOWEST:     61 ON 11                               3 = THUNDER
                        SNOW, ICE PELLETS, HAIL    4 = ICE PELLETS
                        TOTAL MONTH:   0.0 INCH    5 = HAIL
                        GRTST 24HR     0.0         6 = FREEZING RAIN OR DRIZZLE
                        GRTST DEPTH:   0           7 = DUSTSTORM OR SANDSTORM:
                                                       VSBY 1/2 MILE OR LESS
                                                   8 = SMOKE OR HAZE
[NO. OF DAYS WITH]      [WEATHER - DAYS WITH]      9 = BLOWING SNOW
                                                   X = TORNADO
MAX 32 OR BELOW:   0    0.01 INCH OR MORE:   6
MAX 90 OR ABOVE:   5    0.10 INCH OR MORE:   3
MIN 32 OR BELOW:   0    0.50 INCH OR MORE:   2
MIN  0 OR BELOW:   0    1.00 INCH OR MORE:   1

[HDD (BASE 65) ]
TOTAL THIS MO.     1    CLEAR  (SCALE 0-3)   8
DPTR FM NORMAL     M    PTCLDY (SCALE 4-7)  10
TOTAL FM JUL 1     1    CLOUDY (SCALE 8-10)  1
DPTR FM NORMAL     M

[CDD (BASE 65) ]
TOTAL THIS MO.   239
DPTR FM NORMAL     M    [PRESSURE DATA]
TOTAL FM JAN 1  2300    HIGHEST SLP M ON M
DPTR FM NORMAL     M    LOWEST  SLP 29.41 ON 11

[REMARKS]
