000
CXUS54 KEWX 260910
CF6ECU
PRELIMINARY LOCAL CLIMATOLOGICAL DATA (WS FORM: F-6)

                                          STATION:   Edwards County Airport
                                          MONTH:     FEBRUARY
                                          YEAR:      2017
                                          LATITUDE:   29 57 N
                                          LONGITUDE: 100 10 W

  TEMPERATURE IN F:       :PCPN:    SNOW:  WIND      :SUNSHINE: SKY     :PK WND
================================================================================
1   2   3   4   5  6A  6B    7    8   9   10  11  12  13   14  15   16   17  18
                                     12Z  AVG MX 2MIN
DY MAX MIN AVG DEP HDD CDD  WTR  SNW DPTH SPD SPD DIR MIN PSBL S-S WX    SPD DR
================================================================================

 1  79  48  64   M   1   0 0.00    M    M  4.6 12 280   M    M   0        17  40
 2  59  39  49   M  16   0 0.00    M    M  9.4 14  60   M    M   0        22  60
 3  48  43  46   M  19   0 0.00    M    M  7.5 13 100   M    M  10 18     16  60
 4  54  43  49   M  16   0 0.00    M    M  5.1 12 180   M    M  10 12      M  M
 5  66  54  60   M   5   0 0.00    M    M  8.4 14 190   M    M  10 12     16 200
 6  73  61  67   M   0   2 0.00    M    M  8.0 13 200   M    M   6 1      18 180
 7  79  54  67   M   0   2 0.00    M    M  5.2 18 310   M    M   2 12     24 310
 8  81  54  68   M   0   3 0.00    M    M  7.6 22 330   M    M   0        31 330
 9  73  39  56   M   9   0 0.00    M    M  8.1 13 180   M    M   0        17 160
10  72  52  62   M   3   0 0.00    M    M 12.5 16 200   M    M   4 1      23 190
11  84  61  73   M   0   8 0.00    M    M  7.1 10 190   M    M   3 128    16 190
12  75  61  68   M   0   3 0.00    M    M  9.4 14  80   M    M   5 12     23  70
13  64  43  54   M  11   0 0.07    M    M  9.0 14  80   M    M   9 13     22  20
14  55  41  48   M  17   0 0.50    M    M 15.9 22 350   M    M  10 3      30 350
15  57  36  47   M  18   0 0.00    M    M  8.4 15 340   M    M   1        28 350
16  64  39  52   M  13   0 0.00    M    M  4.1 10 210   M    M   1         M  M
17  72  45  59   M   6   0 0.00    M    M  7.5 15 270   M    M   1        22 270
18  81  54  68   M   0   3 0.00    M    M  3.3  9 210   M    M   0         M  M
19  75  54  65   M   0   0 0.90    M    M 11.7 16 160   M    M   7 138    25 250
20  70  52  61   M   4   0 0.00    M    M  8.5 18 320   M    M   2        22 320
21  79  46  63   M   2   0 0.00    M    M  7.3 17 330   M    M   0        24 310
22  84  55  70   M   0   5 0.00    M    M  3.0 10 320   M    M   0         M  M
23  88  57  73   M   0   8 0.00    M    M  7.3 12 250   M    M   0        17 290
24  73  52  63   M   2   0 0.00    M    M 10.2 20 330   M    M   0        29 350
25  64  39  52   M  13   0 0.00    M    M  8.4 10 170   M    M   1        18 160
================================================================================
SM 1769 1222       155  34  1.47    M    197.5          M       82
================================================================================
AV 70.8 48.9                               7.9 FASTST   M    M   3    MAX(MPH)
                                 MISC ---->    22   M                 31    M
================================================================================
NOTES:
# LAST OF SEVERAL OCCURRENCES

COLUMN 17 PEAK WIND IN M.P.H.

PRELIMINARY LOCAL CLIMATOLOGICAL DATA (WS FORM: F-6) , PAGE 2

                                          STATION:  Edwards County Airport
                                          MONTH:    FEBRUARY
                                          YEAR:     2017
                                          LATITUDE:   29 57 N
                                          LONGITUDE: 100 10 W

[TEMPERATURE DATA]      [PRECIPITATION DATA]       SYMBOLS USED IN COLUMN 16

AVERAGE MONTHLY: 59.8   TOTAL FOR MONTH:   1.47    1 = FOG OR MIST
DPTR FM NORMAL:     M   DPTR FM NORMAL:       M    2 = FOG REDUCING VISIBILITY
HIGHEST:    88 ON 23    GRTST 24HR  0.90 ON 19-19      TO 1/4 MILE OR LESS
LOWEST:     36 ON 15                               3 = THUNDER
                        SNOW, ICE PELLETS, HAIL    4 = ICE PELLETS
                        TOTAL MONTH:    M          5 = HAIL
                        GRTST 24HR    M  ON   M    6 = FREEZING RAIN OR DRIZZLE
                        GRTST DEPTH:  M  ON   M    7 = DUSTSTORM OR SANDSTORM:
                                                       VSBY 1/2 MILE OR LESS
                                                   8 = SMOKE OR HAZE
[NO. OF DAYS WITH]      [WEATHER - DAYS WITH]      9 = BLOWING SNOW
                                                   X = TORNADO
MAX 32 OR BELOW:   0    0.01 INCH OR MORE:   3
MAX 90 OR ABOVE:   0    0.10 INCH OR MORE:   2
MIN 32 OR BELOW:   0    0.50 INCH OR MORE:   2
MIN  0 OR BELOW:   0    1.00 INCH OR MORE:   0

[HDD (BASE 65) ]
TOTAL THIS MO.   155    CLEAR  (SCALE 0-3)  16
DPTR FM NORMAL     M    PTCLDY (SCALE 4-7)   4
TOTAL FM JUL 1  1040    CLOUDY (SCALE 8-10)  5
DPTR FM NORMAL     M

[CDD (BASE 65) ]
TOTAL THIS MO.    34
DPTR FM NORMAL     M    [PRESSURE DATA]
TOTAL FM JAN 1    43    HIGHEST SLP M ON M
DPTR FM NORMAL     M    LOWEST  SLP M ON M

[REMARKS]
