000
CXUS55 KGJT 171000
CF6EEO
PRELIMINARY LOCAL CLIMATOLOGICAL DATA (WS FORM: F-6)

                                          STATION:   MEEKER CO
                                          MONTH:     JANUARY
                                          YEAR:      2017
                                          LATITUDE:   40  2 N
                                          LONGITUDE: 107 53 W

  TEMPERATURE IN F:       :PCPN:    SNOW:  WIND      :SUNSHINE: SKY     :PK WND
================================================================================
1   2   3   4   5  6A  6B    7    8   9   10  11  12  13   14  15   16   17  18
                                     12Z  AVG MX 2MIN
DY MAX MIN AVG DEP HDD CDD  WTR  SNW DPTH SPD SPD DIR MIN PSBL S-S WX    SPD DR
================================================================================

 1  38   6  22   2  43   0 0.00    M    M  6.5 20 220   M    M   3        25 220
 2  38  26  32  12  33   0 0.00    M    M 13.0 24 220   M    M   5        35 230
 3  33  17  25   5  40   0 0.05    M    M  2.7 14 260   M    M   9 12     19 250
 4  39  26  33  13  32   0 0.04    M    M 13.6 29 240   M    M   9 1      36 240
 5  29 -16   7 -13  58   0 0.29    M    M  5.2 16  30   M    M   9 1      23 290
 6   5 -29 -12 -32  77   0    T    M    M  1.6  7  70   M    M   1         8  70
 7  19 -22  -1 -21  66   0 0.00    M    M  0.6  7  20   M    M   6         9  30
 8  42  19  31  11  34   0    T    M    M  7.6 22 230   M    M  10        28 250
 9  44  30  37  17  28   0 0.17    M    M 15.7 39 190   M    M   9 1      52 190
10  41  16  29   9  36   0    T    M    M 13.7 32 220   M    M   7 1      42 210
11  40  25  33  13  32   0 0.14    M    M 10.7 30 220   M    M   7 1238   40 220
12  37  28  33  13  32   0 0.08    M    M  5.0 15 280   M    M  10 1      19 280
13  37  30  34  14  31   0 0.08    M    M  1.2  6  50   M    M  10 1       7 260
14  36  28  32  12  33   0    T    M    M  4.6 13 220   M    M  10 12     14 220
15  31  23  27   7  38   0 0.00    M    M  4.8 13  30   M    M   9        14  30
16  27  12  20   0  45   0 0.00    M    M  1.9  7 220   M    M   4         8 180
================================================================================
SM  536  219       658   0  0.85    M    108.4          M      118
================================================================================
AV 33.5 13.7                               6.8 FASTST   M    M   7    MAX(MPH)
                                 MISC ---->  # 39 190               # 52  190
================================================================================
NOTES:
# LAST OF SEVERAL OCCURRENCES

COLUMN 17 PEAK WIND IN M.P.H.

PRELIMINARY LOCAL CLIMATOLOGICAL DATA (WS FORM: F-6) , PAGE 2

                                          STATION:  MEEKER CO
                                          MONTH:    JANUARY
                                          YEAR:     2017
                                          LATITUDE:   40  2 N
                                          LONGITUDE: 107 53 W

[TEMPERATURE DATA]      [PRECIPITATION DATA]       SYMBOLS USED IN COLUMN 16

AVERAGE MONTHLY: 23.6   TOTAL FOR MONTH:   0.85    1 = FOG OR MIST
DPTR FM NORMAL:   3.6   DPTR FM NORMAL:    0.33    2 = FOG REDUCING VISIBILITY
HIGHEST:    44 ON  9    GRTST 24HR  0.33 ON  4- 5      TO 1/4 MILE OR LESS
LOWEST:    -29 ON  6                               3 = THUNDER
                        SNOW, ICE PELLETS, HAIL    4 = ICE PELLETS
                        TOTAL MONTH:    M          5 = HAIL
                        GRTST 24HR    M  ON   M    6 = FREEZING RAIN OR DRIZZLE
                        GRTST DEPTH:  M  ON   M    7 = DUSTSTORM OR SANDSTORM:
                                                       VSBY 1/2 MILE OR LESS
                                                   8 = SMOKE OR HAZE
[NO. OF DAYS WITH]      [WEATHER - DAYS WITH]      9 = BLOWING SNOW
                                                   X = TORNADO
MAX 32 OR BELOW:   5    0.01 INCH OR MORE:   7
MAX 90 OR ABOVE:   0    0.10 INCH OR MORE:   3
MIN 32 OR BELOW:  16    0.50 INCH OR MORE:   0
MIN  0 OR BELOW:   3    1.00 INCH OR MORE:   0

[HDD (BASE 65) ]
TOTAL THIS MO.   658    CLEAR  (SCALE 0-3)   2
DPTR FM NORMAL   -65    PTCLDY (SCALE 4-7)   5
TOTAL FM JUL 1  3506    CLOUDY (SCALE 8-10)  9
DPTR FM NORMAL  -506

[CDD (BASE 65) ]
TOTAL THIS MO.     0
DPTR FM NORMAL     0    [PRESSURE DATA]
TOTAL FM JAN 1     0    HIGHEST SLP M ON M
DPTR FM NORMAL     0    LOWEST  SLP 29.40 ON  5

[REMARKS]
