000
CXUS51 KRLX 221235
CF6EKN
PRELIMINARY LOCAL CLIMATOLOGICAL DATA (WS FORM: F-6)

                                          STATION:   ELKINS WV
                                          MONTH:     FEBRUARY
                                          YEAR:      2017
                                          LATITUDE:   38 52 N
                                          LONGITUDE:  79 51 W

  TEMPERATURE IN F:       :PCPN:    SNOW:  WIND      :SUNSHINE: SKY     :PK WND
================================================================================
1   2   3   4   5  6A  6B    7    8   9   10  11  12  13   14  15   16   17  18
                                     12Z  AVG MX 2MIN
DY MAX MIN AVG DEP HDD CDD  WTR  SNW DPTH SPD SPD DIR MIN PSBL S-S WX    SPD DR
================================================================================

 1  38  33  36   6  29   0 0.24  0.5    1  3.8 14 250   M    M  10 1      20 240
 2  37  23  30   0  35   0 0.00  0.0    0  7.5 17 280   M    M   6        27 250
 3  30  20  25  -5  40   0    T  0.0    0  6.6 17 310   M    M   5        25 310
 4  35  10  23  -7  42   0 0.00  0.0    0  3.5 13 320   M    M   1        20 320
 5  44  19  32   2  33   0    T  0.0    0  6.6 18 250   M    M   8        30 240
 6  61  24  43  12  22   0 0.00  0.0    0  3.2 13 300   M    M   2 18     17 220
 7  72  51  62  31   3   0 0.03  0.0    0 13.1 29 220   M    M   8        39 230
 8  57  39  48  17  17   0 0.17  0.0    0  7.2 20 240   M    M   8 1      28 210
 9  39  15  27  -4  38   0 0.15  7.9    1 13.5 29 280   M    M  10 1      39 280
10  51   9  30  -1  35   0 0.00  0.0    2  5.0 15 200   M    M   5        24 210
11  61  50  56  25   9   0 0.00  0.0    0  9.9 25 250   M    M   5 8      41 260
12  64  36  50  18  15   0 0.77  0.0    0 10.8 33 300   M    M   9 1      47 310
13  41  22  32   0  33   0 0.00  0.0    0  9.9 26 310   M    M   4        41 310
14  44  21  33   1  32   0 0.02    T    0  3.5 16 250   M    M   6 18     21 250
15  40  24  32   0  33   0 0.01    T    0 12.3 25 310   M    M   8        35 300
16  32  14  23  -9  42   0 0.05  1.5    2  7.9 21 290   M    M   6        26 280
17  60  17  39   7  26   0 0.00  0.0    0  2.6 15 250   M    M   3        19 250
18  64  28  46  13  19   0 0.02  0.0    0  2.8 14 290   M    M   2        20 240
19  50  40  45  12  20   0 0.06  0.0    0  3.3 10 250   M    M  10 1      14 300
20  67  31  49  16  16   0 0.00  0.0    0  1.2  9 360   M    M   3 128    12 360
21  68  34  51  18  14   0 0.00  0.0    0  5.5 12 160   M    M   0        16 170
================================================================================
SM 1055  560       553   0  1.52     9.9 139.7          M      119
================================================================================
AV 50.2 26.7                               6.7 FASTST   M    M   6    MAX(MPH)
                                 MISC ---->  # 33 300               # 47  310
================================================================================
NOTES:
# LAST OF SEVERAL OCCURRENCES

COLUMN 17 PEAK WIND IN M.P.H.

PRELIMINARY LOCAL CLIMATOLOGICAL DATA (WS FORM: F-6) , PAGE 2

                                          STATION:  ELKINS WV
                                          MONTH:    FEBRUARY
                                          YEAR:     2017
                                          LATITUDE:   38 52 N
                                          LONGITUDE:  79 51 W

[TEMPERATURE DATA]      [PRECIPITATION DATA]       SYMBOLS USED IN COLUMN 16

AVERAGE MONTHLY: 38.5   TOTAL FOR MONTH:   1.52    1 = FOG OR MIST
DPTR FM NORMAL:   7.0   DPTR FM NORMAL:   -0.77    2 = FOG REDUCING VISIBILITY
HIGHEST:    72 ON  7    GRTST 24HR  0.77 ON 12-12      TO 1/4 MILE OR LESS
LOWEST:      9 ON 10                               3 = THUNDER
                        SNOW, ICE PELLETS, HAIL    4 = ICE PELLETS
                        TOTAL MONTH:   9.9 INCHES  5 = HAIL
                        GRTST 24HR   7.9 ON   M    6 = FREEZING RAIN OR DRIZZLE
                        GRTST DEPTH:   2 ON 16,10  7 = DUSTSTORM OR SANDSTORM:
                                                       VSBY 1/2 MILE OR LESS
                                                   8 = SMOKE OR HAZE
[NO. OF DAYS WITH]      [WEATHER - DAYS WITH]      9 = BLOWING SNOW
                                                   X = TORNADO
MAX 32 OR BELOW:   2    0.01 INCH OR MORE:  10
MAX 90 OR ABOVE:   0    0.10 INCH OR MORE:   4
MIN 32 OR BELOW:  14    0.50 INCH OR MORE:   1
MIN  0 OR BELOW:   0    1.00 INCH OR MORE:   0

[HDD (BASE 65) ]
TOTAL THIS MO.   553    CLEAR  (SCALE 0-3)   5
DPTR FM NORMAL  -152    PTCLDY (SCALE 4-7)  11
TOTAL FM JUL 1  3278    CLOUDY (SCALE 8-10)  5
DPTR FM NORMAL  -828

[CDD (BASE 65) ]
TOTAL THIS MO.     0
DPTR FM NORMAL     0    [PRESSURE DATA]
TOTAL FM JAN 1     0    HIGHEST SLP M ON M
DPTR FM NORMAL     0    LOWEST  SLP 29.53 ON  7

[REMARKS]
