000
CXUS51 KRLX 211153
CF6EKN
PRELIMINARY LOCAL CLIMATOLOGICAL DATA (WS FORM: F-6)

                                          STATION:   ELKINS WV
                                          MONTH:     OCTOBER
                                          YEAR:      2014
                                          LATITUDE:   38 52 N
                                          LONGITUDE:  79 51 W

  TEMPERATURE IN F:       :PCPN:    SNOW:  WIND      :SUNSHINE: SKY     :PK WND
================================================================================
1   2   3   4   5  6A  6B    7    8   9   10  11  12  13   14  15   16   17  18
                                     12Z  AVG MX 2MIN
DY MAX MIN AVG DEP HDD CDD  WTR  SNW DPTH SPD SPD DIR MIN PSBL S-S WX    SPD DR
================================================================================

 1  75  47  61   5   4   0 0.00  0.0    0  2.7 15 330   M    M   5 12     19 320
 2  77  49  63   7   2   0 0.00  0.0    0  1.1 12 340   M    M   5 12     16 330
 3  77  45  61   5   4   0 0.02  0.0    0  5.8 22 160   M    M   6 12     31 180
 4  61  42  52  -3  13   0 0.04  0.0    0  8.4 22 240   M    M   9 1      33 250
 5  55  34  45 -10  20   0 0.00  0.0    0  5.9 17 250   M    M   6        24 250
 6  71  39  55   1  10   0 0.77  0.0    0  5.2 26 270   M    M   7 1      35 300
 7  67  47  57   3   8   0 0.60    M    0  7.1 20 180   M    M   6 1      28 190
 8  65  43  54   0  11   0 0.00  0.0    0  7.0 21 250   M    M   4        31 280
 9  64  36  50  -3  15   0 0.03  0.0    0  1.9 17 280   M    M   5 1      22 280
10  60  51  56   3   9   0 0.51  0.0    0  1.2  8 330   M    M  10 1      11 330
11  55  48  52  -1  13   0 0.63  0.0    0  2.9 10 330   M    M  10 1      14 330
12  60  43  52   0  13   0 0.01    M    0  3.6 13 160   M    M   9 12     16 140
13  77  54  66  14   0   1 0.11  0.0    0  8.5 20 160   M    M   5 1      32 140
14  75  57  66  14   0   1 0.07  0.0    0 14.5 25 150   M    M   2 1      42 160
15  67  50  59   8   6   0 1.68  0.0    0  1.2 15 340   M    M   7 1      24 350
16  60  52  56   5   9   0 0.32  0.0    0  3.2 12 280   M    M  10 1      15 260
17  73  51  62  11   3   0    T  0.0    0  9.3 18 240   M    M   5 18     26 250
18  62  42  52   2  13   0 0.05    M    0 10.5 22 290   M    M  10 1      32 280
19  53  32  43  -7  22   0 0.16    M    0  5.7 14 280   M    M   6 1      19 310
20  56  30  43  -7  22   0 0.03  0.0    0  1.2 10 190   M    M   6 12     16 200
================================================================================
SM 1310  892       197   2  5.03     0.0 106.9          M      133
================================================================================
AV 65.5 44.6                               5.3 FASTST   M    M   7    MAX(MPH)
                                 MISC ---->  # 26 270               # 42  160
================================================================================
NOTES:
# LAST OF SEVERAL OCCURRENCES

COLUMN 17 PEAK WIND IN M.P.H.

PRELIMINARY LOCAL CLIMATOLOGICAL DATA (WS FORM: F-6) , PAGE 2

                                          STATION:  ELKINS WV
                                          MONTH:    OCTOBER
                                          YEAR:     2014
                                          LATITUDE:   38 52 N
                                          LONGITUDE:  79 51 W

[TEMPERATURE DATA]      [PRECIPITATION DATA]       SYMBOLS USED IN COLUMN 16

AVERAGE MONTHLY: 55.0   TOTAL FOR MONTH:   5.03    1 = FOG OR MIST
DPTR FM NORMAL:   2.1   DPTR FM NORMAL:    3.23    2 = FOG REDUCING VISIBILITY
HIGHEST:    77 ON 13, 3 GRTST 24HR  1.68 ON 15-15      TO 1/4 MILE OR LESS
LOWEST:     30 ON 20                               3 = THUNDER
                        SNOW, ICE PELLETS, HAIL    4 = ICE PELLETS
                        TOTAL MONTH:   0.0 INCH    5 = HAIL
                        GRTST 24HR     0.0         6 = FREEZING RAIN OR DRIZZLE
                        GRTST DEPTH:   0           7 = DUSTSTORM OR SANDSTORM:
                                                       VSBY 1/2 MILE OR LESS
                                                   8 = SMOKE OR HAZE
[NO. OF DAYS WITH]      [WEATHER - DAYS WITH]      9 = BLOWING SNOW
                                                   X = TORNADO
MAX 32 OR BELOW:   0    0.01 INCH OR MORE:  15
MAX 90 OR ABOVE:   0    0.10 INCH OR MORE:   8
MIN 32 OR BELOW:   2    0.50 INCH OR MORE:   5
MIN  0 OR BELOW:   0    1.00 INCH OR MORE:   1

[HDD (BASE 65) ]
TOTAL THIS MO.   197    CLEAR  (SCALE 0-3)   1
DPTR FM NORMAL   -47    PTCLDY (SCALE 4-7)  13
TOTAL FM JUL 1   344    CLOUDY (SCALE 8-10)  6
DPTR FM NORMAL   -60

[CDD (BASE 65) ]
TOTAL THIS MO.     2
DPTR FM NORMAL     2    [PRESSURE DATA]
TOTAL FM JAN 1   505    HIGHEST SLP M ON M
DPTR FM NORMAL    34    LOWEST  SLP 29.63 ON 14

[REMARKS]
