000
CXUS56 KLKN 301009
CF6ELY
PRELIMINARY LOCAL CLIMATOLOGICAL DATA (WS FORM: F-6)

                                          STATION:   ELY AIRPORT NV
                                          MONTH:     APRIL
                                          YEAR:      2017
                                          LATITUDE:   39 16 N
                                          LONGITUDE: 114 51 W

  TEMPERATURE IN F:       :PCPN:    SNOW:  WIND      :SUNSHINE: SKY     :PK WND
================================================================================
1   2   3   4   5  6A  6B    7    8   9   10  11  12  13   14  15   16   17  18
                                     12Z  AVG MX 2MIN
DY MAX MIN AVG DEP HDD CDD  WTR  SNW DPTH SPD SPD DIR MIN PSBL S-S WX    SPD DR
================================================================================

 1  57  32  45   6  20   0 0.00  0.0    4 10.9 22 350   M    M   0        26 350
 2  54  27  41   2  24   0    T  0.0    T  9.5 21 360   M    M   3 8      26 350
 3  45  22  34  -6  31   0 0.09  0.6    0  8.4 21 330   M    M   3 18     25 330
 4  49  21  35  -5  30   0 0.00  0.0    T  7.0 15  30   M    M   0        19  30
 5  62  24  43   3  22   0 0.00  0.0    0  7.4 18 200   M    M   1        23 210
 6  64  42  53  13  12   0 0.00  0.0    0 19.8 39 140   M    M   1        49 140
 7  63  49  56  16   9   0    T  0.0    0 25.1 43 180   M    M   4        52 200
 8  53  23  38  -3  27   0 0.44  0.8    T 13.3 32 310   M    M   4 1      45 200
 9  47  16  32  -9  33   0    T    T    1  4.8 12 170   M    M   1        13 170
10  56  22  39  -2  26   0 0.00  0.0    T  8.6 17 210   M    M   0        23 230
11  55  24  40  -1  25   0 0.00  0.0    0 11.0 25 190   M    M   4        36 190
12  67  28  48   7  17   0 0.00  0.0    0 18.0 32 210   M    M   0        43 150
13  65  33  49   7  16   0    T    T    0 22.7 43 190   M    M   3 1      62 180
14  53  23  38  -4  27   0 0.00  0.0    T  8.1 16  10   M    M   2        21 290
15  60  18  39  -3  26   0 0.00  0.0    0  5.0 16 220   M    M   0        21 220
16  67  26  47   5  18   0 0.00  0.0    0 11.1 24 200   M    M   1        30 200
17  65  43  54  11  11   0 0.00  0.0    0 10.2 22 190   M    M   7        30 200
18  62  30  46   3  19   0 0.35    T    0 11.6 28 300   M    M   7 13     35 130
19  58  24  41  -2  24   0 0.00  0.0    0  6.9 15 230   M    M   1        20 230
20  56  30  43   0  22   0 0.01    T    0 11.4 23 320   M    M   5        35 290
21  56  20  38  -6  27   0 0.00  0.0    0  7.6 16  40   M    M   0        23 220
22  65  22  44   0  21   0 0.00  0.0    0  7.8 20 150   M    M   0        26 150
23  64  33  49   5  16   0    T  0.0    0 10.4 26 290   M    M   2        37 270
24  57  32  45   1  20   0    T  0.0    0 12.6 29 300   M    M   6        37 300
25  51  31  41  -4  24   0 0.02    T    0  7.8 24 320   M    M   5 18     33 320
26  57  29  43  -2  22   0 0.10  0.0    0  9.1 33 270   M    M   9 1      41 270
27  51  26  39  -6  26   0 0.02  0.0    0 12.5 28 320   M    M   4        35 330
28  44  23  34 -12  31   0    T    T    0 11.8 26 360   M    M   5 8      36 350
29  55  25  40  -6  25   0 0.00  0.0    0 11.2 24 340   M    M   1        30 350
================================================================================
SM 1658  798       651   0  1.03     1.4 321.6          M       79
================================================================================
AV 57.2 27.5                              11.1 FASTST   M    M   3    MAX(MPH)
                                 MISC ---->  # 43 180               # 62  180
================================================================================
NOTES:
# LAST OF SEVERAL OCCURRENCES

COLUMN 17 PEAK WIND IN M.P.H.

PRELIMINARY LOCAL CLIMATOLOGICAL DATA (WS FORM: F-6) , PAGE 2

                                          STATION:  ELY AIRPORT NV
                                          MONTH:    APRIL
                                          YEAR:     2017
                                          LATITUDE:   39 16 N
                                          LONGITUDE: 114 51 W

[TEMPERATURE DATA]      [PRECIPITATION DATA]       SYMBOLS USED IN COLUMN 16

AVERAGE MONTHLY: 42.3   TOTAL FOR MONTH:   1.03    1 = FOG OR MIST
DPTR FM NORMAL:   0.1   DPTR FM NORMAL:    0.12    2 = FOG REDUCING VISIBILITY
HIGHEST:    67 ON 16,12 GRTST 24HR  0.44 ON  8- 8      TO 1/4 MILE OR LESS
LOWEST:     16 ON  9                               3 = THUNDER
                        SNOW, ICE PELLETS, HAIL    4 = ICE PELLETS
                        TOTAL MONTH:   1.4 INCHES  5 = HAIL
                        GRTST 24HR   0.8 ON  8- 8  6 = FREEZING RAIN OR DRIZZLE
                        GRTST DEPTH:   4 ON  1     7 = DUSTSTORM OR SANDSTORM:
                                                       VSBY 1/2 MILE OR LESS
                                                   8 = SMOKE OR HAZE
[NO. OF DAYS WITH]      [WEATHER - DAYS WITH]      9 = BLOWING SNOW
                                                   X = TORNADO
MAX 32 OR BELOW:   0    0.01 INCH OR MORE:   7
MAX 90 OR ABOVE:   0    0.10 INCH OR MORE:   3
MIN 32 OR BELOW:  24    0.50 INCH OR MORE:   0
MIN  0 OR BELOW:   0    1.00 INCH OR MORE:   0

[HDD (BASE 65) ]
TOTAL THIS MO.   651    CLEAR  (SCALE 0-3)  17
DPTR FM NORMAL    -7    PTCLDY (SCALE 4-7)  11
TOTAL FM JUL 1  6352    CLOUDY (SCALE 8-10)  1
DPTR FM NORMAL  -533

[CDD (BASE 65) ]
TOTAL THIS MO.     0
DPTR FM NORMAL     0    [PRESSURE DATA]
TOTAL FM JAN 1     0    HIGHEST SLP M ON M
DPTR FM NORMAL     0    LOWEST  SLP 29.59 ON 13

[REMARKS]
