000
CXUS56 KLKN 231009
CF6ELY
PRELIMINARY LOCAL CLIMATOLOGICAL DATA (WS FORM: F-6)

                                          STATION:   ELY AIRPORT NV
                                          MONTH:     JANUARY
                                          YEAR:      2017
                                          LATITUDE:   39 16 N
                                          LONGITUDE: 114 51 W

  TEMPERATURE IN F:       :PCPN:    SNOW:  WIND      :SUNSHINE: SKY     :PK WND
================================================================================
1   2   3   4   5  6A  6B    7    8   9   10  11  12  13   14  15   16   17  18
                                     12Z  AVG MX 2MIN
DY MAX MIN AVG DEP HDD CDD  WTR  SNW DPTH SPD SPD DIR MIN PSBL S-S WX    SPD DR
================================================================================

 1  41   8  25   0  40   0 0.00  0.0    4 13.1 23 210   M    M   0        32 190
 2  35   8  22  -3  43   0 0.00  0.0    4  9.6 23 200   M    M   1        29 190
 3  36   7  22  -3  43   0 0.00  0.0    4 11.4 28 160   M    M   4        36 160
 4  40  32  36  11  29   0 0.01    T    3 14.0 29 150   M    M   9 1      39 140
 5  36 -20   8 -17  57   0 0.36  2.1    3 14.3 28  10   M    M   9 12     36 360
 6  16 -23  -3 -28  68   0 0.00  0.0    6  8.3 17 170   M    M   0        21 170
 7  32  -3  15 -10  50   0    T  0.1    6 11.8 26 190   M    M   6        32 190
 8  45  28  37  12  28   0 0.03  0.3    6 14.9 30 160   M    M   M        39 160
 9  43  33  38  13  27   0 0.10  0.3    6 16.0 39 140   M    M   M        52 230
10  40  30  35  10  30   0    T    T    3 15.4 29 150   M    M   M        38 150
11  41  25  33   8  32   0    T    T    2 15.2 30 220   M    M   M        42 210
12  31  25  28   3  37   0 0.22  4.8    2 10.1 18  20   M    M  10 1      23  10
13  31  23  27   2  38   0 0.05  2.5   10  5.6 17  10   M    M  10 1      34 210
14  29  25  27   2  38   0 0.00  0.0    8  6.1 12  10   M    M  10        14  20
15  28  22  25   0  40   0 0.00  0.0    7  7.3 14  20   M    M  10        17 360
16  24  -2  11 -14  54   0    T  0.0    7  8.8 17  20   M    M   6 1      21  10
17  35  -4  16  -9  49   0 0.00  0.0    7  8.8 26 160   M    M   2 1      32 160
18  42   6  24  -1  41   0 0.09    T    7 11.9 22 190   M    M   4 1      28 180
19  32  11  22  -3  43   0 0.41  8.0    8  7.6 23 170   M    M   9 12     27 160
20  31   7  19  -6  46   0 0.02  0.8   13 14.2 28 140   M    M   9 1      33 150
21  35  10  23  -3  42   0    T  0.3   12  7.9 20 210   M    M   5 1      23 190
22  32  21  27   1  38   0 0.03  0.4   11 23.4 41 150   M    M   9 1      50 150
================================================================================
SM  755  269       913   0  1.32    19.6 255.7          M      113
================================================================================
AV 34.3 12.2                              11.6 FASTST   M    M   6    MAX(MPH)
                                 MISC ---->  # 41 150               # 52  230
================================================================================
NOTES:
# LAST OF SEVERAL OCCURRENCES

COLUMN 17 PEAK WIND IN M.P.H.

PRELIMINARY LOCAL CLIMATOLOGICAL DATA (WS FORM: F-6) , PAGE 2

                                          STATION:  ELY AIRPORT NV
                                          MONTH:    JANUARY
                                          YEAR:     2017
                                          LATITUDE:   39 16 N
                                          LONGITUDE: 114 51 W

[TEMPERATURE DATA]      [PRECIPITATION DATA]       SYMBOLS USED IN COLUMN 16

AVERAGE MONTHLY: 23.3   TOTAL FOR MONTH:   1.32    1 = FOG OR MIST
DPTR FM NORMAL:  -1.8   DPTR FM NORMAL:    0.82    2 = FOG REDUCING VISIBILITY
HIGHEST:    45 ON  8    GRTST 24HR  0.50 ON 18-19      TO 1/4 MILE OR LESS
LOWEST:    -23 ON  6                               3 = THUNDER
                        SNOW, ICE PELLETS, HAIL    4 = ICE PELLETS
                        TOTAL MONTH:  19.6 INCHES  5 = HAIL
                        GRTST 24HR   8.0 ON 19-19  6 = FREEZING RAIN OR DRIZZLE
                        GRTST DEPTH:  13 ON 20     7 = DUSTSTORM OR SANDSTORM:
                                                       VSBY 1/2 MILE OR LESS
                                                   8 = SMOKE OR HAZE
[NO. OF DAYS WITH]      [WEATHER - DAYS WITH]      9 = BLOWING SNOW
                                                   X = TORNADO
MAX 32 OR BELOW:  10    0.01 INCH OR MORE:  10
MAX 90 OR ABOVE:   0    0.10 INCH OR MORE:   4
MIN 32 OR BELOW:  21    0.50 INCH OR MORE:   0
MIN  0 OR BELOW:   5    1.00 INCH OR MORE:   0

[HDD (BASE 65) ]
TOTAL THIS MO.   913    CLEAR  (SCALE 0-3)   4
DPTR FM NORMAL    34    PTCLDY (SCALE 4-7)   5
TOTAL FM JUL 1  3693    CLOUDY (SCALE 8-10)  9
DPTR FM NORMAL  -286

[CDD (BASE 65) ]
TOTAL THIS MO.     0
DPTR FM NORMAL     0    [PRESSURE DATA]
TOTAL FM JAN 1     0    HIGHEST SLP M ON M
DPTR FM NORMAL     0    LOWEST  SLP 29.27 ON 20

[REMARKS]
