000
CXUS56 KLKN 291009
CF6ELY
PRELIMINARY LOCAL CLIMATOLOGICAL DATA (WS FORM: F-6)

                                          STATION:   ELY AIRPORT NV
                                          MONTH:     JUNE
                                          YEAR:      2015
                                          LATITUDE:   39 16 N
                                          LONGITUDE: 114 51 W

  TEMPERATURE IN F:       :PCPN:    SNOW:  WIND      :SUNSHINE: SKY     :PK WND
================================================================================
1   2   3   4   5  6A  6B    7    8   9   10  11  12  13   14  15   16   17  18
                                     12Z  AVG MX 2MIN
DY MAX MIN AVG DEP HDD CDD  WTR  SNW DPTH SPD SPD DIR MIN PSBL S-S WX    SPD DR
================================================================================

 1  82  50  66  11   0   1 0.00  0.0    0 15.4 35 210   M    M   0        42 200
 2  79  41  60   5   5   0 0.00  0.0    0  7.0 17 260   M    M   0        22 250
 3  79  37  58   2   7   0 0.00  0.0    0  8.8 21  30   M    M   2        31 210
 4  75  41  58   2   7   0 0.00  0.0    0 10.8 28 160   M    M   0        33 160
 5  74  44  59   3   6   0 0.00  0.0    0  8.1 24 170   M    M   1        30 150
 6  60  43  52  -5  13   0 0.23  0.0    0  6.0 20 160   M    M   8 13     24 170
 7  75  37  56  -1   9   0 0.00  0.0    0  6.2 16 330   M    M   2        20 340
 8  77  40  59   2   6   0    T  0.0    0  8.9 29 160   M    M   1        37 160
 9  85  42  64   6   1   0 0.00  0.0    0 10.2 25 140   M    M   0        33 130
10  78  55  67   9   0   2 0.16  0.0    0  9.1 26 280   M    M   8 3      32 290
11  78  51  65   7   0   0 0.06  0.0    0  8.5 24  50   M    M   5 3      31  40
12  83  44  64   5   1   0 0.00  0.0    0  8.1 15  30   M    M   0        21  10
13  87  44  66   7   0   1 0.00  0.0    0  7.7 20 210   M    M   1        26 220
14  83  48  66   7   0   1    T  0.0    0  9.1 22 270   M    M   2 3      28 270
15  90  53  72  12   0   7 0.00  0.0    0 15.6 33 170   M    M   1        45 230
16  89  43  66   6   0   1 0.00  0.0    0  8.8 23 210   M    M   0        28 230
17  90  45  68   8   0   3 0.00  0.0    0  8.5 22 200   M    M   0        27 220
18  93  45  69   8   0   4 0.00  0.0    0  9.7 18 200   M    M   0        24 170
19  94  47  71  10   0   6 0.00  0.0    0  8.9 24 210   M    M   0        32 210
20  94  43  69   7   0   4 0.00  0.0    0  9.3 25 190   M    M   0        35 190
21  94  50  72  10   0   7 0.00  0.0    0 13.1 30 220   M    M   0        40 220
22  91  46  69   7   0   4 0.00  0.0    0  9.7 20 240   M    M   0        29 190
23  92  41  67   4   0   2 0.00  0.0    0  8.7 17 190   M    M   0        21 190
24  93  48  71   8   0   6 0.00  0.0    0  8.8 17 210   M    M   0        25 190
25  95  49  72   9   0   7 0.00  0.0    0  7.6 18 240   M    M   0        31 170
26  95  49  72   8   0   7 0.00  0.0    0  8.2 18 180   M    M   0        23 190
27  95  51  73   9   0   8 0.00  0.0    0  7.5 24 100   M    M   0        36  60
28  97  57  77  13   0  12 0.00  0.0    0  7.5 33 190   M    M   0 8      50 190
================================================================================
SM 2397 1284        55  83  0.45     0.0 255.8          M       31
================================================================================
AV 85.6 45.9                               9.1 FASTST   M    M   1    MAX(MPH)
                                 MISC ---->  # 35 210               # 50  190
================================================================================
NOTES:
# LAST OF SEVERAL OCCURRENCES

COLUMN 17 PEAK WIND IN M.P.H.

PRELIMINARY LOCAL CLIMATOLOGICAL DATA (WS FORM: F-6) , PAGE 2

                                          STATION:  ELY AIRPORT NV
                                          MONTH:    JUNE
                                          YEAR:     2015
                                          LATITUDE:   39 16 N
                                          LONGITUDE: 114 51 W

[TEMPERATURE DATA]      [PRECIPITATION DATA]       SYMBOLS USED IN COLUMN 16

AVERAGE MONTHLY: 65.7   TOTAL FOR MONTH:   0.45    1 = FOG OR MIST
DPTR FM NORMAL:   6.1   DPTR FM NORMAL:   -0.20    2 = FOG REDUCING VISIBILITY
HIGHEST:    97 ON 28    GRTST 24HR  0.23 ON  6- 6      TO 1/4 MILE OR LESS
LOWEST:     37 ON  7, 3                            3 = THUNDER
                        SNOW, ICE PELLETS, HAIL    4 = ICE PELLETS
                        TOTAL MONTH:   0.0 INCH    5 = HAIL
                        GRTST 24HR     0.0         6 = FREEZING RAIN OR DRIZZLE
                        GRTST DEPTH:   0           7 = DUSTSTORM OR SANDSTORM:
                                                       VSBY 1/2 MILE OR LESS
                                                   8 = SMOKE OR HAZE
[NO. OF DAYS WITH]      [WEATHER - DAYS WITH]      9 = BLOWING SNOW
                                                   X = TORNADO
MAX 32 OR BELOW:   0    0.01 INCH OR MORE:   3
MAX 90 OR ABOVE:  13    0.10 INCH OR MORE:   2
MIN 32 OR BELOW:   0    0.50 INCH OR MORE:   0
MIN  0 OR BELOW:   0    1.00 INCH OR MORE:   0

[HDD (BASE 65) ]
TOTAL THIS MO.    55    CLEAR  (SCALE 0-3)  25
DPTR FM NORMAL  -116    PTCLDY (SCALE 4-7)   3
TOTAL FM JUL 1  6093    CLOUDY (SCALE 8-10)  0
DPTR FM NORMAL -1425

[CDD (BASE 65) ]
TOTAL THIS MO.    83
DPTR FM NORMAL    65    [PRESSURE DATA]
TOTAL FM JAN 1    86    HIGHEST SLP M ON M
DPTR FM NORMAL    67    LOWEST  SLP 29.68 ON M

[REMARKS]
