000
CXUS53 KTOP 010800
CF6EMP
PRELIMINARY LOCAL CLIMATOLOGICAL DATA (WS FORM: F-6)

                                          STATION:   Emporia KS
                                          MONTH:     AUGUST
                                          YEAR:      2015
                                          LATITUDE:   38 19 N
                                          LONGITUDE:  96 12 W

  TEMPERATURE IN F:       :PCPN:    SNOW:  WIND      :SUNSHINE: SKY     :PK WND
================================================================================
1   2   3   4   5  6A  6B    7    8   9   10  11  12  13   14  15   16   17  18
                                     12Z  AVG MX 2MIN
DY MAX MIN AVG DEP HDD CDD  WTR  SNW DPTH SPD SPD DIR MIN PSBL S-S WX    SPD DR
================================================================================

 1  91  69  80   0   0  15 0.00    M    M  4.7  9 180   M    M   2 1      11 220
 2  91  69  80   1   0  15 0.00    M    M 10.2 21 210   M    M   0        26 220
 3  94  68  81   2   0  16 0.00    M    M  7.4 16 210   M    M   0        21 210
 4  83  69  76  -3   0  11 0.01    M    M  8.9 22 190   M    M   4        30 180
 5  83  67  75  -4   0  10 1.28    M    M  6.8 13  40   M    M   6 13     16  40
 6  85  66  76  -3   0  11 0.00    M    M  8.7 17  80   M    M   5 1      21 130
 7  91  68  80   1   0  15 0.00    M    M  4.6 13  80   M    M   1 12     16  40
 8  92  69  81   2   0  16 0.13    M    M 12.7 31 320   M    M   0 13     42  20
 9  89  74  82   3   0  17 0.11    M    M  6.5 17 180   M    M   1 38     22 170
10  92  71  82   3   0  17 0.68    M    M  6.8 18 210   M    M   3 13     24 300
11  84  66  75  -4   0  10 0.00    M    M  7.4 15  50   M    M   0        25  40
12  86  60  73  -5   0   8 0.00    M    M  3.0  8  10   M    M   0        12 100
13  86  61  74  -4   0   9 0.00    M    M  5.9 13 130   M    M   0        18 210
14  87  63  75  -3   0  10 0.00    M    M  7.5 15 100   M    M   0        19 150
15  87  61  74  -4   0   9 0.00    M    M  7.3 15 150   M    M   0 1      20 160
16  89  62  76  -2   0  11 0.00    M    M  9.0 18 150   M    M   0        23 150
17  88  65  77  -1   0  12 0.00    M    M  7.4 14 200   M    M   1 1      18 160
18  82  63  73  -5   0   8 0.29    M    M 10.1 22 230   M    M   6 13     32 230
19  74  55  65 -12   0   0    T    M    M  9.8 18 330   M    M   2        25 330
20  82  55  69  -8   0   4 0.00    M    M  9.0 21 170   M    M   0        28 180
21  81  54  68  -9   0   3 0.00    M    M 11.7 21 170   M    M   4        26 160
22  86  65  76  -1   0  11    T    M    M 11.8 22 140   M    M   1 3      28 140
23  75  58  67 -10   0   2 1.01    M    M  7.7 36 330   M    M   0 13     47 320
24  80  53  67  -9   0   2 0.00    M    M  3.4  8 200   M    M   0        10 190
25  84  52  68  -8   0   3 0.00    M    M  4.4 12 190   M    M   0        15 190
26  85  55  70  -6   0   5 0.00    M    M  6.2 14 130   M    M   0        17 140
27  88  65  77   1   0  12 0.00    M    M 12.8 25 150   M    M   0        31 160
28  83  68  76   1   0  11 0.07    M    M 12.0 24 180   M    M   4 1      31 170
29  73  62  68  -7   0   3 0.00  0.0    0  3.8  9 350   M    M   6 1      12 340
30  82  62  72  -3   0   7 0.00    M    M  4.2 12 110   M    M   5 12     15  90
31  90  61  76   1   0  11 0.00    M    M 10.2 18 170   M    M   2 12     24 180
================================================================================
SM 2643 1956         0 294  3.58     0.0 241.9          M       53
================================================================================
AV 85.3 63.1                               7.8 FASTST   M    M   2    MAX(MPH)
                                 MISC ---->  # 36 330               # 47  320
================================================================================
NOTES:
# LAST OF SEVERAL OCCURRENCES

COLUMN 17 PEAK WIND IN M.P.H.

PRELIMINARY LOCAL CLIMATOLOGICAL DATA (WS FORM: F-6) , PAGE 2

                                          STATION:  Emporia KS
                                          MONTH:    AUGUST
                                          YEAR:     2015
                                          LATITUDE:   38 19 N
                                          LONGITUDE:  96 12 W

[TEMPERATURE DATA]      [PRECIPITATION DATA]       SYMBOLS USED IN COLUMN 16

AVERAGE MONTHLY: 74.2   TOTAL FOR MONTH:   3.58    1 = FOG OR MIST
DPTR FM NORMAL:  -3.4   DPTR FM NORMAL:   -0.24    2 = FOG REDUCING VISIBILITY
HIGHEST:    94 ON  3    GRTST 24HR  1.29 ON  4- 5      TO 1/4 MILE OR LESS
LOWEST:     52 ON 25                               3 = THUNDER
                        SNOW, ICE PELLETS, HAIL    4 = ICE PELLETS
                        TOTAL MONTH:   0.0 INCH    5 = HAIL
                        GRTST 24HR     0.0         6 = FREEZING RAIN OR DRIZZLE
                        GRTST DEPTH:   0           7 = DUSTSTORM OR SANDSTORM:
                                                       VSBY 1/2 MILE OR LESS
                                                   8 = SMOKE OR HAZE
[NO. OF DAYS WITH]      [WEATHER - DAYS WITH]      9 = BLOWING SNOW
                                                   X = TORNADO
MAX 32 OR BELOW:   0    0.01 INCH OR MORE:   8
MAX 90 OR ABOVE:   7    0.10 INCH OR MORE:   6
MIN 32 OR BELOW:   0    0.50 INCH OR MORE:   3
MIN  0 OR BELOW:   0    1.00 INCH OR MORE:   2

[HDD (BASE 65) ]
TOTAL THIS MO.     0    CLEAR  (SCALE 0-3)  23
DPTR FM NORMAL    -1    PTCLDY (SCALE 4-7)   8
TOTAL FM JUL 1     0    CLOUDY (SCALE 8-10)  0
DPTR FM NORMAL    -1

[CDD (BASE 65) ]
TOTAL THIS MO.   294
DPTR FM NORMAL   -98    [PRESSURE DATA]
TOTAL FM JAN 1  1179    HIGHEST SLP M ON M
DPTR FM NORMAL   -29    LOWEST  SLP 29.64 ON 18

[REMARKS]
#FINAL-08-15#
