000
CXUS53 KTOP 010200
CF6EMP
PRELIMINARY LOCAL CLIMATOLOGICAL DATA (WS FORM: F-6)

                                          STATION:   Emporia KS
                                          MONTH:     SEPTEMBER
                                          YEAR:      2014
                                          LATITUDE:   38 19 N
                                          LONGITUDE:  96 12 W

  TEMPERATURE IN F:       :PCPN:    SNOW:  WIND      :SUNSHINE: SKY     :PK WND
================================================================================
1   2   3   4   5  6A  6B    7    8   9   10  11  12  13   14  15   16   17  18
                                     12Z  AVG MX 2MIN
DY MAX MIN AVG DEP HDD CDD  WTR  SNW DPTH SPD SPD DIR MIN PSBL S-S WX    SPD DR
================================================================================

 1  78  62  70  -4   0   5 1.31    M    M  9.4 44 290   M    M   6 13     59 290
 2  84  69  77   3   0  12 0.20    M    M  6.1 14 170   M    M   6 13     18 200
 3  90  69  80   6   0  15 0.09    M    M 16.0 28 160   M    M   3 13     37 150
 4  93  73  83  10   0  18 0.00    M    M 17.0 28 190   M    M   0        37 210
 5  77  61  69  -4   0   4 0.05    M    M  9.9 18 350   M    M   3 1      25 350
 6  75  55  65  -8   0   0 0.01    M    M  8.0 14  30   M    M   2        18  30
 7  77  51  64  -8   1   0 0.00    M    M  4.7 13 120   M    M   0 1      15 110
 8  86  56  71  -1   0   6 0.00    M    M 12.4 23 180   M    M   1        30 190
 9  92  71  82  10   0  17 0.00    M    M 20.7 32 180   M    M   0        40 190
10  83  60  72   1   0   7 0.06    M    M 11.5 31 190   M    M   8 13     40 190
11  64  54  59 -12   6   0 0.00    M    M 11.6 17  40   M    M  10 1      23  10
12  55  44  50 -20  15   0 0.01    M    M 10.6 17  10   M    M  10 1      23  20
13  64  34  49 -21  16   0 0.00    M    M  5.9 16 140   M    M   4 12     20 130
14  74  53  64  -6   1   0 0.00    M    M  8.2 18 150   M    M   6        23 150
15  77  55  66  -3   0   1 0.00    M    M 11.2 22 230   M    M   5        27  10
16  76  47  62  -7   3   0 0.00    M    M  6.0 12  70   M    M   2 12     14  80
17  81  63  72   4   0   7    T    M    M  8.1 14  90   M    M   3 18     17 100
18  78  63  71   3   0   6 1.91    M    M  8.3 25  70   M    M   6 13     30  90
19  78  62  70   2   0   5 0.00    M    M 11.7 18 150   M    M   4 12     23 160
20  88  67  78  11   0  13 0.02    M    M  9.6 20 200   M    M   2 138    26 190
21  78  54  66  -1   0   1 0.00    M    M  7.6 17 360   M    M   0        23 360
22  74  48  61  -5   4   0 0.00    M    M  4.7 10 100   M    M   0        13 120
23  76  53  65  -1   0   0 0.09    M    M 11.5 25 140   M    M   4 13     29 140
24  75  58  67   2   0   2 0.05    M    M 12.0 23 190   M    M   6        29 180
25  83  60  72   7   0   7 0.00    M    M  9.7 15 160   M    M   3        24 160
26  81  59  70   5   0   5 0.00    M    M  9.1 16 140   M    M   2        20 160
27  80  54  67   3   0   2 0.00    M    M  8.0 17 160   M    M   0 1      21 150
28  82  54  68   4   0   3 0.00    M    M  5.3 12 170   M    M   0 1      15 160
29  83  54  69   6   0   4 0.00    M    M  5.3 13 160   M    M   1 1      18 190
================================================================================
SM 2282 1663        46 140  3.80    M    280.1          M       97
================================================================================
AV 78.7 57.3                               9.7 FASTST   M    M   3    MAX(MPH)
                                 MISC ---->  # 44 290               # 59  290
================================================================================
NOTES:
# LAST OF SEVERAL OCCURRENCES

COLUMN 17 PEAK WIND IN M.P.H.

PRELIMINARY LOCAL CLIMATOLOGICAL DATA (WS FORM: F-6) , PAGE 2

                                          STATION:  Emporia KS
                                          MONTH:    SEPTEMBER
                                          YEAR:     2014
                                          LATITUDE:   38 19 N
                                          LONGITUDE:  96 12 W

[TEMPERATURE DATA]      [PRECIPITATION DATA]       SYMBOLS USED IN COLUMN 16

AVERAGE MONTHLY: 68.0   TOTAL FOR MONTH:   3.80    1 = FOG OR MIST
DPTR FM NORMAL:  -1.1   DPTR FM NORMAL:    0.51    2 = FOG REDUCING VISIBILITY
HIGHEST:    93 ON  4    GRTST 24HR  3.02 ON 31- 1      TO 1/4 MILE OR LESS
LOWEST:     34 ON 13                               3 = THUNDER
                        SNOW, ICE PELLETS, HAIL    4 = ICE PELLETS
                        TOTAL MONTH:    M          5 = HAIL
                        GRTST 24HR    M  ON   M    6 = FREEZING RAIN OR DRIZZLE
                        GRTST DEPTH:  M  ON   M    7 = DUSTSTORM OR SANDSTORM:
                                                       VSBY 1/2 MILE OR LESS
                                                   8 = SMOKE OR HAZE
[NO. OF DAYS WITH]      [WEATHER - DAYS WITH]      9 = BLOWING SNOW
                                                   X = TORNADO
MAX 32 OR BELOW:   0    0.01 INCH OR MORE:  11
MAX 90 OR ABOVE:   3    0.10 INCH OR MORE:   3
MIN 32 OR BELOW:   0    0.50 INCH OR MORE:   2
MIN  0 OR BELOW:   0    1.00 INCH OR MORE:   2

[HDD (BASE 65) ]
TOTAL THIS MO.    46    CLEAR  (SCALE 0-3)  15
DPTR FM NORMAL     4    PTCLDY (SCALE 4-7)  11
TOTAL FM JUL 1    48    CLOUDY (SCALE 8-10)  3
DPTR FM NORMAL     5

[CDD (BASE 65) ]
TOTAL THIS MO.   140
DPTR FM NORMAL   -22    [PRESSURE DATA]
TOTAL FM JAN 1  1343    HIGHEST SLP M ON M
DPTR FM NORMAL   -27    LOWEST  SLP 29.49 ON  9

[REMARKS]
#FINAL-09-14#
