000
CXUS53 KTOP 270800
CF6EMP
PRELIMINARY LOCAL CLIMATOLOGICAL DATA (WS FORM: F-6)

                                          STATION:   Emporia KS
                                          MONTH:     SEPTEMBER
                                          YEAR:      2016
                                          LATITUDE:   38 19 N
                                          LONGITUDE:  96 12 W

  TEMPERATURE IN F:       :PCPN:    SNOW:  WIND      :SUNSHINE: SKY     :PK WND
================================================================================
1   2   3   4   5  6A  6B    7    8   9   10  11  12  13   14  15   16   17  18
                                     12Z  AVG MX 2MIN
DY MAX MIN AVG DEP HDD CDD  WTR  SNW DPTH SPD SPD DIR MIN PSBL S-S WX    SPD DR
================================================================================

 1  80  61  71  -3   0   6 0.00    M    M  8.0 16  40   M    M   1        20  40
 2  78  57  68  -6   0   3 0.00    M    M  7.1 15 100   M    M   2        18  80
 3  80  57  69  -5   0   4 0.00    M    M 10.3 20 160   M    M   1        23 160
 4  85  62  74   1   0   9 0.00    M    M 14.2 24 180   M    M   1        32 180
 5  90  69  80   7   0  15 0.00    M    M 16.5 26 190   M    M   1        34 180
 6  90  72  81   8   0  16 0.00    M    M 15.2 24 190   M    M   1        31 190
 7  89  73  81   9   0  16    T    M    M 15.9 28 190   M    M   2        35 200
 8  80  69  75   3   0  10 1.96    M    M 10.6 33 300   M    M   5 13     43 300
 9  84  64  74   2   0   9 1.47    M    M 11.0 31 340   M    M   5 13     42 340
10  75  56  66  -5   0   1 0.00    M    M  8.2 17 330   M    M   0        23 310
11  78  53  66  -5   0   1 0.00    M    M  9.8 18 170   M    M   0        23 180
12  86  61  74   4   0   9 0.00    M    M 15.0 23 180   M    M   0        29 170
13  85  67  76   6   0  11 1.02    M    M  7.7 21 240   M    M   7 13     39 200
14  81  63  72   2   0   7 0.01    M    M  6.9 18  10   M    M   6 3      23  20
15  86  66  76   7   0  11 0.00    M    M  9.2 20 150   M    M   4 12     27 150
16  70  60  65  -4   0   0 0.91    M    M  6.3 20 170   M    M   4 13     24 190
17  83  57  70   2   0   5 0.00    M    M  4.6 12 300   M    M   3 12     16 300
18  85  58  72   4   0   7 0.00    M    M  6.7 14 140   M    M   0        18 150
19  92  64  78  10   0  13 0.00    M    M  8.5 15 200   M    M   0        19 190
20  93  70  82  15   0  17 0.00    M    M  7.7 20 160   M    M   0 1      24 160
21  90  72  81  14   0  16 0.00    M    M 12.8 20 190   M    M   0 1      25 210
22  89  67  78  12   0  13 0.00    M    M 12.3 22 190   M    M   0        27 200
23  87  62  75   9   0  10 0.00    M    M 10.4 20 150   M    M   0        24 160
24  88  66  77  12   0  12 1.73    M    M 12.3 25 260   M    M   5 138    37 270
25  68  55  62  -3   3   0 0.57    M    M  5.5 20 330   M    M   4 13     25 330
26  73  47  60  -5   5   0 0.00    M    M  5.4 10 310   M    M   0        15  10
================================================================================
SM 2165 1628         8 221  7.67    M    258.1          M       52
================================================================================
AV 83.3 62.6                               9.9 FASTST   M    M   2    MAX(MPH)
                                 MISC ---->  # 33 300               # 43  300
================================================================================
NOTES:
# LAST OF SEVERAL OCCURRENCES

COLUMN 17 PEAK WIND IN M.P.H.

PRELIMINARY LOCAL CLIMATOLOGICAL DATA (WS FORM: F-6) , PAGE 2

                                          STATION:  Emporia KS
                                          MONTH:    SEPTEMBER
                                          YEAR:     2016
                                          LATITUDE:   38 19 N
                                          LONGITUDE:  96 12 W

[TEMPERATURE DATA]      [PRECIPITATION DATA]       SYMBOLS USED IN COLUMN 16

AVERAGE MONTHLY: 72.9   TOTAL FOR MONTH:   7.67    1 = FOG OR MIST
DPTR FM NORMAL:   3.2   DPTR FM NORMAL:    4.68    2 = FOG REDUCING VISIBILITY
HIGHEST:    93 ON 20    GRTST 24HR  2.30 ON 24-25      TO 1/4 MILE OR LESS
LOWEST:     47 ON 26                               3 = THUNDER
                        SNOW, ICE PELLETS, HAIL    4 = ICE PELLETS
                        TOTAL MONTH:    M          5 = HAIL
                        GRTST 24HR    M  ON   M    6 = FREEZING RAIN OR DRIZZLE
                        GRTST DEPTH:  M  ON   M    7 = DUSTSTORM OR SANDSTORM:
                                                       VSBY 1/2 MILE OR LESS
                                                   8 = SMOKE OR HAZE
[NO. OF DAYS WITH]      [WEATHER - DAYS WITH]      9 = BLOWING SNOW
                                                   X = TORNADO
MAX 32 OR BELOW:   0    0.01 INCH OR MORE:   7
MAX 90 OR ABOVE:   5    0.10 INCH OR MORE:   6
MIN 32 OR BELOW:   0    0.50 INCH OR MORE:   6
MIN  0 OR BELOW:   0    1.00 INCH OR MORE:   4

[HDD (BASE 65) ]
TOTAL THIS MO.     8    CLEAR  (SCALE 0-3)  18
DPTR FM NORMAL   -22    PTCLDY (SCALE 4-7)   8
TOTAL FM JUL 1     8    CLOUDY (SCALE 8-10)  0
DPTR FM NORMAL   -23

[CDD (BASE 65) ]
TOTAL THIS MO.   221
DPTR FM NORMAL    68    [PRESSURE DATA]
TOTAL FM JAN 1  1557    HIGHEST SLP M ON M
DPTR FM NORMAL   196    LOWEST  SLP 29.80 ON M

[REMARKS]
