000
CXUS53 KMKX 210700
CF6ENW
PRELIMINARY LOCAL CLIMATOLOGICAL DATA (WS FORM: F-6)

                                          STATION:   KENOSHA WI
                                          MONTH:     AUGUST
                                          YEAR:      2017
                                          LATITUDE:   42 35 N
                                          LONGITUDE:  87 56 W

  TEMPERATURE IN F:       :PCPN:    SNOW:  WIND      :SUNSHINE: SKY     :PK WND
================================================================================
1   2   3   4   5  6A  6B    7    8   9   10  11  12  13   14  15   16   17  18
                                     12Z  AVG MX 2MIN
DY MAX MIN AVG DEP HDD CDD  WTR  SNW DPTH SPD SPD DIR MIN PSBL S-S WX    SPD DR
================================================================================

 1  84  61  73   2   0   8 0.00  0.0    0  3.9 12 160   M    M   2 1      18 240
 2  84  64  74   3   0   9 0.64  0.0    0  7.0 16  70   M    M   4 13     19  80
 3  81  58  70  -1   0   5 1.52  0.0    0  8.1 41 150   M    M   5 138    60 160
 4  67  54  61  -9   4   0    T  0.0    0 13.2 23 300   M    M   7 1      31 300
 5  78  54  66  -4   0   1 0.00  0.0    0  5.2 14 280   M    M   1        18 290
 6  78  57  68  -2   0   3 0.05  0.0    0  4.6 14  40   M    M   4 13     21  40
 7  74  54  64  -6   1   0 0.01  0.0    0  5.5 16  40   M    M   4 1      22  50
 8  81  54  68  -2   0   3 0.00  0.0    0  7.0 15 310   M    M   1        20 260
 9  80  57  69  -1   0   4 0.00  0.0    0  6.2 13 240   M    M   1        18 270
10  83  61  72   2   0   7 0.05  0.0    0  7.3 22 230   M    M   3 13     31 210
11  76  60  68  -2   0   3 0.00  0.0    0  7.5 15 310   M    M   5        21 300
12  75  54  65  -5   0   0 0.00  0.0    0  4.8 12 360   M    M   3 1      14 340
13  75  52  64  -6   1   0 0.00  0.0    0  4.6 10 150   M    M   0 1      15 170
14  79  57  68  -2   0   3    T    M    M  3.5 12 190   M    M   4 1      16 190
15  77  58  68  -2   0   3 0.00  0.0    0  6.0 15  70   M    M   4 13     20  80
16  79  57  68  -2   0   3 0.29  0.0    0  7.7 20 190   M    M   3 1      26 190
17  81  69  75   5   0  10 0.02  0.0    0 14.1 28 250   M    M   7 3      34 250
18  79  61  70   0   0   5 0.00  0.0    0  8.9 20 290   M    M   6        25 290
19  81  58  70   1   0   5 0.00    M    M  4.0 10 280   M    M   0 1      14 290
20  85  56  71   2   0   6 0.00    M    M  4.6 10 160   M    M   0        13 230
================================================================================
SM 1577 1156         6  78  2.58     0.0 133.7          M       64
================================================================================
AV 78.9 57.8                               6.7 FASTST   M    M   3    MAX(MPH)
                                 MISC ---->  # 41 150               # 60  160
================================================================================
NOTES:
# LAST OF SEVERAL OCCURRENCES

COLUMN 17 PEAK WIND IN M.P.H.

PRELIMINARY LOCAL CLIMATOLOGICAL DATA (WS FORM: F-6) , PAGE 2

                                          STATION:  KENOSHA WI
                                          MONTH:    AUGUST
                                          YEAR:     2017
                                          LATITUDE:   42 35 N
                                          LONGITUDE:  87 56 W

[TEMPERATURE DATA]      [PRECIPITATION DATA]       SYMBOLS USED IN COLUMN 16

AVERAGE MONTHLY: 68.3   TOTAL FOR MONTH:   2.58    1 = FOG OR MIST
DPTR FM NORMAL:  -1.7   DPTR FM NORMAL:    0.17    2 = FOG REDUCING VISIBILITY
HIGHEST:    85 ON 20    GRTST 24HR  1.52 ON  3- 3      TO 1/4 MILE OR LESS
LOWEST:     52 ON 13                               3 = THUNDER
                        SNOW, ICE PELLETS, HAIL    4 = ICE PELLETS
                        TOTAL MONTH:   0.0 INCH    5 = HAIL
                        GRTST 24HR     0.0         6 = FREEZING RAIN OR DRIZZLE
                        GRTST DEPTH:   0           7 = DUSTSTORM OR SANDSTORM:
                                                       VSBY 1/2 MILE OR LESS
                                                   8 = SMOKE OR HAZE
[NO. OF DAYS WITH]      [WEATHER - DAYS WITH]      9 = BLOWING SNOW
                                                   X = TORNADO
MAX 32 OR BELOW:   0    0.01 INCH OR MORE:   7
MAX 90 OR ABOVE:   0    0.10 INCH OR MORE:   3
MIN 32 OR BELOW:   0    0.50 INCH OR MORE:   2
MIN  0 OR BELOW:   0    1.00 INCH OR MORE:   1

[HDD (BASE 65) ]
TOTAL THIS MO.     6    CLEAR  (SCALE 0-3)  10
DPTR FM NORMAL     6    PTCLDY (SCALE 4-7)  10
TOTAL FM JUL 1     8    CLOUDY (SCALE 8-10)  0
DPTR FM NORMAL    -5

[CDD (BASE 65) ]
TOTAL THIS MO.    78
DPTR FM NORMAL   -32    [PRESSURE DATA]
TOTAL FM JAN 1   446    HIGHEST SLP M ON M
DPTR FM NORMAL     3    LOWEST  SLP 29.64 ON 17

[REMARKS]
