000
CXUS51 KCLE 190800
CF6ERI
PRELIMINARY LOCAL CLIMATOLOGICAL DATA (WS FORM: F-6)

                                          STATION:   ERIE PA
                                          MONTH:     SEPTEMBER
                                          YEAR:      2017
                                          LATITUDE:   42  4 N
                                          LONGITUDE:  80 11 W

  TEMPERATURE IN F:       :PCPN:    SNOW:  WIND      :SUNSHINE: SKY     :PK WND
================================================================================
1   2   3   4   5  6A  6B    7    8   9   10  11  12  13   14  15   16   17  18
                                     12Z  AVG MX 2MIN
DY MAX MIN AVG DEP HDD CDD  WTR  SNW DPTH SPD SPD DIR MIN PSBL S-S WX    SPD DR
================================================================================

 1  65  51  58 -10   7   0 0.00  0.0    0 10.9 22  30   M    M   1        26  60
 2  66  50  58 -10   7   0    T  0.0    0 10.1 22 140   M    M   5 1      29 130
 3  69  57  63  -5   2   0 1.35  0.0    0 10.3 21 260   M    M   7 13     28 260
 4  82  60  71   3   0   6 0.31  0.0    0 15.0 26 190   M    M   1 13     36 180
 5  71  55  63  -4   2   0 0.07  0.0    0  5.8 15 290   M    M   5 3      21 310
 6  66  53  60  -7   5   0    T  0.0    0  6.1 10 220   M    M   6        16 300
 7  66  51  59  -8   6   0 1.22  0.0    0  9.9 22 240   M    M   8 13     35 230
 8  64  52  58  -9   7   0 0.76  0.0    0  7.8 15 270   M    M   9 13     22 280
 9  63  47  55 -11  10   0 0.00  0.0    0  5.0 15  30   M    M   3 18     18  30
10  66  46  56 -10   9   0 0.00  0.0    0  6.5 17  30   M    M   0        23  20
11  70  49  60  -6   5   0 0.00  0.0    0  6.3 14  40   M    M   0        19 150
12  75  49  62  -3   3   0 0.00  0.0    0  4.8 15  30   M    M   0        18  30
13  80  61  71   6   0   6    T  0.0    0  6.6 14 180   M    M   3        17 180
14  70  59  65   0   0   0 0.11  0.0    0  5.2 10 280   M    M   7 1      13 200
15  74  58  66   2   0   1 0.00  0.0    0  3.7  9 300   M    M   0        11 360
16  75  60  68   4   0   3 0.00  0.0    0  3.2  9  50   M    M   0 1      11 340
17  79  60  70   6   0   5 0.00  0.0    0  3.2 13 320   M    M   0 1      16 310
18  80  64  72   9   0   7 0.00  0.0    0  3.7 10 300   M    M   0        12 300
================================================================================
SM 1281  982        63  28  3.82     0.0 124.1          M       55
================================================================================
AV 71.2 54.6                               6.9 FASTST   M    M   3    MAX(MPH)
                                 MISC ---->  # 26 190               # 36  180
================================================================================
NOTES:
# LAST OF SEVERAL OCCURRENCES

COLUMN 17 PEAK WIND IN M.P.H.

PRELIMINARY LOCAL CLIMATOLOGICAL DATA (WS FORM: F-6) , PAGE 2

                                          STATION:  ERIE PA
                                          MONTH:    SEPTEMBER
                                          YEAR:     2017
                                          LATITUDE:   42  4 N
                                          LONGITUDE:  80 11 W

[TEMPERATURE DATA]      [PRECIPITATION DATA]       SYMBOLS USED IN COLUMN 16

AVERAGE MONTHLY: 62.9   TOTAL FOR MONTH:   3.82    1 = FOG OR MIST
DPTR FM NORMAL:  -3.1   DPTR FM NORMAL:    1.23    2 = FOG REDUCING VISIBILITY
HIGHEST:    82 ON  4    GRTST 24HR  1.35 ON  3- 3      TO 1/4 MILE OR LESS
LOWEST:     46 ON 10                               3 = THUNDER
                        SNOW, ICE PELLETS, HAIL    4 = ICE PELLETS
                        TOTAL MONTH:   0.0 INCH    5 = HAIL
                        GRTST 24HR     0.0         6 = FREEZING RAIN OR DRIZZLE
                        GRTST DEPTH:   0           7 = DUSTSTORM OR SANDSTORM:
                                                       VSBY 1/2 MILE OR LESS
                                                   8 = SMOKE OR HAZE
[NO. OF DAYS WITH]      [WEATHER - DAYS WITH]      9 = BLOWING SNOW
                                                   X = TORNADO
MAX 32 OR BELOW:   0    0.01 INCH OR MORE:   6
MAX 90 OR ABOVE:   0    0.10 INCH OR MORE:   5
MIN 32 OR BELOW:   0    0.50 INCH OR MORE:   3
MIN  0 OR BELOW:   0    1.00 INCH OR MORE:   2

[HDD (BASE 65) ]
TOTAL THIS MO.    63    CLEAR  (SCALE 0-3)  11
DPTR FM NORMAL    26    PTCLDY (SCALE 4-7)   6
TOTAL FM JUL 1    73    CLOUDY (SCALE 8-10)  1
DPTR FM NORMAL    18

[CDD (BASE 65) ]
TOTAL THIS MO.    28
DPTR FM NORMAL   -27    [PRESSURE DATA]
TOTAL FM JAN 1   590    HIGHEST SLP M ON M
DPTR FM NORMAL   -23    LOWEST  SLP 29.69 ON  4

[REMARKS]
