000
CXUS54 KEWX 240910
CF6ERV
PRELIMINARY LOCAL CLIMATOLOGICAL DATA (WS FORM: F-6)

                                          STATION:   KERRVILLE
                                          MONTH:     MAY
                                          YEAR:      2015
                                          LATITUDE:   29 58 N
                                          LONGITUDE:  99  5 W

  TEMPERATURE IN F:       :PCPN:    SNOW:  WIND      :SUNSHINE: SKY     :PK WND
================================================================================
1   2   3   4   5  6A  6B    7    8   9   10  11  12  13   14  15   16   17  18
                                     12Z  AVG MX 2MIN
DY MAX MIN AVG DEP HDD CDD  WTR  SNW DPTH SPD SPD DIR MIN PSBL S-S WX    SPD DR
================================================================================

 1  79  46  63   M   2   0 0.00    M    0  3.4 12 170   M    M   0        16 170
 2  79  51  65   M   0   0 0.00  0.0    0  5.0 12 150   M    M   1        16 190
 3  82  59  71   M   0   6 0.00  0.0    0  8.9 16 150   M    M   6        21 150
 4  80  66  73   M   0   8 0.02  0.0    0 13.3 22 150   M    M  10        27 150
 5  76  65  71   M   0   6 0.24  0.0    0 12.9 18 150   M    M  10 13     28 150
 6  79  69  74   M   0   9 0.03  0.0    0 12.8 16 160   M    M   9 1      23 160
 7  83  69  76   M   0  11 0.00    M    0 12.6 17 150   M    M   8 18     21 150
 8  78  72  75   M   0  10 0.00  0.0    0 10.2 17 150   M    M   9 18     23 150
 9  86  72  79   M   0  14 0.00  0.0    0 12.2 17 140   M    M   8 18     24 140
10  82  72  77   M   0  12 0.02    M    0 10.1 18 150   M    M   8 18     28 140
11  74  64  69   M   0   4 0.01  0.0    0  7.1 15  60   M    M   9 13     20  60
12  68  63  66   M   0   1    T  0.0    0  7.3 13  60   M    M  10        27  60
13  67  61  64   M   1   0 2.34  0.0    0  7.0 10 120   M    M  10 13      M  M
14  83  66  75   M   0  10 0.01    M    0  8.4 12 170   M    M   7 13      M  M
15  77  63  70   M   0   5 0.72  0.0    0  7.5 18 190   M    M   6 3      23 190
16  83  66  75   M   0  10 0.00    M    M 12.8 17 160   M    M   9 1      25 150
17   M  64   M   M   M   M 0.74  0.0    0  7.5 16 160   M    M   9 3      29 160
18   M   M   M   M   M   M    M    M    M   M   M   M   M    M   M         M  M
19   M   M   M   M   M   M    M    M    M   M   M   M   M    M   M         M  M
20   M   M   M   M   M   M    M    M    M   M   M   M   M    M   M         M  M
21  69  61  65   M   0   0 0.00  0.0    M  8.2 12  30   M    M  10 1      16  30
22  79  61  70   M   0   5 0.04  0.0    0  5.5  9 110   M    M   9 1       M  M
23  78  64  71   M   0   6 2.01  0.0    0 10.2 16 100   M    M   9 3      25 160
================================================================================
SM 1482 1274         3 117  6.18     0.0 182.9          M      157
================================================================================
AV 78.0 63.7                               9.1 FASTST   M    M   8    MAX(MPH)
                                 MISC ---->    22   M               # 29  160
================================================================================
NOTES:
# LAST OF SEVERAL OCCURRENCES

COLUMN 17 PEAK WIND IN M.P.H.

PRELIMINARY LOCAL CLIMATOLOGICAL DATA (WS FORM: F-6) , PAGE 2

                                          STATION:  KERRVILLE
                                          MONTH:    MAY
                                          YEAR:     2015
                                          LATITUDE:   29 58 N
                                          LONGITUDE:  99  5 W

[TEMPERATURE DATA]      [PRECIPITATION DATA]       SYMBOLS USED IN COLUMN 16

AVERAGE MONTHLY: 70.8   TOTAL FOR MONTH:   6.18    1 = FOG OR MIST
DPTR FM NORMAL:     M   DPTR FM NORMAL:       M    2 = FOG REDUCING VISIBILITY
HIGHEST:    86 ON  9    GRTST 24HR  2.34 ON 13-13      TO 1/4 MILE OR LESS
LOWEST:     46 ON  1                               3 = THUNDER
                        SNOW, ICE PELLETS, HAIL    4 = ICE PELLETS
                        TOTAL MONTH:   0.0 INCH    5 = HAIL
                        GRTST 24HR     0.0         6 = FREEZING RAIN OR DRIZZLE
                        GRTST DEPTH:   0           7 = DUSTSTORM OR SANDSTORM:
                                                       VSBY 1/2 MILE OR LESS
                                                   8 = SMOKE OR HAZE
[NO. OF DAYS WITH]      [WEATHER - DAYS WITH]      9 = BLOWING SNOW
                                                   X = TORNADO
MAX 32 OR BELOW:   0    0.01 INCH OR MORE:  11
MAX 90 OR ABOVE:   0    0.10 INCH OR MORE:   5
MIN 32 OR BELOW:   0    0.50 INCH OR MORE:   4
MIN  0 OR BELOW:   0    1.00 INCH OR MORE:   2

[HDD (BASE 65) ]
TOTAL THIS MO.     3    CLEAR  (SCALE 0-3)   2
DPTR FM NORMAL     M    PTCLDY (SCALE 4-7)   5
TOTAL FM JUL 1  2173    CLOUDY (SCALE 8-10) 13
DPTR FM NORMAL     M

[CDD (BASE 65) ]
TOTAL THIS MO.   117
DPTR FM NORMAL     M    [PRESSURE DATA]
TOTAL FM JAN 1   271    HIGHEST SLP M ON M
DPTR FM NORMAL     M    LOWEST  SLP M ON M

[REMARKS]
