000
CXUS53 KPAH 240634
CF6EVV
PRELIMINARY LOCAL CLIMATOLOGICAL DATA (WS FORM: F-6)

                                          STATION:   EVANSVILLE IN
                                          MONTH:     MAY
                                          YEAR:      2016
                                          LATITUDE:   38  2 N
                                          LONGITUDE:  87 32 W

  TEMPERATURE IN F:       :PCPN:    SNOW:  WIND      :SUNSHINE: SKY     :PK WND
================================================================================
1   2   3   4   5  6A  6B    7    8   9   10  11  12  13   14  15   16   17  18
                                     12Z  AVG MX 2MIN
DY MAX MIN AVG DEP HDD CDD  WTR  SNW DPTH SPD SPD DIR MIN PSBL S-S WX    SPD DR
================================================================================

 1  79  54  67   6   0   2 0.13  0.0    0  7.3 18 320   M    M   3 13     26 330
 2  63  54  59  -3   6   0 0.00  0.0    0  5.1 14 340   M    M   7        20 340
 3  64  50  57  -5   8   0 0.00  0.0    0  6.5 15 320   M    M   7        21 360
 4  66  47  57  -5   8   0 0.15  0.0    0  8.3 21 320   M    M   7 1      32 300
 5  62  45  54  -8  11   0 0.00  0.0    0  8.4 18 350   M    M   5        28 350
 6  73  45  59  -4   6   0 0.00  0.0    0  4.3 15  30   M    M   0        22 310
 7  85  53  69   6   0   4 0.31  0.0    0  9.2 25 290   M    M   2 13     41 280
 8  75  53  64   1   1   0 0.04  0.0    0  6.3 15 100   M    M   2 13     18  60
 9  74  61  68   4   0   3 0.16  0.0    0  5.9 16 190   M    M   9 1      21 180
10  71  60  66   2   0   1 0.87  0.0    0  5.6 16 160   M    M   4 123    22 160
11  81  58  70   6   0   5 0.71  0.0    0  5.2 26 280   M    M   9 1238   40 310
12  74  56  65   1   0   0 0.69  0.0    0  6.1 16 260   M    M   5 13     25 280
13  72  50  61  -4   4   0 0.00  0.0    0  7.4 14 220   M    M   0        19 220
14  64  42  53 -12  12   0 0.01  0.0    0  9.3 30 310   M    M   7        41 290
15  63  39  51 -14  14   0 0.00  0.0    0  6.4 17 330   M    M   1        25 310
16  57  47  52 -14  13   0 0.06  0.0    0  4.6 10 180   M    M   7        13 160
17  54  49  52 -14  13   0 0.43  0.0    0  9.2 15  60   M    M   9 1      21  60
18  69  50  60  -6   5   0    T  0.0    0  7.1 16  30   M    M   7 1      20  30
19  72  46  59  -8   6   0 0.00  0.0    0  6.7 17  50   M    M   0        23  60
20  61  56  59  -8   6   0 0.19  0.0    0  4.6 14  50   M    M   8 18     17  40
21  74  53  64  -3   1   0    T  0.0    0  5.9 14 330   M    M   7 18     18  20
22  80  50  65  -3   0   0 0.00  0.0    0  4.6 12 330   M    M   0        17 300
23  81  52  67  -1   0   2 0.00  0.0    0  3.1 13  90   M    M   0        17  90
================================================================================
SM 1614 1170       114  17  3.75     0.0 147.1          M      106
================================================================================
AV 70.2 50.9                               6.4 FASTST   M    M   5    MAX(MPH)
                                 MISC ---->  # 30 310               # 41  280
================================================================================
NOTES:
# LAST OF SEVERAL OCCURRENCES

COLUMN 17 PEAK WIND IN M.P.H.

PRELIMINARY LOCAL CLIMATOLOGICAL DATA (WS FORM: F-6) , PAGE 2

                                          STATION:  EVANSVILLE IN
                                          MONTH:    MAY
                                          YEAR:     2016
                                          LATITUDE:   38  2 N
                                          LONGITUDE:  87 32 W

[TEMPERATURE DATA]      [PRECIPITATION DATA]       SYMBOLS USED IN COLUMN 16

AVERAGE MONTHLY: 60.5   TOTAL FOR MONTH:   3.75    1 = FOG OR MIST
DPTR FM NORMAL:  -4.0   DPTR FM NORMAL:   -0.24    2 = FOG REDUCING VISIBILITY
HIGHEST:    85 ON  7    GRTST 24HR  1.38 ON 11-12      TO 1/4 MILE OR LESS
LOWEST:     39 ON 15                               3 = THUNDER
                        SNOW, ICE PELLETS, HAIL    4 = ICE PELLETS
                        TOTAL MONTH:   0.0 INCH    5 = HAIL
                        GRTST 24HR     0.0         6 = FREEZING RAIN OR DRIZZLE
                        GRTST DEPTH:   0           7 = DUSTSTORM OR SANDSTORM:
                                                       VSBY 1/2 MILE OR LESS
                                                   8 = SMOKE OR HAZE
[NO. OF DAYS WITH]      [WEATHER - DAYS WITH]      9 = BLOWING SNOW
                                                   X = TORNADO
MAX 32 OR BELOW:   0    0.01 INCH OR MORE:  12
MAX 90 OR ABOVE:   0    0.10 INCH OR MORE:   9
MIN 32 OR BELOW:   0    0.50 INCH OR MORE:   3
MIN  0 OR BELOW:   0    1.00 INCH OR MORE:   0

[HDD (BASE 65) ]
TOTAL THIS MO.   114    CLEAR  (SCALE 0-3)   9
DPTR FM NORMAL    38    PTCLDY (SCALE 4-7)  11
TOTAL FM JUL 1  3578    CLOUDY (SCALE 8-10)  3
DPTR FM NORMAL  -953

[CDD (BASE 65) ]
TOTAL THIS MO.    17
DPTR FM NORMAL   -47    [PRESSURE DATA]
TOTAL FM JAN 1    39    HIGHEST SLP M ON M
DPTR FM NORMAL   -52    LOWEST  SLP 29.71 ON  4

[REMARKS]
