000
CXUS51 KOKX 270701
CF6EWR
PRELIMINARY LOCAL CLIMATOLOGICAL DATA (WS FORM: F-6)

                                          STATION:   NEWARK NJ
                                          MONTH:     AUGUST
                                          YEAR:      2014
                                          LATITUDE:   40 42 N
                                          LONGITUDE:  74 10 W

  TEMPERATURE IN F:       :PCPN:    SNOW:  WIND      :SUNSHINE: SKY     :PK WND
================================================================================
1   2   3   4   5  6A  6B    7    8   9   10  11  12  13   14  15   16   17  18
                                     12Z  AVG MX 2MIN
DY MAX MIN AVG DEP HDD CDD  WTR  SNW DPTH SPD SPD DIR MIN PSBL S-S WX    SPD DR
================================================================================

 1  85  70  78   1   0  13    T  0.0    0  5.7 17 160   M    M   9        23 170
 2  76  66  71  -6   0   6 0.51  0.0    0  7.2 16  10   M    M   9 1      21  10
 3  78  67  73  -4   0   8 0.07  0.0    0  3.5  9 140   M    M   9 1      14 280
 4  86  69  78   1   0  13 0.00  0.0    0  6.1 14 150   M    M   7        18 230
 5  89  68  79   2   0  14 0.00  0.0    0  6.0 21 340   M    M   4        25 340
 6  86  71  79   2   0  14    T  0.0    0  8.9 21 360   M    M   6        26 320
 7  86  66  76  -1   0  11 0.00  0.0    0 10.2 23 350   M    M   2        33 300
 8  84  62  73  -4   0   8 0.00  0.0    0  7.4 17 330   M    M   3        24 300
 9  88  65  77   0   0  12 0.00  0.0    0  4.3 15  70   M    M   3        22  90
10  88  64  76  -1   0  11 0.00  0.0    0  5.8 12  20   M    M   4        20 340
11  85  68  77   0   0  12 0.00  0.0    0  6.4 15 160   M    M   7        20 160
12  80  72  76   0   0  11 0.25  0.0    0 11.2 23 130   M    M  10 1      35 150
13  86  69  78   2   0  13 0.34  0.0    0 12.9 26 290   M    M   7 1      38 100
14  81  62  72  -4   0   7 0.00  0.0    0 10.4 20 260   M    M   3        30 240
15  75  59  67  -9   0   2 0.00  0.0    0  8.6 18 290   M    M   6        26 290
16  81  58  70  -6   0   5 0.00  0.0    0  8.0 18 210   M    M   8        31 180
17  86  65  76   0   0  11    T  0.0    0  9.9 17 330   M    M   6        24 300
18  84  63  74  -2   0   9 0.00  0.0    0  8.6 18 260   M    M   4        25 300
19  82  63  73  -3   0   8 0.00  0.0    0  6.7 13 150   M    M   6        16 160
20  83  69  76   0   0  11    T  0.0    0  5.0 13 140   M    M   6        17 160
21  80  66  73  -2   0   8 0.31  0.0    0  6.6 16 130   M    M   8 13     22 150
22  77  67  72  -3   0   7 0.24  0.0    0  4.9 13  90   M    M  10        16  90
23  74  68  71  -4   0   6    T  0.0    0  5.5 14  40   M    M   8        18  40
24  81  63  72  -3   0   7 0.00  0.0    0  6.7 17  20   M    M   4        26  20
25  87  61  74  -1   0   9 0.00  0.0    0  4.5 12  20   M    M   2        15 360
26  87  68  78   4   0  13 0.00  0.0    0  5.8 13 200   M    M   4        18 140
================================================================================
SM 2155 1709         0 249  1.72     0.0 186.8          M      155
================================================================================
AV 82.9 65.7                               7.2 FASTST   M    M   6    MAX(MPH)
                                 MISC ---->  # 26 290               # 38  100
================================================================================
NOTES:
# LAST OF SEVERAL OCCURRENCES

COLUMN 17 PEAK WIND IN M.P.H.

PRELIMINARY LOCAL CLIMATOLOGICAL DATA (WS FORM: F-6) , PAGE 2

                                          STATION:  NEWARK NJ
                                          MONTH:    AUGUST
                                          YEAR:     2014
                                          LATITUDE:   40 42 N
                                          LONGITUDE:  74 10 W

[TEMPERATURE DATA]      [PRECIPITATION DATA]       SYMBOLS USED IN COLUMN 16

AVERAGE MONTHLY: 74.3   TOTAL FOR MONTH:   1.72    1 = FOG OR MIST
DPTR FM NORMAL:  -1.8   DPTR FM NORMAL:   -1.50    2 = FOG REDUCING VISIBILITY
HIGHEST:    89 ON  5    GRTST 24HR  0.59 ON 12-13      TO 1/4 MILE OR LESS
LOWEST:     58 ON 16                               3 = THUNDER
                        SNOW, ICE PELLETS, HAIL    4 = ICE PELLETS
                        TOTAL MONTH:   0.0 INCH    5 = HAIL
                        GRTST 24HR     0.0         6 = FREEZING RAIN OR DRIZZLE
                        GRTST DEPTH:   0           7 = DUSTSTORM OR SANDSTORM:
                                                       VSBY 1/2 MILE OR LESS
                                                   8 = SMOKE OR HAZE
[NO. OF DAYS WITH]      [WEATHER - DAYS WITH]      9 = BLOWING SNOW
                                                   X = TORNADO
MAX 32 OR BELOW:   0    0.01 INCH OR MORE:   6
MAX 90 OR ABOVE:   0    0.10 INCH OR MORE:   5
MIN 32 OR BELOW:   0    0.50 INCH OR MORE:   1
MIN  0 OR BELOW:   0    1.00 INCH OR MORE:   0

[HDD (BASE 65) ]
TOTAL THIS MO.     0    CLEAR  (SCALE 0-3)   3
DPTR FM NORMAL     0    PTCLDY (SCALE 4-7)  17
TOTAL FM JUL 1     0    CLOUDY (SCALE 8-10)  6
DPTR FM NORMAL     0

[CDD (BASE 65) ]
TOTAL THIS MO.   249
DPTR FM NORMAL   -42    [PRESSURE DATA]
TOTAL FM JAN 1   938    HIGHEST SLP M ON M
DPTR FM NORMAL   -51    LOWEST  SLP 29.65 ON 13

[REMARKS]
