000
CXUS51 KOKX 300703
CF6EWR
PRELIMINARY LOCAL CLIMATOLOGICAL DATA (WS FORM: F-6)

                                          STATION:   NEWARK NJ
                                          MONTH:     AUGUST
                                          YEAR:      2015
                                          LATITUDE:   40 42 N
                                          LONGITUDE:  74 10 W

  TEMPERATURE IN F:       :PCPN:    SNOW:  WIND      :SUNSHINE: SKY     :PK WND
================================================================================
1   2   3   4   5  6A  6B    7    8   9   10  11  12  13   14  15   16   17  18
                                     12Z  AVG MX 2MIN
DY MAX MIN AVG DEP HDD CDD  WTR  SNW DPTH SPD SPD DIR MIN PSBL S-S WX    SPD DR
================================================================================

 1  91  73  82   5   0  17 0.00  0.0    0 10.4 24 260   M    M   4        33 270
 2  92  66  79   2   0  14 0.00  0.0    0  6.4 16 210   M    M   4        23 230
 3  93  70  82   5   0  17 0.00  0.0    0 11.2 23 200   M    M   4        31 220
 4  93  69  81   4   0  16 0.17  0.0    0 11.8 28 280   M    M   5 13     51 280
 5  90  69  80   3   0  15 0.00  0.0    0  9.0 25 280   M    M   5        30 280
 6  85  66  76  -1   0  11 0.00  0.0    0  6.1 15 260   M    M   7        20 290
 7  84  67  76  -1   0  11 0.00  0.0    0  8.7 15  40   M    M   6        23  40
 8  83  65  74  -3   0   9 0.00  0.0    0  6.0 12 150   M    M   4        17  90
 9  85  69  77   0   0  12 0.00  0.0    0  7.6 15 150   M    M   3        20 140
10  81  68  75  -2   0  10 0.00  0.0    0  7.8 17 140   M    M   7        24 140
11  82  71  77   0   0  12 0.96  0.0    0  9.5 23 180   M    M   9 1      30 180
12  87  69  78   2   0  13    T  0.0    0  9.8 17 260   M    M   5        28 280
13  85  68  77   1   0  12 0.00  0.0    0  7.6 15 270   M    M   3        23 260
14  90  63  77   1   0  12 0.00  0.0    0  6.0 15 150   M    M   3        18 160
15  94  68  81   5   0  16 0.00  0.0    0  7.3 14 260   M    M   3        20 310
16  96  72  84   8   0  19 0.08  0.0    0  6.8 22  10   M    M   4 3      26  10
17  97  73  85   9   0  20 0.00  0.0    0  7.5 16 240   M    M   3        21 250
18  91  77  84   8   0  19 0.00  0.0    0  7.8 17 150   M    M   5        22 190
19  86  76  81   5   0  16    T  0.0    0  7.8 18 140   M    M   7 3      26 140
20  86  77  82   6   0  17    T  0.0    0 11.1 24 140   M    M   7 3      31 140
21  89  72  81   6   0  16 0.19  0.0    0 10.1 18 340   M    M   7 13     23 150
22  87  68  78   3   0  13 0.00  0.0    0  9.3 17  10   M    M   5        22  10
23  84  66  75   0   0  10 0.00  0.0    0  6.8 13  20   M    M   6        16  20
24  86  71  79   4   0  14 0.00  0.0    0  5.5 15 150   M    M   7 1      18 160
25  93  73  83   8   0  18 0.00  0.0    0  9.0 21 250   M    M   6        26 260
26  85  66  76   2   0  11 0.00  0.0    0  9.4 22 280   M    M   4        31 260
27  84  64  74   0   0   9 0.00  0.0    0  8.8 17 320   M    M   4        29 320
28  83  63  73  -1   0   8 0.00  0.0    0  6.9 14 290   M    M   3        25 290
29  88  63  76   2   0  11 0.00  0.0    0  5.2 13 160   M    M   6        18 160
================================================================================
SM 2550 2002         0 398  1.40     0.0 237.2          M      146
================================================================================
AV 87.9 69.0                               8.2 FASTST   M    M   5    MAX(MPH)
                                 MISC ---->  # 28 280               # 51  280
================================================================================
NOTES:
# LAST OF SEVERAL OCCURRENCES

COLUMN 17 PEAK WIND IN M.P.H.

PRELIMINARY LOCAL CLIMATOLOGICAL DATA (WS FORM: F-6) , PAGE 2

                                          STATION:  NEWARK NJ
                                          MONTH:    AUGUST
                                          YEAR:     2015
                                          LATITUDE:   40 42 N
                                          LONGITUDE:  74 10 W

[TEMPERATURE DATA]      [PRECIPITATION DATA]       SYMBOLS USED IN COLUMN 16

AVERAGE MONTHLY: 78.5   TOTAL FOR MONTH:   1.40    1 = FOG OR MIST
DPTR FM NORMAL:   2.6   DPTR FM NORMAL:   -2.11    2 = FOG REDUCING VISIBILITY
HIGHEST:    97 ON 17    GRTST 24HR  0.96 ON 11-11      TO 1/4 MILE OR LESS
LOWEST:     63 ON 29,28                            3 = THUNDER
                        SNOW, ICE PELLETS, HAIL    4 = ICE PELLETS
                        TOTAL MONTH:   0.0 INCH    5 = HAIL
                        GRTST 24HR     0.0         6 = FREEZING RAIN OR DRIZZLE
                        GRTST DEPTH:   0           7 = DUSTSTORM OR SANDSTORM:
                                                       VSBY 1/2 MILE OR LESS
                                                   8 = SMOKE OR HAZE
[NO. OF DAYS WITH]      [WEATHER - DAYS WITH]      9 = BLOWING SNOW
                                                   X = TORNADO
MAX 32 OR BELOW:   0    0.01 INCH OR MORE:   4
MAX 90 OR ABOVE:  11    0.10 INCH OR MORE:   3
MIN 32 OR BELOW:   0    0.50 INCH OR MORE:   1
MIN  0 OR BELOW:   0    1.00 INCH OR MORE:   0

[HDD (BASE 65) ]
TOTAL THIS MO.     0    CLEAR  (SCALE 0-3)   3
DPTR FM NORMAL     0    PTCLDY (SCALE 4-7)  25
TOTAL FM JUL 1     0    CLOUDY (SCALE 8-10)  1
DPTR FM NORMAL     0

[CDD (BASE 65) ]
TOTAL THIS MO.   398
DPTR FM NORMAL    80    [PRESSURE DATA]
TOTAL FM JAN 1  1248    HIGHEST SLP M ON M
DPTR FM NORMAL   232    LOWEST  SLP 29.71 ON 11

[REMARKS]
