000
CXUS51 KOKX 280703
CF6EWR
PRELIMINARY LOCAL CLIMATOLOGICAL DATA (WS FORM: F-6)

                                          STATION:   NEWARK NJ
                                          MONTH:     MARCH
                                          YEAR:      2015
                                          LATITUDE:   40 42 N
                                          LONGITUDE:  74 10 W

  TEMPERATURE IN F:       :PCPN:    SNOW:  WIND      :SUNSHINE: SKY     :PK WND
================================================================================
1   2   3   4   5  6A  6B    7    8   9   10  11  12  13   14  15   16   17  18
                                     12Z  AVG MX 2MIN
DY MAX MIN AVG DEP HDD CDD  WTR  SNW DPTH SPD SPD DIR MIN PSBL S-S WX    SPD DR
================================================================================

 1  29  17  23 -15  42   0 0.51  4.5    3  3.2 17 210   M    M   9 146    22 210
 2  39  27  33  -5  32   0    T    T    7 12.7 28 300   M    M   6 18     38 310
 3  35  20  28 -10  37   0 0.55  1.2    6  6.8 20 210   M    M   8 146    25 200
 4  44  34  39   1  26   0 0.22  0.0    6  7.9 18 230   M    M  10 18     24 210
 5  41  19  30  -9  35   0 0.87  6.7    4 11.1 22 350   M    M  10 12     30 320
 6  27  12  20 -19  45   0 0.00  0.0    8  7.6 21 340   M    M   2        25 330
 7  38  11  25 -14  40   0 0.00  0.0    8  9.5 21 240   M    M   5        26 240
 8  48  30  39  -1  26   0 0.00  0.0    6  8.4 29 270   M    M   6        38 270
 9  54  32  43   3  22   0 0.01  0.0    3  8.1 21 270   M    M   4        26 260
10  53  34  44   4  21   0 0.43  0.0    0  1.9  8 150   M    M   9 1      10 150
11  63  42  53  13  12   0    T  0.0    0  8.6 20 300   M    M   6 1      24 310
12  49  35  42   1  23   0 0.00  0.0    0 16.7 32 330   M    M   1        40 320
13  42  28  35  -6  30   0 0.00  0.0    0  7.1 14 130   M    M   6        18 130
14  51  38  45   4  20   0 0.86  0.0    0  4.7 14 240   M    M  10 1      17 240
15  45  37  41  -1  24   0    T    M    0 17.2 32 320   M    M   8        45 320
16  53  33  43   1  22   0 0.00  0.0    0  6.5 20 320   M    M   8        24 320
17  60  33  47   5  18   0    T  0.0    0 16.0 37 320   M    M   7        51 310
18  44  27  36  -7  29   0 0.00  0.0    0 15.9 33 300   M    M   3        41 310
19  44  28  36  -7  29   0 0.00  0.0    0 10.1 22 320   M    M   6        28 320
20  38  29  34  -9  31   0 0.36  3.6    0  8.8 16  20   M    M  10 1      20  30
21  48  29  39  -5  26   0 0.03  0.3    3  7.8 21 310   M    M   8 1      28 320
22  45  28  37  -7  28   0 0.00  0.0    0 14.7 25 300   M    M   3        36 280
23  41  23  32 -12  33   0 0.00  0.0    0 13.5 24 340   M    M   3        32 320
24  46  25  36  -9  29   0 0.00  0.0    0  6.3 15 340   M    M   5        17 350
25  47  29  38  -7  27   0 0.06  0.0    0  4.0 15 150   M    M   7 1      18 130
26  64  41  53   8  12   0 0.39  0.0    0  3.5 21 340   M    M  10 12     25 350
27  47  40  44  -2  21   0 0.24  0.0    0 10.8 20 350   M    M  10 1      25 320
================================================================================
SM 1235  781       740   0  4.53    16.3 249.4          M      180
================================================================================
AV 45.7 28.9                               9.2 FASTST   M    M   7    MAX(MPH)
                                 MISC ---->  # 37 320               # 51  310
================================================================================
NOTES:
# LAST OF SEVERAL OCCURRENCES

COLUMN 17 PEAK WIND IN M.P.H.

PRELIMINARY LOCAL CLIMATOLOGICAL DATA (WS FORM: F-6) , PAGE 2

                                          STATION:  NEWARK NJ
                                          MONTH:    MARCH
                                          YEAR:     2015
                                          LATITUDE:   40 42 N
                                          LONGITUDE:  74 10 W

[TEMPERATURE DATA]      [PRECIPITATION DATA]       SYMBOLS USED IN COLUMN 16

AVERAGE MONTHLY: 37.3   TOTAL FOR MONTH:   4.53    1 = FOG OR MIST
DPTR FM NORMAL:  -4.1   DPTR FM NORMAL:    0.92    2 = FOG REDUCING VISIBILITY
HIGHEST:    64 ON 26    GRTST 24HR  0.87 ON  5- 5      TO 1/4 MILE OR LESS
LOWEST:     11 ON  7                               3 = THUNDER
                        SNOW, ICE PELLETS, HAIL    4 = ICE PELLETS
                        TOTAL MONTH:  16.3 INCHES  5 = HAIL
                        GRTST 24HR   6.7 ON   M    6 = FREEZING RAIN OR DRIZZLE
                        GRTST DEPTH:   8 ON  7, 6  7 = DUSTSTORM OR SANDSTORM:
                                                       VSBY 1/2 MILE OR LESS
                                                   8 = SMOKE OR HAZE
[NO. OF DAYS WITH]      [WEATHER - DAYS WITH]      9 = BLOWING SNOW
                                                   X = TORNADO
MAX 32 OR BELOW:   2    0.01 INCH OR MORE:  12
MAX 90 OR ABOVE:   0    0.10 INCH OR MORE:   9
MIN 32 OR BELOW:  17    0.50 INCH OR MORE:   4
MIN  0 OR BELOW:   0    1.00 INCH OR MORE:   0

[HDD (BASE 65) ]
TOTAL THIS MO.   740    CLEAR  (SCALE 0-3)   3
DPTR FM NORMAL   105    PTCLDY (SCALE 4-7)  15
TOTAL FM JUL 1  4643    CLOUDY (SCALE 8-10)  9
DPTR FM NORMAL   373

[CDD (BASE 65) ]
TOTAL THIS MO.     0
DPTR FM NORMAL     0    [PRESSURE DATA]
TOTAL FM JAN 1     0    HIGHEST SLP M ON M
DPTR FM NORMAL     0    LOWEST  SLP 29.55 ON 17

[REMARKS]
