000
CXAK56 PAFG 221323
CF6FAI
PRELIMINARY LOCAL CLIMATOLOGICAL DATA (WS FORM: F-6)

                                          STATION:   FAIRBANKS AK
                                          MONTH:     JANUARY
                                          YEAR:      2018
                                          LATITUDE:   64 49 N
                                          LONGITUDE: 147 52 W

  TEMPERATURE IN F:       :PCPN:    SNOW:  WIND      :SUNSHINE: SKY     :PK WND
================================================================================
1   2   3   4   5  6A  6B    7    8   9   10  11  12  13   14  15   16   17  18
                                     12Z  AVG MX 2MIN
DY MAX MIN AVG DEP HDD CDD  WTR  SNW DPTH SPD SPD DIR MIN PSBL S-S WX    SPD DR
================================================================================

 1  14 -11   2   9  63   0 0.00  0.0   13  1.6  9  30   M    M   7        10  40
 2  22   7  15  22  50   0 0.00  0.0   13  1.1  9  30   M    M   7 1       9  40
 3  15  -1   7  14  58   0    T    T   13  0.4  7 190   M    M   6         8  90
 4  14  -3   6  13  59   0    T    T   13  2.1  8  40   M    M   6 1       9  40
 5   3  -7  -2   6  67   0 0.00  0.0   13  3.7  9  40   M    M   1        10  30
 6   0  -9  -4   4  69   0 0.00  0.0   13  0.8  6  50   M    M   1 1       8  10
 7  -8 -20 -14  -6  79   0 0.00  0.0   13  0.2  6 200   M    M   0         7 190
 8   0 -24 -12  -4  77   0 0.00  0.0   13  5.1 15  60   M    M   0        18  60
 9   2 -25 -11  -3  76   0 0.00  0.0   13  7.9 16  60   M    M   0        19  60
10   1 -28 -13  -5  78   0    T    T   13  0.8  5  20   M    M   5         6 120
11   1 -18  -8   0  73   0 0.00  0.0   13  1.2  6  40   M    M   5         6  30
12  -7 -18 -12  -4  77   0 0.00  0.0   13  1.1  6  50   M    M   5         7  20
13  14 -15   0   9  65   0    T    T   13  2.0 10  40   M    M   5        13 110
14  29   0  15  24  50   0 0.00  0.0   13  3.4  9  90   M    M   6        14 110
15  26   5  16  25  49   0    T    T   13  1.6  7 200   M    M   8 6       9 200
16  33   8  21  30  44   0 0.15  1.3   13  2.4  8 140   M    M   9 16      8 140
17  33  16  25  34  40   0 0.55  6.1   19  1.9 17 200   M    M   8 1269   23 200
18  23  12  18  27  47   0 0.06  1.1   19  0.6  6 190   M    M  10 12      7 190
19  17   8  13  22  52   0 0.12  2.0   19  1.9  7 210   M    M  10 1       8 200
20   8 -26  -9  -1  74   0 0.01  0.3   21  4.0  9 210   M    M  10 1      12 200
21 -12 -30 -21 -13  86   0    T    T   21  0.3  5  60   M    M   7 18      6  30
================================================================================
SM  228 -179      1333   0  0.89    10.8  44.1          M      116
================================================================================
AV 10.9 -8.5                               2.1 FASTST   M    M   6    MAX(MPH)
                                 MISC ---->  # 17 200               # 23  200
================================================================================
NOTES:
# LAST OF SEVERAL OCCURRENCES

COLUMN 17 PEAK WIND IN M.P.H.

PRELIMINARY LOCAL CLIMATOLOGICAL DATA (WS FORM: F-6) , PAGE 2

                                          STATION:  FAIRBANKS AK
                                          MONTH:    JANUARY
                                          YEAR:     2018
                                          LATITUDE:   64 49 N
                                          LONGITUDE: 147 52 W

[TEMPERATURE DATA]      [PRECIPITATION DATA]       SYMBOLS USED IN COLUMN 16

AVERAGE MONTHLY:  1.2   TOTAL FOR MONTH:   0.89    1 = FOG OR MIST
DPTR FM NORMAL:   9.3   DPTR FM NORMAL:    0.48    2 = FOG REDUCING VISIBILITY
HIGHEST:    33 ON 17,16 GRTST 24HR  0.55 ON 17-17      TO 1/4 MILE OR LESS
LOWEST:    -30 ON 21                               3 = THUNDER
                        SNOW, ICE PELLETS, HAIL    4 = ICE PELLETS
                        TOTAL MONTH:  10.8 INCHES  5 = HAIL
                        GRTST 24HR   6.1 ON 17-17  6 = FREEZING RAIN OR DRIZZLE
                        GRTST DEPTH:  21 ON 21,20  7 = DUSTSTORM OR SANDSTORM:
                                                       VSBY 1/2 MILE OR LESS
                                                   8 = SMOKE OR HAZE
[NO. OF DAYS WITH]      [WEATHER - DAYS WITH]      9 = BLOWING SNOW
                                                   X = TORNADO
MAX 32 OR BELOW:  19    0.01 INCH OR MORE:   5
MAX 90 OR ABOVE:   0    0.10 INCH OR MORE:   3
MIN 32 OR BELOW:  21    0.50 INCH OR MORE:   1
MIN  0 OR BELOW:  15    1.00 INCH OR MORE:   0

[HDD (BASE 65) ]
TOTAL THIS MO.  1333    CLEAR  (SCALE 0-3)   5
DPTR FM NORMAL  -204    PTCLDY (SCALE 4-7)  10
TOTAL FM JUL 1  6627    CLOUDY (SCALE 8-10)  6
DPTR FM NORMAL -1182

[CDD (BASE 65) ]
TOTAL THIS MO.     0
DPTR FM NORMAL     0    [PRESSURE DATA]
TOTAL FM JAN 1     0    HIGHEST SLP M ON M
DPTR FM NORMAL     0    LOWEST  SLP 29.25 ON 16

[REMARKS]
