000
CXAK56 PAFG 181205
CF6FAI
PRELIMINARY LOCAL CLIMATOLOGICAL DATA (WS FORM: F-6)

                                          STATION:   FAIRBANKS AK
                                          MONTH:     NOVEMBER
                                          YEAR:      2017
                                          LATITUDE:   64 49 N
                                          LONGITUDE: 147 52 W

  TEMPERATURE IN F:       :PCPN:    SNOW:  WIND      :SUNSHINE: SKY     :PK WND
================================================================================
1   2   3   4   5  6A  6B    7    8   9   10  11  12  13   14  15   16   17  18
                                     12Z  AVG MX 2MIN
DY MAX MIN AVG DEP HDD CDD  WTR  SNW DPTH SPD SPD DIR MIN PSBL S-S WX    SPD DR
================================================================================

 1  31  20  26  15  39   0    T    T    T  1.5  7  70   M    M   8 12     10 240
 2  30  20  25  15  40   0    T    T    T  2.7  9 200   M    M   9 1      12 200
 3  33  29  31  22  34   0 0.10  1.6    T  6.6 18 260   M    M   9 1      24 280
 4  29  16  23  15  42   0    T  0.1    2  3.1 13  60   M    M  10 1      15  60
 5  27  22  25  17  40   0    T    T    2  3.5 12 270   M    M   9 1      13 270
 6  22  11  17  10  48   0    T    T    3  4.7 12  70   M    M   9 1      14 100
 7  21   5  13   7  52   0    T    T    3  2.8 10  10   M    M   7        13  20
 8  19   5  12   6  53   0 0.07  1.6    3  2.7  9  90   M    M   9 1      11  80
 9  19   8  14   9  51   0 0.09  2.0    4  1.7  8  80   M    M   9 1       9  70
10  21  13  17  13  48   0 0.03  1.1    5  4.6 16 260   M    M  10 1      20 260
11  17   0   9   5  56   0    T  0.2    5  0.9  6  50   M    M   7 1       6  50
12  27  15  21  18  44   0 0.45  4.9    5  6.3 20 270   M    M  10 1      27 260
13  26  13  20  17  45   0 0.05  0.7    9  4.8 13 250   M    M   9 1      18 240
14  19  -8   6   4  59   0    T    T    9  0.8  7 140   M    M   7         8 150
15  11 -11   0  -2  65   0    T    T    8  0.9  8  50   M    M   6 1       8  50
16  13  10  12  11  53   0 0.22  3.4   10  1.4  6  20   M    M  10 1       6  20
17  12 -15  -1  -2  66   0 0.03  0.6   10  1.0  9 340   M    M   7 1      10 350
================================================================================
SM  377  153       835   0  1.04    16.2  50.0          M      145
================================================================================
AV 22.2  9.0                               2.9 FASTST   M    M   9    MAX(MPH)
                                 MISC ---->  # 20 270               # 27  260
================================================================================
NOTES:
# LAST OF SEVERAL OCCURRENCES

COLUMN 17 PEAK WIND IN M.P.H.

PRELIMINARY LOCAL CLIMATOLOGICAL DATA (WS FORM: F-6) , PAGE 2

                                          STATION:  FAIRBANKS AK
                                          MONTH:    NOVEMBER
                                          YEAR:     2017
                                          LATITUDE:   64 49 N
                                          LONGITUDE: 147 52 W

[TEMPERATURE DATA]      [PRECIPITATION DATA]       SYMBOLS USED IN COLUMN 16

AVERAGE MONTHLY: 15.6   TOTAL FOR MONTH:   1.04    1 = FOG OR MIST
DPTR FM NORMAL:  10.3   DPTR FM NORMAL:    0.65    2 = FOG REDUCING VISIBILITY
HIGHEST:    33 ON  3    GRTST 24HR  0.45 ON 12-12      TO 1/4 MILE OR LESS
LOWEST:    -15 ON 17                               3 = THUNDER
                        SNOW, ICE PELLETS, HAIL    4 = ICE PELLETS
                        TOTAL MONTH:  16.2 INCHES  5 = HAIL
                        GRTST 24HR   4.9 ON 12-12  6 = FREEZING RAIN OR DRIZZLE
                        GRTST DEPTH:  10 ON 17,16  7 = DUSTSTORM OR SANDSTORM:
                                                       VSBY 1/2 MILE OR LESS
                                                   8 = SMOKE OR HAZE
[NO. OF DAYS WITH]      [WEATHER - DAYS WITH]      9 = BLOWING SNOW
                                                   X = TORNADO
MAX 32 OR BELOW:  16    0.01 INCH OR MORE:   8
MAX 90 OR ABOVE:   0    0.10 INCH OR MORE:   3
MIN 32 OR BELOW:  17    0.50 INCH OR MORE:   0
MIN  0 OR BELOW:   4    1.00 INCH OR MORE:   0

[HDD (BASE 65) ]
TOTAL THIS MO.   835    CLEAR  (SCALE 0-3)   0
DPTR FM NORMAL  -180    PTCLDY (SCALE 4-7)   6
TOTAL FM JUL 1  2602    CLOUDY (SCALE 8-10) 11
DPTR FM NORMAL  -672

[CDD (BASE 65) ]
TOTAL THIS MO.     0
DPTR FM NORMAL     0    [PRESSURE DATA]
TOTAL FM JAN 1   104    HIGHEST SLP M ON M
DPTR FM NORMAL    43    LOWEST  SLP 29.63 ON 16

[REMARKS]
