000
CXUS53 KFGF 010915
CF6FAR
PRELIMINARY LOCAL CLIMATOLOGICAL DATA (WS FORM: F-6)

                                          STATION:   FARGO HECTOR INTL AP ND
                                          MONTH:     JUNE
                                          YEAR:      2015
                                          LATITUDE:   46 54 N
                                          LONGITUDE:  96 48 W

  TEMPERATURE IN F:       :PCPN:    SNOW:  WIND      :SUNSHINE: SKY     :PK WND
================================================================================
1   2   3   4   5  6A  6B    7    8   9   10  11  12  13   14  15   16   17  18
                                     12Z  AVG MX 2MIN
DY MAX MIN AVG DEP HDD CDD  WTR  SNW DPTH SPD SPD DIR MIN PSBL S-S WX    SPD DR
================================================================================

 1  74  52  63   1   2   0 0.00  0.0    0 18.6 29 150   M    M   6        38 160
 2  80  61  71   9   0   6    T  0.0    0 17.7 37 130   M    M   5        45 130
 3  71  56  64   1   1   0 0.00  0.0    0 12.6 18 310   M    M   8 18     22 320
 4  75  56  66   3   0   1 0.00  0.0    0  8.8 20  20   M    M   9        24  10
 5  76  56  66   3   0   1 0.00  0.0    0  9.0 15 140   M    M   6        22 110
 6  75  57  66   2   0   1 0.58  0.0    0 12.0 26 160   M    M   6 1      33 140
 7  86  55  71   7   0   6    T  0.0    0  9.9 23 310   M    M   2 1      36 280
 8  87  57  72   8   0   7 0.02  0.0    0  5.8 18 290   M    M   1        26 290
 9  92  59  76  12   0  11 0.02  0.0    0 11.2 29 330   M    M   0        37 340
10  73  56  65   0   0   0 0.00  0.0    0  6.2 14  30   M    M   0 18     16  30
11  80  57  69   4   0   4 0.00  0.0    0  4.9 14  70   M    M   2        19  80
12  82  56  69   4   0   4 0.00  0.0    0 11.1 21 160   M    M   0        26 180
13  82  60  71   5   0   6 0.00  0.0    0 11.9 23 180   M    M   1        28 140
14  72  56  64  -2   1   0 0.87  0.0    0  8.9 24 350   M    M   5 1      29 350
15  72  51  62  -4   3   0 0.00  0.0    0  9.6 21 310   M    M   2        24 340
16  63  44  54 -12  11   0 0.29  0.0    0  5.9 14 200   M    M   6 1      16 190
17  72  53  63  -4   2   0 0.00  0.0    0  4.5 12 250   M    M   6        13 250
18  70  53  62  -5   3   0    T  0.0    0  9.0 21 360   M    M   3        25 360
19  83  52  68   1   0   3 0.03  0.0    0 13.1 25 200   M    M   5 1      33 190
20  80  58  69   1   0   4 0.14  0.0    0  8.4 17  30   M    M   6 1      21  30
21  85  52  69   1   0   4 0.11  0.0    0  6.3 21 140   M    M   1 12     27 270
22  74  57  66  -2   0   1 0.41  0.0    0 10.9 31 260   M    M   5 13     44 270
23  83  54  69   1   0   4 0.00  0.0    0  7.7 17 270   M    M   1        23 280
24  81  59  70   2   0   5 0.21  0.0    0  7.3 30 350   M    M   3 1      44 330
25  81  53  67  -2   0   2 0.00  0.0    0  2.2 12  10   M    M   1 12     14 330
26  85  58  72   3   0   7 0.00  0.0    0  5.1 14 270   M    M   0 1      17 350
27  84  61  73   4   0   8 0.07  0.0    0  9.8 23  40   M    M   0 3      29 150
28  83  57  70   1   0   5 0.00  0.0    0  8.7 20 340   M    M   1 18     27 340
29  78  61  70   1   0   5 0.00  0.0    0  8.1 17 330   M    M   0 18     20 330
30  75  56  66  -4   0   1 0.00  0.0    0  2.7  8  80   M    M   0 18     11  10
================================================================================
SM 2354 1673        23  96  2.75     0.0 267.9          M       91
================================================================================
AV 78.5 55.8                               8.9 FASTST   M    M   3    MAX(MPH)
                                 MISC ---->  # 37 130               # 45  130
================================================================================
NOTES:
# LAST OF SEVERAL OCCURRENCES

COLUMN 17 PEAK WIND IN M.P.H.

PRELIMINARY LOCAL CLIMATOLOGICAL DATA (WS FORM: F-6) , PAGE 2

                                          STATION:  FARGO HECTOR INTL AP ND
                                          MONTH:    JUNE
                                          YEAR:     2015
                                          LATITUDE:   46 54 N
                                          LONGITUDE:  96 48 W

[TEMPERATURE DATA]      [PRECIPITATION DATA]       SYMBOLS USED IN COLUMN 16

AVERAGE MONTHLY: 67.1   TOTAL FOR MONTH:   2.75    1 = FOG OR MIST
DPTR FM NORMAL:   0.9   DPTR FM NORMAL:   -1.15    2 = FOG REDUCING VISIBILITY
HIGHEST:    92 ON  9    GRTST 24HR  0.87 ON 14-14      TO 1/4 MILE OR LESS
LOWEST:     44 ON 16                               3 = THUNDER
                        SNOW, ICE PELLETS, HAIL    4 = ICE PELLETS
                        TOTAL MONTH:   0.0 INCH    5 = HAIL
                        GRTST 24HR     0.0         6 = FREEZING RAIN OR DRIZZLE
                        GRTST DEPTH:   0           7 = DUSTSTORM OR SANDSTORM:
                                                       VSBY 1/2 MILE OR LESS
                                                   8 = SMOKE OR HAZE
[NO. OF DAYS WITH]      [WEATHER - DAYS WITH]      9 = BLOWING SNOW
                                                   X = TORNADO
MAX 32 OR BELOW:   0    0.01 INCH OR MORE:  11
MAX 90 OR ABOVE:   1    0.10 INCH OR MORE:   7
MIN 32 OR BELOW:   0    0.50 INCH OR MORE:   2
MIN  0 OR BELOW:   0    1.00 INCH OR MORE:   0

[HDD (BASE 65) ]
TOTAL THIS MO.    23    CLEAR  (SCALE 0-3)  16
DPTR FM NORMAL   -50    PTCLDY (SCALE 4-7)  13
TOTAL FM JUL 1  8255    CLOUDY (SCALE 8-10)  1
DPTR FM NORMAL  -547

[CDD (BASE 65) ]
TOTAL THIS MO.    96
DPTR FM NORMAL   -11    [PRESSURE DATA]
TOTAL FM JAN 1   111    HIGHEST SLP M ON M
DPTR FM NORMAL   -27    LOWEST  SLP 29.55 ON  9

[REMARKS]
#FINAL-06-15#
