000
CXUS53 KFGF 270915
CF6FAR
PRELIMINARY LOCAL CLIMATOLOGICAL DATA (WS FORM: F-6)

                                          STATION:   FARGO HECTOR INTL AP ND
                                          MONTH:     FEBRUARY
                                          YEAR:      2015
                                          LATITUDE:   46 54 N
                                          LONGITUDE:  96 48 W

  TEMPERATURE IN F:       :PCPN:    SNOW:  WIND      :SUNSHINE: SKY     :PK WND
================================================================================
1   2   3   4   5  6A  6B    7    8   9   10  11  12  13   14  15   16   17  18
                                     12Z  AVG MX 2MIN
DY MAX MIN AVG DEP HDD CDD  WTR  SNW DPTH SPD SPD DIR MIN PSBL S-S WX    SPD DR
================================================================================

 1   6  -7   0 -10  65   0 0.00  0.0    0 13.6 24 360   M    M   4        30 360
 2  22  -3  10  -1  55   0 0.00  0.0    0 10.0 17 350   M    M   0        20 340
 3  16   4  10  -1  55   0 0.05  0.7    0  3.4  9 310   M    M   9 18     11 340
 4  10  -6   2  -9  63   0    T  0.1    1 10.3 17 340   M    M   3 8      22 320
 5  26  -2  12   1  53   0 0.00  0.0    1 10.9 21 170   M    M   1        26 170
 6  34  16  25  13  40   0 0.00  0.0    1  7.4 15  60   M    M   3 18     17  60
 7  36  20  28  16  37   0 0.00  0.0    T  7.6 18 360   M    M   5 18     22 140
 8  25  15  20   8  45   0 0.00  0.0    T 13.7 21 340   M    M  10 1      25 340
 9  24  12  18   6  47   0    T    T    T  6.8 13 340   M    M  10 18     15 340
10  32  17  25  12  40   0 0.37  3.5    T 15.0 30 330   M    M  10 1268   37 320
11  17  -7   5  -8  60   0    T    T    3 20.7 32 330   M    M   4 8      41 330
12  14 -17  -1 -15  66   0 0.00  0.0    3  9.7 20 170   M    M   3        25 170
13  19   6  13  -1  52   0    T    T    3 15.0 33 350   M    M   9 8      39 340
14   6 -11  -2 -16  67   0    T    T    3 13.1 32 350   M    M   6 8      39 360
15  14  -1   7  -7  58   0 0.11  3.0    5 15.0 26 160   M    M  10 18     31 150
16  15  -1   7  -8  58   0    T  0.2    5 12.7 22 350   M    M   7 18     27 350
17   3  -9  -3 -18  68   0    T    T    5 14.6 24 320   M    M   4 8      31 320
18  -1 -15  -8 -24  73   0 0.00  0.0    5  9.0 22 330   M    M   0        25 330
19  15 -19  -2 -18  67   0 0.01  0.2    3 11.9 24 160   M    M   4 8      31 140
20  27  10  19   3  46   0 0.02  0.3    4 15.1 24 350   M    M  10 8      34 170
21  10 -11   0 -17  65   0    T    T    4 16.2 24 340   M    M   6 8      27 340
22  -5 -19 -12 -29  77   0 0.00  0.0    4 10.6 20 330   M    M   1        25 330
23  31 -14   9  -9  56   0    T    T    4 17.2 32 200   M    M   3        39 210
24  32   9  21   3  44   0 0.01  0.1    4 16.9 37 330   M    M   7 18     45 340
25   9  -8   1 -18  64   0    T    T    4 15.0 25 350   M    M   6 8      32 330
26   9 -12  -1 -20  66   0 0.00  0.0    3 10.1 17 340   M    M   0        22 330
================================================================================
SM  446  -53      1487   0  0.57     8.1 321.5          M      135
================================================================================
AV 17.2 -2.0                              12.4 FASTST   M    M   5    MAX(MPH)
                                 MISC ---->  # 37 330               # 45  340
================================================================================
NOTES:
# LAST OF SEVERAL OCCURRENCES

COLUMN 17 PEAK WIND IN M.P.H.

PRELIMINARY LOCAL CLIMATOLOGICAL DATA (WS FORM: F-6) , PAGE 2

                                          STATION:  FARGO HECTOR INTL AP ND
                                          MONTH:    FEBRUARY
                                          YEAR:     2015
                                          LATITUDE:   46 54 N
                                          LONGITUDE:  96 48 W

[TEMPERATURE DATA]      [PRECIPITATION DATA]       SYMBOLS USED IN COLUMN 16

AVERAGE MONTHLY:  7.6   TOTAL FOR MONTH:   0.57    1 = FOG OR MIST
DPTR FM NORMAL:  -6.7   DPTR FM NORMAL:    0.02    2 = FOG REDUCING VISIBILITY
HIGHEST:    36 ON  7    GRTST 24HR  0.37 ON 10-10      TO 1/4 MILE OR LESS
LOWEST:    -19 ON 22,19                            3 = THUNDER
                        SNOW, ICE PELLETS, HAIL    4 = ICE PELLETS
                        TOTAL MONTH:   8.1 INCHES  5 = HAIL
                        GRTST 24HR   3.5 ON 10-10  6 = FREEZING RAIN OR DRIZZLE
                        GRTST DEPTH:   5 ON 18,17  7 = DUSTSTORM OR SANDSTORM:
                                                       VSBY 1/2 MILE OR LESS
                                                   8 = SMOKE OR HAZE
[NO. OF DAYS WITH]      [WEATHER - DAYS WITH]      9 = BLOWING SNOW
                                                   X = TORNADO
MAX 32 OR BELOW:  24    0.01 INCH OR MORE:   6
MAX 90 OR ABOVE:   0    0.10 INCH OR MORE:   2
MIN 32 OR BELOW:  26    0.50 INCH OR MORE:   0
MIN  0 OR BELOW:  17    1.00 INCH OR MORE:   0

[HDD (BASE 65) ]
TOTAL THIS MO.  1487    CLEAR  (SCALE 0-3)   8
DPTR FM NORMAL   167    PTCLDY (SCALE 4-7)  11
TOTAL FM JUL 1  6306    CLOUDY (SCALE 8-10)  7
DPTR FM NORMAL  -282

[CDD (BASE 65) ]
TOTAL THIS MO.     0
DPTR FM NORMAL     0    [PRESSURE DATA]
TOTAL FM JAN 1     0    HIGHEST SLP M ON M
DPTR FM NORMAL     0    LOWEST  SLP 29.55 ON  7

[REMARKS]
