000
CXUS53 KFGF 290915
CF6FAR
PRELIMINARY LOCAL CLIMATOLOGICAL DATA (WS FORM: F-6)

                                          STATION:   FARGO HECTOR INTL AP ND
                                          MONTH:     APRIL
                                          YEAR:      2016
                                          LATITUDE:   46 54 N
                                          LONGITUDE:  96 48 W

  TEMPERATURE IN F:       :PCPN:    SNOW:  WIND      :SUNSHINE: SKY     :PK WND
================================================================================
1   2   3   4   5  6A  6B    7    8   9   10  11  12  13   14  15   16   17  18
                                     12Z  AVG MX 2MIN
DY MAX MIN AVG DEP HDD CDD  WTR  SNW DPTH SPD SPD DIR MIN PSBL S-S WX    SPD DR
================================================================================

 1  40  23  32  -4  33   0 0.01  0.3    0 18.9 45 340   M    M   5 1      52 350
 2  32  19  26 -11  39   0    T    T    T 16.0 35 340   M    M   3        42 340
 3  48  27  38   0  27   0 0.00  0.0    0 18.0 29 340   M    M   4        38 360
 4  43  21  32  -6  33   0 0.00  0.0    0  8.8 21 340   M    M   5        28 340
 5  53  31  42   3  23   0 0.02  0.0    0 17.1 33 160   M    M   4        42 170
 6  41  32  37  -2  28   0    T    T    0 12.4 24 350   M    M   9 1      28 340
 7  39  32  36  -4  29   0 0.18    T    0 17.3 31 350   M    M  10 1      37 350
 8  34  17  26 -14  39   0 0.01  0.2    T 18.6 31 340   M    M   4 1      40 340
 9  50  16  33  -8  32   0 0.00  0.0    0 19.5 39 150   M    M   1        51 150
10  46  30  38  -3  27   0    T    T    0 18.4 31 320   M    M   6        39 320
11  40  21  31 -11  34   0    T  0.1    T 15.0 31 340   M    M   2 1      37 350
12  49  20  35  -7  30   0 0.00  0.0    0 12.0 24 140   M    M   2        33 140
13  68  22  45   2  20   0 0.00  0.0    0  7.7 15 120   M    M   0        20 100
14  74  47  61  17   4   0 0.00  0.0    0 12.4 23 150   M    M   1        29 150
15  72  55  64  20   1   0    T  0.0    0 19.2 38 180   M    M   5        48 190
16  69  41  55  10  10   0 0.15  0.0    0 11.1 31 260   M    M  10 1      40 260
17  53  40  47   2  18   0    T  0.0    0 12.0 21 350   M    M  10 1      24 350
18  56  42  49   3  16   0 0.14  0.0    0 13.8 21 360   M    M  10 1      26 360
19  52  47  50   4  15   0 0.26  0.0    0  6.4 13 130   M    M  10 1      15 140
20  66  47  57  10   8   0 0.00  0.0    0  3.4  9 180   M    M   7 18     10 180
21  56  34  45  -2  20   0    T  0.0    0 16.2 30 350   M    M   3        35 350
22  64  29  47  -1  18   0 0.00  0.0    0  7.0 14 130   M    M   0        21 120
23  64  48  56   8   9   0 0.04  0.0    0 16.1 24  90   M    M   3        32  90
24  60  43  52   3  13   0 0.72  0.0    0 19.3 28  80   M    M   6 1      35  90
25  46  41  44  -5  21   0 0.58  0.0    0 12.5 18  80   M    M   9 1      23  60
26  50  38  44  -6  21   0 0.00  0.0    0 10.1 22  80   M    M  10 1      25  80
27  57  39  48  -2  17   0 0.00  0.0    0 14.2 26  80   M    M   5        33  80
28  62  40  51   0  14   0 0.00  0.0    0  9.4 20  60   M    M   7        30  60
================================================================================
SM 1484  942       599   0  2.11     0.6 382.8          M      151
================================================================================
AV 53.0 33.6                              13.7 FASTST   M    M   5    MAX(MPH)
                                 MISC ---->  # 45 340               # 52  350
================================================================================
NOTES:
# LAST OF SEVERAL OCCURRENCES

COLUMN 17 PEAK WIND IN M.P.H.

PRELIMINARY LOCAL CLIMATOLOGICAL DATA (WS FORM: F-6) , PAGE 2

                                          STATION:  FARGO HECTOR INTL AP ND
                                          MONTH:    APRIL
                                          YEAR:     2016
                                          LATITUDE:   46 54 N
                                          LONGITUDE:  96 48 W

[TEMPERATURE DATA]      [PRECIPITATION DATA]       SYMBOLS USED IN COLUMN 16

AVERAGE MONTHLY: 43.3   TOTAL FOR MONTH:   2.11    1 = FOG OR MIST
DPTR FM NORMAL:  -0.4   DPTR FM NORMAL:    0.88    2 = FOG REDUCING VISIBILITY
HIGHEST:    74 ON 14    GRTST 24HR  1.28 ON 24-25      TO 1/4 MILE OR LESS
LOWEST:     16 ON  9                               3 = THUNDER
                        SNOW, ICE PELLETS, HAIL    4 = ICE PELLETS
                        TOTAL MONTH:   0.6 INCH    5 = HAIL
                        GRTST 24HR   0.3 ON   M    6 = FREEZING RAIN OR DRIZZLE
                        GRTST DEPTH:   0           7 = DUSTSTORM OR SANDSTORM:
                                                       VSBY 1/2 MILE OR LESS
                                                   8 = SMOKE OR HAZE
[NO. OF DAYS WITH]      [WEATHER - DAYS WITH]      9 = BLOWING SNOW
                                                   X = TORNADO
MAX 32 OR BELOW:   1    0.01 INCH OR MORE:  10
MAX 90 OR ABOVE:   0    0.10 INCH OR MORE:   6
MIN 32 OR BELOW:  14    0.50 INCH OR MORE:   2
MIN  0 OR BELOW:   0    1.00 INCH OR MORE:   0

[HDD (BASE 65) ]
TOTAL THIS MO.   599    CLEAR  (SCALE 0-3)   7
DPTR FM NORMAL     1    PTCLDY (SCALE 4-7)  13
TOTAL FM JUL 1  6942    CLOUDY (SCALE 8-10)  8
DPTR FM NORMAL -1486

[CDD (BASE 65) ]
TOTAL THIS MO.     0
DPTR FM NORMAL     0    [PRESSURE DATA]
TOTAL FM JAN 1     0    HIGHEST SLP M ON M
DPTR FM NORMAL     0    LOWEST  SLP 29.47 ON  3

[REMARKS]
