000
CXUS56 KHNX 291146
CF6FAT
PRELIMINARY LOCAL CLIMATOLOGICAL DATA (WS FORM: F-6)

                                          STATION:   FRESNO CA
                                          MONTH:     AUGUST
                                          YEAR:      2016
                                          LATITUDE:   36 46 N
                                          LONGITUDE: 119 43 W

  TEMPERATURE IN F:       :PCPN:    SNOW:  WIND      :SUNSHINE: SKY     :PK WND
================================================================================
1   2   3   4   5  6A  6B    7    8   9   10  11  12  13   14  15   16   17  18
                                     12Z  AVG MX 2MIN
DY MAX MIN AVG DEP HDD CDD  WTR  SNW DPTH SPD SPD DIR MIN PSBL S-S WX    SPD DR
================================================================================

 1 101  69  85   2   0  20 0.00  0.0    0  7.2 15 310   M    M   1        18 310
 2 101  68  85   2   0  20 0.00  0.0    0  7.1 15 300   M    M   1        18 310
 3 102  71  87   4   0  22 0.00  0.0    0  6.7 14 290   M    M   1        19 300
 4 100  68  84   1   0  19 0.00  0.0    0  7.4 14 300   M    M   3         M  M
 5  93  63  78  -5   0  13 0.00  0.0    0  9.2 16 310   M    M   2        18 300
 6  97  63  80  -3   0  15 0.00  0.0    0  6.7 16 290   M    M   3        19 290
 7  96  64  80  -3   0  15 0.00  0.0    0  8.0 14 300   M    M   2        19 290
 8  98  64  81  -2   0  16 0.00  0.0    0  5.8 14 300   M    M   1        16 310
 9  96  67  82  -1   0  17 0.00  0.0    0  6.1 13 320   M    M   3 8      15 300
10  96  65  81  -1   0  16 0.00  0.0    0  6.0 12 300   M    M   2        15 250
11  99  67  83   1   0  18 0.00  0.0    0  6.7 15 300   M    M   0        21 360
12 101  68  85   3   0  20 0.00  0.0    0  7.4 16 300   M    M   2        18 300
13 103  70  87   5   0  22 0.00  0.0    0  7.5 15 300   M    M   2        19 310
14 107  72  90   8   0  25 0.00  0.0    0  6.6 16 300   M    M   1        21 310
15 102  71  87   5   0  22 0.00  0.0    0  7.6 15 310   M    M   1        20 310
16 101  69  85   3   0  20 0.00  0.0    0  6.0 13 300   M    M   0        16 320
17 103  68  86   4   0  21 0.00  0.0    0  4.7 13 320   M    M   1 8      16 320
18 102  69  86   4   0  21 0.00  0.0    0  6.4 14 310   M    M   0 8      17 300
19 101  70  86   5   0  21 0.00  0.0    0  5.6 14 310   M    M   2 8      17 310
20 100  70  85   4   0  20 0.00  0.0    0  6.3 18 290   M    M   3 8      22 300
21  99  69  84   3   0  19 0.00  0.0    0  7.7 16 310   M    M   3        20 310
22  96  65  81   0   0  16 0.00  0.0    0  6.9 15 310   M    M   4        20 310
23  98  68  83   2   0  18 0.00  0.0    0  7.2 15 300   M    M   1        22  10
24  97  65  81   0   0  16 0.00  0.0    0  6.5 15 280   M    M   0        18 280
25  96  64  80   0   0  15 0.00  0.0    0  5.6 13 300   M    M   0        15 300
26  92  63  78  -2   0  13 0.00  0.0    0  7.2 15 280   M    M   2        19 290
27  90  61  76  -4   0  11 0.00  0.0    0  6.9 14 310   M    M   2        17 320
28  93  62  78  -2   0  13 0.00  0.0    0  6.9 13 320   M    M   0        15 310
================================================================================
SM 2760 1873         0 504  0.00     0.0 189.9          M       43
================================================================================
AV 98.6 66.9                               6.8 FASTST   M    M   2    MAX(MPH)
                                 MISC ---->  # 18 290               # 22  300
================================================================================
NOTES:
# LAST OF SEVERAL OCCURRENCES

COLUMN 17 PEAK WIND IN M.P.H.

PRELIMINARY LOCAL CLIMATOLOGICAL DATA (WS FORM: F-6) , PAGE 2

                                          STATION:  FRESNO CA
                                          MONTH:    AUGUST
                                          YEAR:     2016
                                          LATITUDE:   36 46 N
                                          LONGITUDE: 119 43 W

[TEMPERATURE DATA]      [PRECIPITATION DATA]       SYMBOLS USED IN COLUMN 16

AVERAGE MONTHLY: 82.7   TOTAL FOR MONTH:   0.00    1 = FOG OR MIST
DPTR FM NORMAL:   0.9   DPTR FM NORMAL:   -0.01    2 = FOG REDUCING VISIBILITY
HIGHEST:   107 ON 14    GRTST 24HR  0.00 ON 28-28      TO 1/4 MILE OR LESS
LOWEST:     61 ON 27                               3 = THUNDER
                        SNOW, ICE PELLETS, HAIL    4 = ICE PELLETS
                        TOTAL MONTH:   0.0 INCH    5 = HAIL
                        GRTST 24HR     0.0         6 = FREEZING RAIN OR DRIZZLE
                        GRTST DEPTH:   0           7 = DUSTSTORM OR SANDSTORM:
                                                       VSBY 1/2 MILE OR LESS
                                                   8 = SMOKE OR HAZE
[NO. OF DAYS WITH]      [WEATHER - DAYS WITH]      9 = BLOWING SNOW
                                                   X = TORNADO
MAX 32 OR BELOW:   0    0.01 INCH OR MORE:   0
MAX 90 OR ABOVE:  28    0.10 INCH OR MORE:   0
MIN 32 OR BELOW:   0    0.50 INCH OR MORE:   0
MIN  0 OR BELOW:   0    1.00 INCH OR MORE:   0

[HDD (BASE 65) ]
TOTAL THIS MO.     0    CLEAR  (SCALE 0-3)  27
DPTR FM NORMAL     0    PTCLDY (SCALE 4-7)   1
TOTAL FM JUL 1     0    CLOUDY (SCALE 8-10)  0
DPTR FM NORMAL     0

[CDD (BASE 65) ]
TOTAL THIS MO.   504
DPTR FM NORMAL    34    [PRESSURE DATA]
TOTAL FM JAN 1  1867    HIGHEST SLP M ON M
DPTR FM NORMAL   229    LOWEST  SLP 29.70 ON M

[REMARKS]
