000
CXUS52 KFFC 191110
CF6FFC
PRELIMINARY LOCAL CLIMATOLOGICAL DATA (WS FORM: F-6)

                                          STATION:   PEACHTREE CITY
                                          MONTH:     SEPTEMBER
                                          YEAR:      2017
                                          LATITUDE:   33 20 N
                                          LONGITUDE:  84 34 W

  TEMPERATURE IN F:       :PCPN:    SNOW:  WIND      :SUNSHINE: SKY     :PK WND
================================================================================
1   2   3   4   5  6A  6B    7    8   9   10  11  12  13   14  15   16   17  18
                                     12Z  AVG MX 2MIN
DY MAX MIN AVG DEP HDD CDD  WTR  SNW DPTH SPD SPD DIR MIN PSBL S-S WX    SPD DR
================================================================================

 1  83  65  74  -3   0   9 0.32  0.0    0  7.2 17 230   M    M   5 1      25 220
 2  83  61  72  -4   0   7 0.00  0.0    0  3.5 12 310   M    M   1 1      17 330
 3  85  58  72  -4   0   7 0.00  0.0    0  2.4 12 310   M    M   1 1      16 340
 4  86  59  73  -3   0   8 0.00  0.0    0  1.1  8 290   M    M   1 12     12 270
 5  87  64  76   0   0  11 0.52  0.0    0  2.2 23 320   M    M   3 138    30 320
 6  76  55  66  -9   0   1    T  0.0    0  6.3 16 320   M    M   4 1      20 320
 7  78  50  64 -11   1   0 0.00  0.0    0  2.3 12  30   M    M   0        15  10
 8  82  51  67  -8   0   2 0.00  0.0    0  2.0 10  70   M    M   1        14  30
 9  80  57  69  -6   0   4 0.00  0.0    0  5.3 18  60   M    M   0        27  90
10  73  61  67  -7   0   2    T  0.0    0  8.5 20  80   M    M   4        32  70
11  65  57  61 -13   4   0 4.03  0.0    0 12.1 28  20   M    M   9 1      48  20
12  66  60  63 -11   2   0 0.16  0.0    0  7.0 16 120   M    M   9 1      24 140
13  77  57  67  -6   0   2    T  0.0    0  3.2 12 230   M    M   5 1      20 220
14  80  65  73   0   0   8 0.00  0.0    0  1.8  8 330   M    M   7 1      11 320
15  86  61  74   1   0   9 0.00  0.0    0  0.7  7 170   M    M   1 1      10 170
16  87  63  75   3   0  10 0.00  0.0    0  1.1  8 120   M    M   3 1      12 140
17  89  63  76   4   0  11 0.00  0.0    0  0.8  7 340   M    M   2 1      10  80
18  88  62  75   3   0  10 0.00  0.0    0  1.5 10 340   M    M   1 1      13 310
================================================================================
SM 1451 1069         7 101  5.03     0.0  69.0          M       57
================================================================================
AV 80.6 59.4                               3.8 FASTST   M    M   3    MAX(MPH)
                                 MISC ---->  # 28  20               # 48   20
================================================================================
NOTES:
# LAST OF SEVERAL OCCURRENCES

COLUMN 17 PEAK WIND IN M.P.H.

PRELIMINARY LOCAL CLIMATOLOGICAL DATA (WS FORM: F-6) , PAGE 2

                                          STATION:  PEACHTREE CITY
                                          MONTH:    SEPTEMBER
                                          YEAR:     2017
                                          LATITUDE:   33 20 N
                                          LONGITUDE:  84 34 W

[TEMPERATURE DATA]      [PRECIPITATION DATA]       SYMBOLS USED IN COLUMN 16

AVERAGE MONTHLY: 70.0   TOTAL FOR MONTH:   5.03    1 = FOG OR MIST
DPTR FM NORMAL:  -4.3   DPTR FM NORMAL:    2.84    2 = FOG REDUCING VISIBILITY
HIGHEST:    89 ON 17    GRTST 24HR  4.03 ON 11-11      TO 1/4 MILE OR LESS
LOWEST:     50 ON  7                               3 = THUNDER
                        SNOW, ICE PELLETS, HAIL    4 = ICE PELLETS
                        TOTAL MONTH:   0.0 INCH    5 = HAIL
                        GRTST 24HR     0.0         6 = FREEZING RAIN OR DRIZZLE
                        GRTST DEPTH:   0           7 = DUSTSTORM OR SANDSTORM:
                                                       VSBY 1/2 MILE OR LESS
                                                   8 = SMOKE OR HAZE
[NO. OF DAYS WITH]      [WEATHER - DAYS WITH]      9 = BLOWING SNOW
                                                   X = TORNADO
MAX 32 OR BELOW:   0    0.01 INCH OR MORE:   4
MAX 90 OR ABOVE:   0    0.10 INCH OR MORE:   4
MIN 32 OR BELOW:   0    0.50 INCH OR MORE:   2
MIN  0 OR BELOW:   0    1.00 INCH OR MORE:   1

[HDD (BASE 65) ]
TOTAL THIS MO.     7    CLEAR  (SCALE 0-3)  11
DPTR FM NORMAL     7    PTCLDY (SCALE 4-7)   5
TOTAL FM JUL 1     7    CLOUDY (SCALE 8-10)  2
DPTR FM NORMAL     7

[CDD (BASE 65) ]
TOTAL THIS MO.   101
DPTR FM NORMAL   -67    [PRESSURE DATA]
TOTAL FM JAN 1  1600    HIGHEST SLP M ON M
DPTR FM NORMAL    52    LOWEST  SLP 29.52 ON 11

[REMARKS]
