000
CXUS52 KFFC 261110
CF6FFC
PRELIMINARY LOCAL CLIMATOLOGICAL DATA (WS FORM: F-6)

                                          STATION:   PEACHTREE CITY
                                          MONTH:     MARCH
                                          YEAR:      2015
                                          LATITUDE:   33 20 N
                                          LONGITUDE:  84 34 W

  TEMPERATURE IN F:       :PCPN:    SNOW:  WIND      :SUNSHINE: SKY     :PK WND
================================================================================
1   2   3   4   5  6A  6B    7    8   9   10  11  12  13   14  15   16   17  18
                                     12Z  AVG MX 2MIN
DY MAX MIN AVG DEP HDD CDD  WTR  SNW DPTH SPD SPD DIR MIN PSBL S-S WX    SPD DR
================================================================================

 1  46  38  42  -8  23   0 0.17    M    M  5.1 12  90   M    M  10 18     17  90
 2  66  45  56   6   9   0 0.01    M    M  3.1 12 320   M    M   9 12     13 330
 3  63  52  58   8   7   0 0.01    M    M  3.6  9 120   M    M  10 12     12 120
 4  79  49  64  13   1   0 0.10    M    M  5.7 15 240   M    M   7 12     23 190
 5  69  31  50  -1  15   0 0.14    M    M 12.0 24 320   M    M   9 1      30 330
 6  51  28  40 -11  25   0 0.00    M    M  6.3 20 320   M    M   6 18     25 320
 7  64  25  45  -6  20   0 0.00  0.0    M  2.5 13 320   M    M   0        17 310
 8  72  28  50  -1  15   0 0.00  0.0    M  1.1 10 260   M    M   2 18     14 180
 9  70  49  60   8   5   0    T  0.0    M  2.6  8  90   M    M   9        14 330
10  81  54  68  16   0   3 0.01  0.0    M  4.6 12 230   M    M   8        20 220
11  72  50  61   9   4   0 0.08  0.0    M  1.5 12 290   M    M   5 128    15 210
12  69  51  60   8   5   0 0.03    M    M  5.2 14  90   M    M   8 12     23 120
13  60  46  53   0  12   0 0.22    M    M  9.7 16  80   M    M   8 1      24  80
14  71  47  59   6   6   0 0.03    M    M  3.9 12 270   M    M   7 12     17 240
15  77  43  60   7   5   0 0.00    M    M  5.0 14 360   M    M   1 12     17 360
16  84  36  60   7   5   0 0.00    M    M  2.2 12 320   M    M   0 18     15 340
17  81  45  63   9   2   0 0.00    M    M  6.9 20 320   M    M   0 1      26 330
18  75  52  64  10   1   0 0.00    M    M  4.7 16 120   M    M   2 18     21 120
19  65  49  57   3   8   0 0.26  0.0    M  7.1 13  70   M    M  10 1      19  70
20  73  49  61   7   4   0 0.02  0.0    M  3.2 10 330   M    M   8 12     14 330
21  73  55  64  10   1   0 0.03  0.0    M  4.3 13 350   M    M   7 18     15 360
22  57  54  56   1   9   0 1.18    M    M  3.0 10  90   M    M  10 1      16  80
23  68  48  58   3   7   0 0.01  0.0    M  4.6 14 110   M    M   9 1      21 120
24  71  42  57   2   8   0 0.00    M    M  3.1 12 130   M    M   3 12     15 150
25  72  50  61   6   4   0 0.00    M    M  3.3  9 110   M    M   9 1      12 120
================================================================================
SM 1729 1116       201   3  2.30     0.0 114.3          M      157
================================================================================
AV 69.2 44.6                               4.6 FASTST   M    M   6    MAX(MPH)
                                 MISC ---->  # 24 320               # 30  330
================================================================================
NOTES:
# LAST OF SEVERAL OCCURRENCES

COLUMN 17 PEAK WIND IN M.P.H.

PRELIMINARY LOCAL CLIMATOLOGICAL DATA (WS FORM: F-6) , PAGE 2

                                          STATION:  PEACHTREE CITY
                                          MONTH:    MARCH
                                          YEAR:     2015
                                          LATITUDE:   33 20 N
                                          LONGITUDE:  84 34 W

[TEMPERATURE DATA]      [PRECIPITATION DATA]       SYMBOLS USED IN COLUMN 16

AVERAGE MONTHLY: 56.9   TOTAL FOR MONTH:   2.30    1 = FOG OR MIST
DPTR FM NORMAL:   4.3   DPTR FM NORMAL:   -1.91    2 = FOG REDUCING VISIBILITY
HIGHEST:    84 ON 16    GRTST 24HR  1.18 ON 22-22      TO 1/4 MILE OR LESS
LOWEST:     25 ON  7                               3 = THUNDER
                        SNOW, ICE PELLETS, HAIL    4 = ICE PELLETS
                        TOTAL MONTH:   0.0 INCH    5 = HAIL
                        GRTST 24HR     0.0         6 = FREEZING RAIN OR DRIZZLE
                        GRTST DEPTH:  M  ON   M    7 = DUSTSTORM OR SANDSTORM:
                                                       VSBY 1/2 MILE OR LESS
                                                   8 = SMOKE OR HAZE
[NO. OF DAYS WITH]      [WEATHER - DAYS WITH]      9 = BLOWING SNOW
                                                   X = TORNADO
MAX 32 OR BELOW:   0    0.01 INCH OR MORE:  15
MAX 90 OR ABOVE:   0    0.10 INCH OR MORE:   6
MIN 32 OR BELOW:   4    0.50 INCH OR MORE:   1
MIN  0 OR BELOW:   0    1.00 INCH OR MORE:   1

[HDD (BASE 65) ]
TOTAL THIS MO.   201    CLEAR  (SCALE 0-3)   7
DPTR FM NORMAL  -114    PTCLDY (SCALE 4-7)   8
TOTAL FM JUL 1  2719    CLOUDY (SCALE 8-10) 10
DPTR FM NORMAL    22

[CDD (BASE 65) ]
TOTAL THIS MO.     3
DPTR FM NORMAL     3    [PRESSURE DATA]
TOTAL FM JAN 1     3    HIGHEST SLP M ON M
DPTR FM NORMAL     3    LOWEST  SLP 29.84 ON  5

[REMARKS]
