000
CXUS53 KMKX 200657
CF6FLD
PRELIMINARY LOCAL CLIMATOLOGICAL DATA (WS FORM: F-6)

                                          STATION:   FOND_DU_LAC WI
                                          MONTH:     OCTOBER
                                          YEAR:      2014
                                          LATITUDE:   43 46 N
                                          LONGITUDE:  88 29 W

  TEMPERATURE IN F:       :PCPN:    SNOW:  WIND      :SUNSHINE: SKY     :PK WND
================================================================================
1   2   3   4   5  6A  6B    7    8   9   10  11  12  13   14  15   16   17  18
                                     12Z  AVG MX 2MIN
DY MAX MIN AVG DEP HDD CDD  WTR  SNW DPTH SPD SPD DIR MIN PSBL S-S WX    SPD DR
================================================================================

 1  66  48  57   2   8   0 0.01  0.0    0  8.5 21 140   M    M   7 1      24 140
 2  68  57  63   8   2   0 0.12  0.0    0  5.2 17 170   M    M   8 18     21 170
 3  65  42  54   0  11   0 0.69  0.0    0 15.3 26 290   M    M   9 1      37 280
 4  45  38  42 -12  23   0 0.06    M    0 10.4 23 290   M    M  10        29 280
 5  50  34  42 -12  23   0 0.00  0.0    0  8.1 17 270   M    M   6        24 260
 6  57  35  46  -7  19   0 0.00    M    M  8.0 18 240   M    M   3        24 210
 7  63  44  54   1  11   0 0.00    M    M  9.9 18 290   M    M   3        25 280
 8  60  37  49  -3  16   0 0.00    M    M 10.8 29 300   M    M   1        39 310
 9  57  34  46  -6  19   0 0.00  0.0    0  7.3 10 300   M    M   0         M  M
10  55  34  45  -7  20   0 0.00  0.0    M  4.0  5 210   M    M   4         M  M
11  58  31  45  -6  20   0 0.00  0.0    0   M   M   M   M    M   M         M  M
12  61  36  49  -2  16   0 0.07  0.0    M  8.9 18 130   M    M  10 1      24 130
13  63  51  57   7   8   0 1.38  0.0    0  6.9 18  70   M    M  10 1      23  70
14  57  50  54   4  11   0 0.10  0.0    0 13.8 33  30   M    M   9 1      40  30
15  52  49  51   1  14   0 0.10    M    0 13.2 25  20   M    M   6 1      33 360
16  60  48  54   5  11   0 0.00    M    M  5.1 13 200   M    M   6 1      17 210
17  57  46  52   3  13   0 0.01    M    M 11.8 24 290   M    M   7 1      32 300
18  50  32  41  -7  24   0 0.05    M    M  8.6 21 360   M    M   5        26 360
19  56  30  43  -5  22   0    T    M    M 10.3 22 200   M    M   2        29 200
================================================================================
SM 1100  776       291   0  2.59     0.0 166.1          M      106
================================================================================
AV 57.9 40.8                               9.2 FASTST   M    M   6    MAX(MPH)
                                 MISC ---->  # 33  30               # 40   30
================================================================================
NOTES:
# LAST OF SEVERAL OCCURRENCES

COLUMN 17 PEAK WIND IN M.P.H.

PRELIMINARY LOCAL CLIMATOLOGICAL DATA (WS FORM: F-6) , PAGE 2

                                          STATION:  FOND_DU_LAC WI
                                          MONTH:    OCTOBER
                                          YEAR:     2014
                                          LATITUDE:   43 46 N
                                          LONGITUDE:  88 29 W

[TEMPERATURE DATA]      [PRECIPITATION DATA]       SYMBOLS USED IN COLUMN 16

AVERAGE MONTHLY: 49.4   TOTAL FOR MONTH:   2.59    1 = FOG OR MIST
DPTR FM NORMAL:  -2.2   DPTR FM NORMAL:    1.04    2 = FOG REDUCING VISIBILITY
HIGHEST:    68 ON  2    GRTST 24HR  1.43 ON 13-14      TO 1/4 MILE OR LESS
LOWEST:     30 ON 19                               3 = THUNDER
                        SNOW, ICE PELLETS, HAIL    4 = ICE PELLETS
                        TOTAL MONTH:   0.0 INCH    5 = HAIL
                        GRTST 24HR     0.0         6 = FREEZING RAIN OR DRIZZLE
                        GRTST DEPTH:   0           7 = DUSTSTORM OR SANDSTORM:
                                                       VSBY 1/2 MILE OR LESS
                                                   8 = SMOKE OR HAZE
[NO. OF DAYS WITH]      [WEATHER - DAYS WITH]      9 = BLOWING SNOW
                                                   X = TORNADO
MAX 32 OR BELOW:   0    0.01 INCH OR MORE:  10
MAX 90 OR ABOVE:   0    0.10 INCH OR MORE:   5
MIN 32 OR BELOW:   3    0.50 INCH OR MORE:   2
MIN  0 OR BELOW:   0    1.00 INCH OR MORE:   1

[HDD (BASE 65) ]
TOTAL THIS MO.   291    CLEAR  (SCALE 0-3)   4
DPTR FM NORMAL    30    PTCLDY (SCALE 4-7)   8
TOTAL FM JUL 1   502    CLOUDY (SCALE 8-10)  6
DPTR FM NORMAL    66

[CDD (BASE 65) ]
TOTAL THIS MO.     0
DPTR FM NORMAL    -7    [PRESSURE DATA]
TOTAL FM JAN 1   412    HIGHEST SLP M ON M
DPTR FM NORMAL  -181    LOWEST  SLP 29.44 ON M

[REMARKS]
