000
CXUS54 KLZK 241330
CF6FLP
PRELIMINARY LOCAL CLIMATOLOGICAL DATA (WS FORM: F-6)

                                          STATION:   Flippin
                                          MONTH:     APRIL
                                          YEAR:      2014
                                          LATITUDE:   36 17 N
                                          LONGITUDE:  92 28 W

  TEMPERATURE IN F:       :PCPN:    SNOW:  WIND      :SUNSHINE: SKY     :PK WND
================================================================================
1   2   3   4   5  6A  6B    7    8   9   10  11  12  13   14  15   16   17  18
                                     12Z  AVG MX 2MIN
DY MAX MIN AVG DEP HDD CDD  WTR  SNW DPTH SPD SPD DIR MIN PSBL S-S WX    SPD DR
================================================================================

 1  77  46  62   M   3   0 0.00  0.0    0  5.0 10 170   M    M   3        22 160
 2  75  57  66   M   0   1 0.00  0.0    0  6.0 14 160   M    M   9        21 160
 3  79  55  67   M   0   2 1.25  0.0    0  9.8 20 180   M    M   6 3      31 180
 4  57  39  48   M  17   0 0.00  0.0    0 11.6 17 300   M    M   5        28 300
 5  59  30  45   M  20   0 0.00  0.0    0  3.5  8 120   M    M   0         M  M
 6  57  45  51   M  14   0 0.02    M    0  4.0 10 110   M    M   4         M  M
 7  63  39  51   M  14   0 0.60    M    0  7.7 15 290   M    M   6        24 290
 8  63  45  54   M  11   0 0.00  0.0    0  8.7 18 340   M    M   2        28 340
 9  72  34  53   M  12   0 0.00  0.0    0  4.1  9 180   M    M   0        16 220
10  84  55  70   M   0   5 0.00  0.0    0  8.2 16 190   M    M   1        33 190
11  81  54  68   M   0   3 0.00  0.0    0  3.7 10 170   M    M   1         M  M
12  79  57  68   M   0   3 0.00  0.0    0  7.6 16 200   M    M   1        27 170
13  70  55  63   M   2   0 1.07  0.0    0  8.6 14 180   M    M   3 3      22 180
14  57  36  47   M  18   0 0.00  0.0    0 11.6 17 330   M    M   8        25 310
15  55  30  43   M  22   0 0.00  0.0    0  4.4  8  30   M    M   0         M  M
16  61  34  48   M  17   0 0.00  0.0    0  6.3 12 180   M    M   0        22 140
17  70  34  52   M  13   0 0.00  0.0    0  2.4  9  10   M    M   0         M  M
18  73  46  60   M   5   0 0.00  0.0    0  2.0  7  90   M    M   2         M  M
19  77  45  61   M   4   0 0.00  0.0    0  2.3  8 100   M    M   0         M  M
20  81  50  66   M   0   1 0.00  0.0    0  2.2  7 200   M    M   1         M  M
21  72  59  66   M   0   1 0.29  0.0    0  1.3  7  10   M    M   5         M  M
22  73  50  62   M   3   0 0.00  0.0    0  5.8 12 330   M    M   0        16 340
23  77  43  60   M   5   0 0.00  0.0    0  4.7  9 110   M    M   0         M  M
================================================================================
SM 1612 1038       180  16  3.23     0.0 131.5          M       57
================================================================================
AV 70.1 45.1                               5.7 FASTST   M    M   2    MAX(MPH)
                                 MISC ---->    20   M                 33    M
================================================================================
NOTES:
# LAST OF SEVERAL OCCURRENCES

COLUMN 17 PEAK WIND IN M.P.H.

PRELIMINARY LOCAL CLIMATOLOGICAL DATA (WS FORM: F-6) , PAGE 2

                                          STATION:  Flippin
                                          MONTH:    APRIL
                                          YEAR:     2014
                                          LATITUDE:   36 17 N
                                          LONGITUDE:  92 28 W

[TEMPERATURE DATA]      [PRECIPITATION DATA]       SYMBOLS USED IN COLUMN 16

AVERAGE MONTHLY: 57.6   TOTAL FOR MONTH:   3.23    1 = FOG OR MIST
DPTR FM NORMAL:     M   DPTR FM NORMAL:       M    2 = FOG REDUCING VISIBILITY
HIGHEST:    84 ON 10    GRTST 24HR  1.25 ON  3- 3      TO 1/4 MILE OR LESS
LOWEST:     30 ON 15, 5                            3 = THUNDER
                        SNOW, ICE PELLETS, HAIL    4 = ICE PELLETS
                        TOTAL MONTH:   0.0 INCH    5 = HAIL
                        GRTST 24HR     0.0         6 = FREEZING RAIN OR DRIZZLE
                        GRTST DEPTH:   0           7 = DUSTSTORM OR SANDSTORM:
                                                       VSBY 1/2 MILE OR LESS
                                                   8 = SMOKE OR HAZE
[NO. OF DAYS WITH]      [WEATHER - DAYS WITH]      9 = BLOWING SNOW
                                                   X = TORNADO
MAX 32 OR BELOW:   0    0.01 INCH OR MORE:   5
MAX 90 OR ABOVE:   0    0.10 INCH OR MORE:   4
MIN 32 OR BELOW:   2    0.50 INCH OR MORE:   3
MIN  0 OR BELOW:   0    1.00 INCH OR MORE:   2

[HDD (BASE 65) ]
TOTAL THIS MO.   180    CLEAR  (SCALE 0-3)  16
DPTR FM NORMAL     M    PTCLDY (SCALE 4-7)   5
TOTAL FM JUL 1  4304    CLOUDY (SCALE 8-10)  2
DPTR FM NORMAL     M

[CDD (BASE 65) ]
TOTAL THIS MO.    16
DPTR FM NORMAL     M    [PRESSURE DATA]
TOTAL FM JAN 1    16    HIGHEST SLP M ON M
DPTR FM NORMAL     M    LOWEST  SLP M ON M

[REMARKS]
