000
CXUS53 KDTX 250800
CF6FNT
PRELIMINARY LOCAL CLIMATOLOGICAL DATA (WS FORM: F-6)

                                          STATION:   FLINT MI
                                          MONTH:     MAY
                                          YEAR:      2017
                                          LATITUDE:   42 58 N
                                          LONGITUDE:  83 44 W

  TEMPERATURE IN F:       :PCPN:    SNOW:  WIND      :SUNSHINE: SKY     :PK WND
================================================================================
1   2   3   4   5  6A  6B    7    8   9   10  11  12  13   14  15   16   17  18
                                     12Z  AVG MX 2MIN
DY MAX MIN AVG DEP HDD CDD  WTR  SNW DPTH SPD SPD DIR MIN PSBL S-S WX    SPD DR
================================================================================

 1  68  45  57   5   8   0 0.48  0.0    0 12.2 25 240   M    M   8 13     33 240
 2  49  39  44  -8  21   0 0.13  0.0    0 15.1 26 260   M    M  10 1      38 260
 3  60  35  48  -5  17   0    T    M    0  6.0 16 310   M    M   1        19 320
 4  48  43  46  -7  19   0 0.45  0.0    0  9.9 18  40   M    M   8 1      25  40
 5  51  42  47  -6  18   0    T  0.0    0 15.3 30  30   M    M   6        39  40
 6  61  39  50  -4  15   0 0.00  0.0    0 12.7 29  10   M    M   6        35  10
 7  55  33  44 -10  21   0 0.00  0.0    0 12.2 22 290   M    M   1        30 320
 8  57  28  43 -11  22   0 0.00  0.0    0  7.9 20 280   M    M   0        26 300
 9  64  28  46  -9  19   0 0.00  0.0    0  3.9 12  60   M    M   2        13  70
10  68  41  55   0  10   0 0.05    M    0  6.0 15 120   M    M   3        18 110
11  65  45  55   0  10   0 0.05    M    0  9.2 20  40   M    M   6        25  60
12  68  38  53  -3  12   0 0.00  0.0    0  4.7 15  70   M    M   1        24  70
13  72  39  56   0   9   0 0.00  0.0    0  4.6 15 120   M    M   4 1      19 110
14  67  46  57   1   8   0 0.00  0.0    0  8.1 20 290   M    M   4        28 340
15  74  37  56   0   9   0 0.00  0.0    0  3.0 13 150   M    M   0        16 130
16  85  50  68  11   0   3 0.45  0.0    0  9.1 20 210   M    M   3 13     27 200
17  85  68  77  20   0  12 0.00  0.0    0 13.4 24 210   M    M   1        36 230
18  84  50  67   9   0   2 0.00  0.0    0 16.0 38 270   M    M   2        51 270
19  56  44  50  -8  15   0 0.01  0.0    0 12.2 21  70   M    M   9 18     25  70
20  67  45  56  -2   9   0 0.07  0.0    0 11.9 20 120   M    M   7        28  90
21  76  52  64   6   1   0 0.48  0.0    0  9.7 25 230   M    M   9 13     32 230
22  68  50  59   0   6   0 0.00  0.0    0 12.5 24 290   M    M   7        32 280
23  70  56  63   4   2   0 0.02  0.0    0  6.9 18  50   M    M   8        21  50
24  71  53  62   2   3   0 0.16  0.0    0 10.6 20  80   M    M   5 1      24  90
================================================================================
SM 1589 1046       254  17  2.35     0.0 233.1          M      111
================================================================================
AV 66.2 43.6                               9.7 FASTST   M    M   5    MAX(MPH)
                                 MISC ---->  # 38 270               # 51  270
================================================================================
NOTES:
# LAST OF SEVERAL OCCURRENCES

COLUMN 17 PEAK WIND IN M.P.H.

PRELIMINARY LOCAL CLIMATOLOGICAL DATA (WS FORM: F-6) , PAGE 2

                                          STATION:  FLINT MI
                                          MONTH:    MAY
                                          YEAR:     2017
                                          LATITUDE:   42 58 N
                                          LONGITUDE:  83 44 W

[TEMPERATURE DATA]      [PRECIPITATION DATA]       SYMBOLS USED IN COLUMN 16

AVERAGE MONTHLY: 54.9   TOTAL FOR MONTH:   2.35    1 = FOG OR MIST
DPTR FM NORMAL:  -0.9   DPTR FM NORMAL:   -0.03    2 = FOG REDUCING VISIBILITY
HIGHEST:    85 ON 17,16 GRTST 24HR  1.33 ON 30- 1      TO 1/4 MILE OR LESS
LOWEST:     28 ON  9, 8                            3 = THUNDER
                        SNOW, ICE PELLETS, HAIL    4 = ICE PELLETS
                        TOTAL MONTH:   0.0 INCH    5 = HAIL
                        GRTST 24HR     0.0         6 = FREEZING RAIN OR DRIZZLE
                        GRTST DEPTH:   0           7 = DUSTSTORM OR SANDSTORM:
                                                       VSBY 1/2 MILE OR LESS
                                                   8 = SMOKE OR HAZE
[NO. OF DAYS WITH]      [WEATHER - DAYS WITH]      9 = BLOWING SNOW
                                                   X = TORNADO
MAX 32 OR BELOW:   0    0.01 INCH OR MORE:  11
MAX 90 OR ABOVE:   0    0.10 INCH OR MORE:   6
MIN 32 OR BELOW:   2    0.50 INCH OR MORE:   0
MIN  0 OR BELOW:   0    1.00 INCH OR MORE:   0

[HDD (BASE 65) ]
TOTAL THIS MO.   254    CLEAR  (SCALE 0-3)   9
DPTR FM NORMAL    15    PTCLDY (SCALE 4-7)  11
TOTAL FM JUL 1  5765    CLOUDY (SCALE 8-10)  4
DPTR FM NORMAL -1081

[CDD (BASE 65) ]
TOTAL THIS MO.    17
DPTR FM NORMAL     1    [PRESSURE DATA]
TOTAL FM JAN 1    20    HIGHEST SLP M ON M
DPTR FM NORMAL     0    LOWEST  SLP 29.39 ON  1

[REMARKS]
