000
CXUS53 KDTX 300800
CF6FNT
PRELIMINARY LOCAL CLIMATOLOGICAL DATA (WS FORM: F-6)

                                          STATION:   FLINT MI
                                          MONTH:     MARCH
                                          YEAR:      2015
                                          LATITUDE:   42 58 N
                                          LONGITUDE:  83 44 W

  TEMPERATURE IN F:       :PCPN:    SNOW:  WIND      :SUNSHINE: SKY     :PK WND
================================================================================
1   2   3   4   5  6A  6B    7    8   9   10  11  12  13   14  15   16   17  18
                                     12Z  AVG MX 2MIN
DY MAX MIN AVG DEP HDD CDD  WTR  SNW DPTH SPD SPD DIR MIN PSBL S-S WX    SPD DR
================================================================================

 1  26   5  16 -12  49   0 0.01  0.4    8  6.2 18 270   M    M   7 18     26 280
 2  30  13  22  -7  43   0    T  0.1    8 10.5 22 280   M    M   2 8      31 280
 3  36  22  29   0  36   0 0.25  2.9    8 13.6 28 270   M    M   9 1268   36 270
 4  32  13  23  -7  42   0 0.00  0.0   11 13.8 24 280   M    M   6 8      30 290
 5  15  -1   7 -23  58   0 0.00  0.0   10  6.9 17 310   M    M   0        22 310
 6  26  -5  11 -19  54   0 0.00  0.0   10 11.0 21 210   M    M   3        28 210
 7  41  20  31   0  34   0 0.00  0.0    9  9.7 17 290   M    M   9        22 300
 8  42  23  33   2  32   0 0.00  0.0    8  6.8 15 230   M    M   3 18     19 230
 9  46  21  34   3  31   0 0.00  0.0    7  6.9 15 230   M    M   0 18     18 230
10  48  30  39   7  26   0 0.00  0.0    6  6.9 15 230   M    M   4 18     20 210
11  49  32  41   9  24   0 0.00  0.0    5  7.8 15 270   M    M   0 18     17 270
12  48  27  38   6  27   0 0.00  0.0    3  7.9 15 160   M    M   1        20 160
13  59  29  44  11  21   0 0.00  0.0    3  6.8 14 180   M    M   0 18     17 190
14  46  37  42   9  23   0 0.00  0.0    T 12.8 23 300   M    M   9 18     30 310
15  53  35  44  10  21   0 0.00  0.0    T  8.3 18 320   M    M   5        24 320
16  66  42  54  20  11   0 0.00  0.0    0  7.4 18  20   M    M   0        25 360
17  47  25  36   2  29   0 0.00  0.0    0 15.3 30 350   M    M   2        40  10
18  48  24  36   1  29   0 0.00  0.0    0 10.4 24 290   M    M   0        32 320
19  46  22  34  -1  31   0 0.00  0.0    0  5.7 14 140   M    M   2        15 130
20  54  29  42   6  23   0 0.00  0.0    0  7.1 16 240   M    M   5        20 210
21  50  26  38   2  27   0    T  0.0    0 12.0 24 290   M    M   5 8      31 320
22  36  17  27  -9  38   0 0.00  0.0    0  7.3 16 360   M    M   1        20  10
23  33  18  26 -11  39   0 0.00  0.0    0  8.7 15  70   M    M   1        19  60
24  45  16  31  -6  34   0 0.00  0.0    0  6.5 13 140   M    M   1        17 140
25  51  27  39   1  26   0 0.16  0.0    0 14.0 24 280   M    M   7 18     31 250
26  43  30  37  -1  28   0 0.00  0.0    0 11.2 18 320   M    M  10        25 280
27  30  15  23 -16  42   0 0.01  0.3    0 12.3 20 320   M    M   7        24 330
28  37  13  25 -14  40   0 0.00  0.0    0  7.4 16  20   M    M   2        19 340
29  46  23  35  -4  30   0 0.01    T    0 14.9 30 190   M    M   3 18     39 210
================================================================================
SM 1229  628       948   0  0.44     3.7 276.1          M      104
================================================================================
AV 42.4 21.7                               9.5 FASTST   M    M   4    MAX(MPH)
                                 MISC ---->  # 30 350               # 40   10
================================================================================
NOTES:
# LAST OF SEVERAL OCCURRENCES

COLUMN 17 PEAK WIND IN M.P.H.

PRELIMINARY LOCAL CLIMATOLOGICAL DATA (WS FORM: F-6) , PAGE 2

                                          STATION:  FLINT MI
                                          MONTH:    MARCH
                                          YEAR:     2015
                                          LATITUDE:   42 58 N
                                          LONGITUDE:  83 44 W

[TEMPERATURE DATA]      [PRECIPITATION DATA]       SYMBOLS USED IN COLUMN 16

AVERAGE MONTHLY: 32.0   TOTAL FOR MONTH:   0.44    1 = FOG OR MIST
DPTR FM NORMAL:  -1.7   DPTR FM NORMAL:   -1.32    2 = FOG REDUCING VISIBILITY
HIGHEST:    66 ON 16    GRTST 24HR  0.25 ON  3- 3      TO 1/4 MILE OR LESS
LOWEST:     -5 ON  6                               3 = THUNDER
                        SNOW, ICE PELLETS, HAIL    4 = ICE PELLETS
                        TOTAL MONTH:   3.7 INCHES  5 = HAIL
                        GRTST 24HR   2.9 ON   M    6 = FREEZING RAIN OR DRIZZLE
                        GRTST DEPTH:  11 ON  4     7 = DUSTSTORM OR SANDSTORM:
                                                       VSBY 1/2 MILE OR LESS
                                                   8 = SMOKE OR HAZE
[NO. OF DAYS WITH]      [WEATHER - DAYS WITH]      9 = BLOWING SNOW
                                                   X = TORNADO
MAX 32 OR BELOW:   6    0.01 INCH OR MORE:   5
MAX 90 OR ABOVE:   0    0.10 INCH OR MORE:   2
MIN 32 OR BELOW:  26    0.50 INCH OR MORE:   0
MIN  0 OR BELOW:   2    1.00 INCH OR MORE:   0

[HDD (BASE 65) ]
TOTAL THIS MO.   948    CLEAR  (SCALE 0-3)  16
DPTR FM NORMAL    42    PTCLDY (SCALE 4-7)   9
TOTAL FM JUL 1  6256    CLOUDY (SCALE 8-10)  4
DPTR FM NORMAL   262

[CDD (BASE 65) ]
TOTAL THIS MO.     0
DPTR FM NORMAL     0    [PRESSURE DATA]
TOTAL FM JAN 1     0    HIGHEST SLP M ON M
DPTR FM NORMAL     0    LOWEST  SLP 29.56 ON  3

[REMARKS]
