403
CXUS52 KMLB 240638
CF6FPR
PRELIMINARY LOCAL CLIMATOLOGICAL DATA (WS FORM: F-6)

                                          STATION:   FORT PIERCE
                                          MONTH:     JULY
                                          YEAR:      2016
                                          LATITUDE:   27 30 N
                                          LONGITUDE:  80 22 W

  TEMPERATURE IN F:       :PCPN:    SNOW:  WIND      :SUNSHINE: SKY     :PK WND
================================================================================
1   2   3   4   5  6A  6B    7    8   9   10  11  12  13   14  15   16   17  18
                                     12Z  AVG MX 2MIN
DY MAX MIN AVG DEP HDD CDD  WTR  SNW DPTH SPD SPD DIR MIN PSBL S-S WX    SPD DR
================================================================================

 1  92  73  83   2   0  18 0.01  0.0    0  4.5 17 130   M    M   2 1      21 110
 2  93  74  84   3   0  19 0.06  0.0    0  4.8 20 140   M    M   2 1      23 130
 3  92  75  84   3   0  19    T  0.0    0  6.6 18 140   M    M   1 1      23 150
 4  92  76  84   3   0  19 0.00  0.0    0  6.7 17 130   M    M   1 18     21 130
 5  91  74  83   2   0  18 0.00  0.0    0  5.7 16 130   M    M   2 1      20 130
 6  94  75  85   4   0  20 0.00  0.0    0  7.2 16 130   M    M   1 1      21 130
 7  94  74  84   3   0  19 0.00  0.0    0  6.7 15 120   M    M   0 1      18 140
 8  94  73  84   3   0  19 0.00  0.0    0  6.0 14 130   M    M   0        19 110
 9  93  73  83   2   0  18 0.00  0.0    0  5.7 15 140   M    M   1 1      19 140
10  94  78  86   5   0  21 0.00  0.0    0  9.0 20 130   M    M   1        23 130
11  91  72  82   1   0  17 0.00  0.0    0  7.4 17 120   M    M   0        23 120
12  90  74  82   1   0  17 1.00  0.0    0  3.9 14 110   M    M   1 18     18 140
13  91  75  83   2   0  18 0.00  0.0    0  3.5 14 100   M    M   0        19  90
14  90  73  82   1   0  17 0.00  0.0    0  6.6 17 120   M    M   0        23 140
15  90  72  81   0   0  16 0.00  0.0    0  7.4 17 130   M    M   1 1      22  90
16  91  72  82   1   0  17 0.03  0.0    0  8.1 20 120   M    M   1        30 160
17  91  80  86   5   0  21 0.00  0.0    0 10.4 18 110   M    M   1        23 100
18  90  79  85   4   0  20 0.14  0.0    0  8.2 20  80   M    M   1 18     25  80
19  89  76  83   1   0  18 0.14  0.0    0  7.3 21 100   M    M   2 8      25 110
20  90  76  83   1   0  18 0.00  0.0    0  6.4 14  90   M    M   1        18  90
21  90  77  84   2   0  19 0.13  0.0    0  5.5 14 100   M    M   2 1      19 140
22  90  73  82   0   0  17 0.04  0.0    0  3.6 14 260   M    M   3 1      19  80
23  89  71  80  -2   0  15 0.00  0.0    0  2.8 14  90   M    M   1 1      17 110
================================================================================
SM 2101 1715         0 420  1.55     0.0 144.0          M       25
================================================================================
AV 91.3 74.6                               6.3 FASTST   M    M   1    MAX(MPH)
                                 MISC ---->  # 21 100               # 30  160
================================================================================
NOTES:
# LAST OF SEVERAL OCCURRENCES

COLUMN 17 PEAK WIND IN M.P.H.

PRELIMINARY LOCAL CLIMATOLOGICAL DATA (WS FORM: F-6) , PAGE 2

                                          STATION:  FORT PIERCE
                                          MONTH:    JULY
                                          YEAR:     2016
                                          LATITUDE:   27 30 N
                                          LONGITUDE:  80 22 W

[TEMPERATURE DATA]      [PRECIPITATION DATA]       SYMBOLS USED IN COLUMN 16

AVERAGE MONTHLY: 83.0   TOTAL FOR MONTH:   1.55    1 = FOG OR MIST
DPTR FM NORMAL:   1.7   DPTR FM NORMAL:   -2.98    2 = FOG REDUCING VISIBILITY
HIGHEST:    94 ON 10, 8 GRTST 24HR  1.00 ON 12-12      TO 1/4 MILE OR LESS
LOWEST:     71 ON 23                               3 = THUNDER
                        SNOW, ICE PELLETS, HAIL    4 = ICE PELLETS
                        TOTAL MONTH:   0.0 INCH    5 = HAIL
                        GRTST 24HR     0.0         6 = FREEZING RAIN OR DRIZZLE
                        GRTST DEPTH:   0           7 = DUSTSTORM OR SANDSTORM:
                                                       VSBY 1/2 MILE OR LESS
                                                   8 = SMOKE OR HAZE
[NO. OF DAYS WITH]      [WEATHER - DAYS WITH]      9 = BLOWING SNOW
                                                   X = TORNADO
MAX 32 OR BELOW:   0    0.01 INCH OR MORE:   8
MAX 90 OR ABOVE:  21    0.10 INCH OR MORE:   4
MIN 32 OR BELOW:   0    0.50 INCH OR MORE:   1
MIN  0 OR BELOW:   0    1.00 INCH OR MORE:   1

[HDD (BASE 65) ]
TOTAL THIS MO.     0    CLEAR  (SCALE 0-3)  23
DPTR FM NORMAL     0    PTCLDY (SCALE 4-7)   0
TOTAL FM JUL 1     0    CLOUDY (SCALE 8-10)  0
DPTR FM NORMAL     0

[CDD (BASE 65) ]
TOTAL THIS MO.   420
DPTR FM NORMAL    49    [PRESSURE DATA]
TOTAL FM JAN 1  1676    HIGHEST SLP M ON M
DPTR FM NORMAL    62    LOWEST  SLP 29.99 ON M

[REMARKS]
