000
CXUS54 KMAF 271100
CF6FST
PRELIMINARY LOCAL CLIMATOLOGICAL DATA (WS FORM: F-6)

                                          STATION:   Fort Stockton
                                          MONTH:     MARCH
                                          YEAR:      2017
                                          LATITUDE:   30 55 N
                                          LONGITUDE: 102 55 W

  TEMPERATURE IN F:       :PCPN:    SNOW:  WIND      :SUNSHINE: SKY     :PK WND
================================================================================
1   2   3   4   5  6A  6B    7    8   9   10  11  12  13   14  15   16   17  18
                                     12Z  AVG MX 2MIN
DY MAX MIN AVG DEP HDD CDD  WTR  SNW DPTH SPD SPD DIR MIN PSBL S-S WX    SPD DR
================================================================================

 1  64  48  56   0   9   0 0.00  0.0    0  9.6 20  20   M    M   0        23  30
 2  66  40  53  -3  12   0 0.00  0.0    0 11.4 20 130   M    M   0        29 110
 3  64  41  53  -3  12   0 0.00  0.0    0 15.6 23 130   M    M   0        30 140
 4  67  47  57   1   8   0    T    M    0 13.3 24 150   M    M   3        32 160
 5  86  46  66   9   0   1 0.00  0.0    0 13.4 25 150   M    M   0        32 160
 6  84  52  68  11   0   3 0.00  0.0    0 10.1 23 160   M    M   0        29 160
 7  69  47  58   1   7   0 0.00  0.0    0  8.6 15  80   M    M   5 8      18  30
 8  86  44  65   8   0   0 0.00  0.0    0  8.3 23 160   M    M   0 8      32 160
 9  84  57  71  13   0   6 0.00  0.0    0  8.2 21 160   M    M   0        27 150
10  81  54  68  10   0   3 0.00  0.0    0 11.0 20 130   M    M   0        25 160
11  85  51  68  10   0   3 0.03  0.0    0 12.0 33  30   M    M   1 3      42  20
12  67  43  55  -3  10   0 0.01    M    0  9.0 23 120   M    M   6 1      27 110
13  59  46  53  -6  12   0    T    M    0  8.1 21 340   M    M   4 1      25 310
14  87  44  66   7   0   1 0.00  0.0    0  8.6 20 150   M    M   0        26 150
15  82  50  66   7   0   1 0.00  0.0    0 11.6 24 160   M    M   0        31 170
16  92  50  71  11   0   6 0.00  0.0    0  9.8 20 150   M    M   0        25 160
17  92  55  74  14   0   9 0.00  0.0    0 10.2 16 170   M    M   0 8      22 160
18  87  55  71  11   0   6 0.00  0.0    0 11.4 23 150   M    M   0        31 160
19  92  55  74  14   0   9 0.00  0.0    0 12.0 23 150   M    M   0 3      29  90
20  95  56  76  15   0  11 0.00  0.0    0 12.4 24 180   M    M   0 3      30 250
21  96  59  78  17   0  13 0.00  0.0    0  9.3 29 200   M    M   0        36 200
22  95  59  77  16   0  12 0.00  0.0    0 15.0 33 150   M    M   0        46 170
23  85  60  73  11   0   8 0.00  0.0    0 23.6 36 140   M    M   1 8      46 150
24  77  49  63   1   2   0 0.00  0.0    0 16.7 33 270   M    M   0        45 280
25  84  44  64   2   1   0 0.00  0.0    0  9.6 22 160   M    M   0        29 160
26  85  54  70   8   0   5 0.00  0.0    0 13.0 24 290   M    M   0        32 310
================================================================================
SM 2111 1306        73  97  0.04     0.0 301.8          M       20
================================================================================
AV 81.2 50.2                              11.6 FASTST   M    M   1    MAX(MPH)
                                 MISC ---->  # 36 140               # 46  170
================================================================================
NOTES:
# LAST OF SEVERAL OCCURRENCES

COLUMN 17 PEAK WIND IN M.P.H.

PRELIMINARY LOCAL CLIMATOLOGICAL DATA (WS FORM: F-6) , PAGE 2

                                          STATION:  Fort Stockton
                                          MONTH:    MARCH
                                          YEAR:     2017
                                          LATITUDE:   30 55 N
                                          LONGITUDE: 102 55 W

[TEMPERATURE DATA]      [PRECIPITATION DATA]       SYMBOLS USED IN COLUMN 16

AVERAGE MONTHLY: 65.7   TOTAL FOR MONTH:   0.04    1 = FOG OR MIST
DPTR FM NORMAL:   6.8   DPTR FM NORMAL:   -0.37    2 = FOG REDUCING VISIBILITY
HIGHEST:    96 ON 21    GRTST 24HR  0.03 ON 11-11      TO 1/4 MILE OR LESS
LOWEST:     40 ON  2                               3 = THUNDER
                        SNOW, ICE PELLETS, HAIL    4 = ICE PELLETS
                        TOTAL MONTH:   0.0 INCH    5 = HAIL
                        GRTST 24HR     0.0         6 = FREEZING RAIN OR DRIZZLE
                        GRTST DEPTH:   0           7 = DUSTSTORM OR SANDSTORM:
                                                       VSBY 1/2 MILE OR LESS
                                                   8 = SMOKE OR HAZE
[NO. OF DAYS WITH]      [WEATHER - DAYS WITH]      9 = BLOWING SNOW
                                                   X = TORNADO
MAX 32 OR BELOW:   0    0.01 INCH OR MORE:   2
MAX 90 OR ABOVE:   6    0.10 INCH OR MORE:   0
MIN 32 OR BELOW:   0    0.50 INCH OR MORE:   0
MIN  0 OR BELOW:   0    1.00 INCH OR MORE:   0

[HDD (BASE 65) ]
TOTAL THIS MO.    73    CLEAR  (SCALE 0-3)  23
DPTR FM NORMAL  -113    PTCLDY (SCALE 4-7)   3
TOTAL FM JUL 1  1336    CLOUDY (SCALE 8-10)  0
DPTR FM NORMAL  -508

[CDD (BASE 65) ]
TOTAL THIS MO.    97
DPTR FM NORMAL    64    [PRESSURE DATA]
TOTAL FM JAN 1   151    HIGHEST SLP M ON M
DPTR FM NORMAL   109    LOWEST  SLP 29.52 ON 23

[REMARKS]
