101
CXUS56 KSGX 231445
CF6FUL
PRELIMINARY LOCAL CLIMATOLOGICAL DATA (WS FORM: F-6)

                                          STATION:   FULLERTON AIRPORT CA
                                          MONTH:     JUNE
                                          YEAR:      2017
                                          LATITUDE:   33 52 N
                                          LONGITUDE: 117 58 W

  TEMPERATURE IN F:       :PCPN:    SNOW:  WIND      :SUNSHINE: SKY     :PK WND
================================================================================
1   2   3   4   5  6A  6B    7    8   9   10  11  12  13   14  15   16   17  18
                                     12Z  AVG MX 2MIN
DY MAX MIN AVG DEP HDD CDD  WTR  SNW DPTH SPD SPD DIR MIN PSBL S-S WX    SPD DR
================================================================================

 1  77  61  69   1   0   4 0.00  0.0    0  3.6 12 200   M    M   6 1      17 200
 2  83  61  72   4   0   7 0.00  0.0    0  3.6 12 200   M    M   4 18     16 230
 3  77  63  70   2   0   5 0.00  0.0    0  4.1 10 220   M    M   7 18     14 200
 4  77  62  70   2   0   5 0.00  0.0    0  3.7 10 220   M    M   7 18     15 200
 5  75  62  69   1   0   4 0.00  0.0    0  4.6 13 200   M    M   7        16 210
 6  71  63  67  -1   0   2 0.00  0.0    0  4.7 10 200   M    M  10 18     14 220
 7  74  61  68   0   0   3 0.00  0.0    0  4.9 10 210   M    M   9 1      15 200
 8  75  61  68   0   0   3 0.00  0.0    0  3.7 10 300   M    M   6        17 260
 9  78  59  69   0   0   4 0.00  0.0    0   M   M   M   M    M   4         M  M
10  74  62  68  -1   0   3 0.00  0.0    0  5.7 14 200   M    M   7        19 190
11  73  59  66  -3   0   1 0.01  0.0    0  5.8 16 190   M    M   7 1      22 200
12  76  57  67  -2   0   2 0.00  0.0    0  4.9 14 210   M    M   2        21 260
13  82  57  70   1   0   5 0.00  0.0    0  3.5 12 210   M    M   0        17 260
14  85  60  73   4   0   8 0.00  0.0    0  3.8 12 190   M    M   0        16 190
15  86  61  74   4   0   9 0.00  0.0    0  3.5 12 210   M    M   0        16 220
16  88  64  76   6   0  11 0.00  0.0    0  4.0 10 210   M    M   0 1      14 200
17  89  64  77   7   0  12 0.00  0.0    0  4.1 12 190   M    M   2        16 180
18  84  64  74   4   0   9 0.00  0.0    0  3.6 10 190   M    M   3 18     14 200
19  87  63  75   5   0  10 0.00  0.0    0  3.0 10 180   M    M   1 18     14 190
20  89  64  77   7   0  12 0.00  0.0    0  2.5 10 190   M    M   0 18     14 190
21  83  64  74   3   0   9 0.00  0.0    M  3.6 10 170   M    M   0 1      13 180
22  79  64  72   1   0   7 0.00  0.0    M  4.5 10 200   M    M   7 1      15 220
================================================================================
SM 1762 1356         0 135  0.01     0.0  85.4          M       89
================================================================================
AV 80.1 61.6                               4.1 FASTST   M    M   4    MAX(MPH)
                                 MISC ---->  # 16 190               # 22  200
================================================================================
NOTES:
# LAST OF SEVERAL OCCURRENCES

COLUMN 17 PEAK WIND IN M.P.H.

PRELIMINARY LOCAL CLIMATOLOGICAL DATA (WS FORM: F-6) , PAGE 2

                                          STATION:  FULLERTON AIRPORT CA
                                          MONTH:    JUNE
                                          YEAR:     2017
                                          LATITUDE:   33 52 N
                                          LONGITUDE: 117 58 W

[TEMPERATURE DATA]      [PRECIPITATION DATA]       SYMBOLS USED IN COLUMN 16

AVERAGE MONTHLY: 70.9   TOTAL FOR MONTH:   0.01    1 = FOG OR MIST
DPTR FM NORMAL:   1.8   DPTR FM NORMAL:   -0.06    2 = FOG REDUCING VISIBILITY
HIGHEST:    89 ON 20,17 GRTST 24HR  0.01 ON 11-11      TO 1/4 MILE OR LESS
LOWEST:     57 ON 13,12                            3 = THUNDER
                        SNOW, ICE PELLETS, HAIL    4 = ICE PELLETS
                        TOTAL MONTH:   0.0 INCH    5 = HAIL
                        GRTST 24HR     0.0         6 = FREEZING RAIN OR DRIZZLE
                        GRTST DEPTH:   0           7 = DUSTSTORM OR SANDSTORM:
                                                       VSBY 1/2 MILE OR LESS
                                                   8 = SMOKE OR HAZE
[NO. OF DAYS WITH]      [WEATHER - DAYS WITH]      9 = BLOWING SNOW
                                                   X = TORNADO
MAX 32 OR BELOW:   0    0.01 INCH OR MORE:   1
MAX 90 OR ABOVE:   0    0.10 INCH OR MORE:   0
MIN 32 OR BELOW:   0    0.50 INCH OR MORE:   0
MIN  0 OR BELOW:   0    1.00 INCH OR MORE:   0

[HDD (BASE 65) ]
TOTAL THIS MO.     0    CLEAR  (SCALE 0-3)  10
DPTR FM NORMAL     0    PTCLDY (SCALE 4-7)  10
TOTAL FM JUL 1   795    CLOUDY (SCALE 8-10)  2
DPTR FM NORMAL  -429

[CDD (BASE 65) ]
TOTAL THIS MO.   135
DPTR FM NORMAL    43    [PRESSURE DATA]
TOTAL FM JAN 1   374    HIGHEST SLP M ON M
DPTR FM NORMAL   159    LOWEST  SLP 29.67 ON 21

[REMARKS]
