356
CXUS56 KSGX 231445
CF6FUL
PRELIMINARY LOCAL CLIMATOLOGICAL DATA (WS FORM: F-6)

                                          STATION:   FULLERTON AIRPORT CA
                                          MONTH:     MAY
                                          YEAR:      2017
                                          LATITUDE:   33 52 N
                                          LONGITUDE: 117 58 W

  TEMPERATURE IN F:       :PCPN:    SNOW:  WIND      :SUNSHINE: SKY     :PK WND
================================================================================
1   2   3   4   5  6A  6B    7    8   9   10  11  12  13   14  15   16   17  18
                                     12Z  AVG MX 2MIN
DY MAX MIN AVG DEP HDD CDD  WTR  SNW DPTH SPD SPD DIR MIN PSBL S-S WX    SPD DR
================================================================================

 1  85  57  71   6   0   6 0.00  0.0    0  4.0 12 210   M    M   0        14 210
 2  83  59  71   6   0   6 0.00  0.0    0  3.6 13 210   M    M   1 1      15 220
 3  84  62  73   8   0   8 0.00  0.0    0  3.5 12 200   M    M   1        15 200
 4  84  61  73   8   0   8 0.00  0.0    0  3.5 13 200   M    M   2 8      16 200
 5  72  60  66   1   0   1 0.00  0.0    0  4.3 12 200   M    M   8 18     15 200
 6  66  52  59  -7   6   0 0.01  0.0    0  6.3 16 170   M    M   9 1      22 230
 7  65  50  58  -8   7   0 0.53  0.0    0  5.5 14 160   M    M   6 13     20 160
 8  76  49  63  -3   2   0 0.00  0.0    0  3.9 12 290   M    M   1        19 260
 9  70  58  64  -2   1   0 0.00  0.0    0  6.0 15 200   M    M   9        21 220
10  69  61  65  -1   0   0 0.00  0.0    0  3.3 10 220   M    M  10        14 220
11  78  57  68   2   0   3 0.00  0.0    0  3.8 13 290   M    M   2        18 260
12  72  56  64  -2   1   0 0.00  0.0    0  3.5 12 190   M    M   4 18     16 200
13  75  59  67   1   0   2 0.00  0.0    0  4.4 15 200   M    M   3        19 200
14  71  55  63  -3   2   0    T  0.0    0  6.6 15 180   M    M   5        22 220
15  67  56  62  -4   3   0    T  0.0    0  5.7 14 160   M    M   6        19 190
16  69  53  61  -5   4   0 0.00  0.0    0  4.1 13 200   M    M   5        18 200
17  71  58  65  -1   0   0 0.00  0.0    0  5.2 13 190   M    M   7        19 180
18  77  56  67   0   0   2 0.00  0.0    0  4.5 13 190   M    M   2        18 210
19  91  57  74   7   0   9 0.00  0.0    0  4.0 15 210   M    M   0        19 200
20  97  59  78  11   0  13 0.00  0.0    0  3.3 13 290   M    M   0        18 290
21  86  62  74   7   0   9 0.00  0.0    0  3.8 12 170   M    M   0        14 220
22  82  61  72   5   0   7 0.00  0.0    0  3.3 12 210   M    M   4 18     15 220
================================================================================
SM 1690 1258        26  74  0.54     0.0  96.1          M       85
================================================================================
AV 76.8 57.2                               4.4 FASTST   M    M   4    MAX(MPH)
                                 MISC ---->  # 16 170               # 22  230
================================================================================
NOTES:
# LAST OF SEVERAL OCCURRENCES

COLUMN 17 PEAK WIND IN M.P.H.

PRELIMINARY LOCAL CLIMATOLOGICAL DATA (WS FORM: F-6) , PAGE 2

                                          STATION:  FULLERTON AIRPORT CA
                                          MONTH:    MAY
                                          YEAR:     2017
                                          LATITUDE:   33 52 N
                                          LONGITUDE: 117 58 W

[TEMPERATURE DATA]      [PRECIPITATION DATA]       SYMBOLS USED IN COLUMN 16

AVERAGE MONTHLY: 67.0   TOTAL FOR MONTH:   0.54    1 = FOG OR MIST
DPTR FM NORMAL:   1.0   DPTR FM NORMAL:    0.31    2 = FOG REDUCING VISIBILITY
HIGHEST:    97 ON 20    GRTST 24HR  0.54 ON  6- 7      TO 1/4 MILE OR LESS
LOWEST:     49 ON  8                               3 = THUNDER
                        SNOW, ICE PELLETS, HAIL    4 = ICE PELLETS
                        TOTAL MONTH:   0.0 INCH    5 = HAIL
                        GRTST 24HR     0.0         6 = FREEZING RAIN OR DRIZZLE
                        GRTST DEPTH:   0           7 = DUSTSTORM OR SANDSTORM:
                                                       VSBY 1/2 MILE OR LESS
                                                   8 = SMOKE OR HAZE
[NO. OF DAYS WITH]      [WEATHER - DAYS WITH]      9 = BLOWING SNOW
                                                   X = TORNADO
MAX 32 OR BELOW:   0    0.01 INCH OR MORE:   2
MAX 90 OR ABOVE:   2    0.10 INCH OR MORE:   1
MIN 32 OR BELOW:   0    0.50 INCH OR MORE:   1
MIN  0 OR BELOW:   0    1.00 INCH OR MORE:   0

[HDD (BASE 65) ]
TOTAL THIS MO.    26    CLEAR  (SCALE 0-3)  10
DPTR FM NORMAL    -1    PTCLDY (SCALE 4-7)   9
TOTAL FM JUL 1   795    CLOUDY (SCALE 8-10)  3
DPTR FM NORMAL  -426

[CDD (BASE 65) ]
TOTAL THIS MO.    74
DPTR FM NORMAL    30    [PRESSURE DATA]
TOTAL FM JAN 1   215    HIGHEST SLP M ON M
DPTR FM NORMAL   119    LOWEST  SLP 29.73 ON  6

[REMARKS]
