000
CXUS56 KSGX 211445
CF6FUL
PRELIMINARY LOCAL CLIMATOLOGICAL DATA (WS FORM: F-6)

                                          STATION:   FULLERTON AIRPORT CA
                                          MONTH:     JULY
                                          YEAR:      2014
                                          LATITUDE:   33 52 N
                                          LONGITUDE: 117 58 W

  TEMPERATURE IN F:       :PCPN:    SNOW:  WIND      :SUNSHINE: SKY     :PK WND
================================================================================
1   2   3   4   5  6A  6B    7    8   9   10  11  12  13   14  15   16   17  18
                                     12Z  AVG MX 2MIN
DY MAX MIN AVG DEP HDD CDD  WTR  SNW DPTH SPD SPD DIR MIN PSBL S-S WX    SPD DR
================================================================================

 1  83  66  75   3   0  10 0.00  0.0    0  4.0 12 180   M    M   5 8      19 200
 2  82  66  74   2   0   9 0.00  0.0    0  3.6 13 180   M    M   3 8      15 220
 3  88  68  78   5   0  13 0.00  0.0    0  4.5 13 200   M    M   3 8      17 230
 4  88  67  78   5   0  13 0.00  0.0    0   M  10 220   M    M   2 8       M  M
 5  94  69  82   9   0  17 0.00  0.0    0  4.7 15 180   M    M   0 8      19 180
 6  93  70  82   9   0  17 0.00  0.0    0  3.9 13 210   M    M   0        19 190
 7  88  69  79   6   0  14 0.00  0.0    0  4.4 12 220   M    M   0        16 220
 8  85  68  77   4   0  12 0.00  0.0    0  5.0 12 200   M    M   2        14 220
 9  88  69  79   6   0  14 0.00  0.0    0  4.1 14 190   M    M   3        18 180
10  86  68  77   3   0  12 0.00  0.0    0  4.3 12 200   M    M   4        17 220
11  86  67  77   3   0  12 0.00  0.0    0  4.2 13 210   M    M   3        17 230
12  82  66  74   0   0   9 0.00  0.0    0  3.5 12 210   M    M   1        15 210
13  85  68  77   3   0  12 0.00  0.0    0  4.5 12 200   M    M   0        16 210
14  81  69  75   1   0  10    T  0.0    0  4.0 15 170   M    M   3        19 170
15  80  69  75   1   0  10 0.00  0.0    0  5.3 13 190   M    M   8        18 210
16  84  68  76   2   0  11 0.00  0.0    0  5.0 14 210   M    M   5        19 220
17  82  67  75   1   0  10 0.00  0.0    0  4.7 14 210   M    M   4        19 220
18  83  64  74   0   0   9 0.00  0.0    0  3.6 14 190   M    M   1        18 220
19  77  67  72  -2   0   7    T  0.0    0  2.8  9 200   M    M   1        13 190
20  84  68  76   2   0  11 0.00  0.0    0  3.7 14 210   M    M   4        19 210
================================================================================
SM 1699 1353         0 232    T      0.0  79.8          M       52
================================================================================
AV 84.9 67.7                               4.2 FASTST   M    M   3    MAX(MPH)
                                 MISC ---->  # 15 180               # 19  200
================================================================================
NOTES:
# LAST OF SEVERAL OCCURRENCES

COLUMN 17 PEAK WIND IN M.P.H.

PRELIMINARY LOCAL CLIMATOLOGICAL DATA (WS FORM: F-6) , PAGE 2

                                          STATION:  FULLERTON AIRPORT CA
                                          MONTH:    JULY
                                          YEAR:     2014
                                          LATITUDE:   33 52 N
                                          LONGITUDE: 117 58 W

[TEMPERATURE DATA]      [PRECIPITATION DATA]       SYMBOLS USED IN COLUMN 16

AVERAGE MONTHLY: 76.3   TOTAL FOR MONTH:      T    1 = FOG OR MIST
DPTR FM NORMAL:   2.9   DPTR FM NORMAL:   -0.03    2 = FOG REDUCING VISIBILITY
HIGHEST:    94 ON  5    GRTST 24HR    T  ON 19-19      TO 1/4 MILE OR LESS
LOWEST:     64 ON 18                               3 = THUNDER
                        SNOW, ICE PELLETS, HAIL    4 = ICE PELLETS
                        TOTAL MONTH:   0.0 INCH    5 = HAIL
                        GRTST 24HR     0.0         6 = FREEZING RAIN OR DRIZZLE
                        GRTST DEPTH:   0           7 = DUSTSTORM OR SANDSTORM:
                                                       VSBY 1/2 MILE OR LESS
                                                   8 = SMOKE OR HAZE
[NO. OF DAYS WITH]      [WEATHER - DAYS WITH]      9 = BLOWING SNOW
                                                   X = TORNADO
MAX 32 OR BELOW:   0    0.01 INCH OR MORE:   0
MAX 90 OR ABOVE:   2    0.10 INCH OR MORE:   0
MIN 32 OR BELOW:   0    0.50 INCH OR MORE:   0
MIN  0 OR BELOW:   0    1.00 INCH OR MORE:   0

[HDD (BASE 65) ]
TOTAL THIS MO.     0    CLEAR  (SCALE 0-3)  12
DPTR FM NORMAL     0    PTCLDY (SCALE 4-7)   7
TOTAL FM JUL 1     0    CLOUDY (SCALE 8-10)  1
DPTR FM NORMAL     0

[CDD (BASE 65) ]
TOTAL THIS MO.   232
DPTR FM NORMAL    64    [PRESSURE DATA]
TOTAL FM JAN 1   807    HIGHEST SLP M ON M
DPTR FM NORMAL   371    LOWEST  SLP 29.78 ON  1

[REMARKS]
