000
CXUS54 KOUN 250700
CF6GAG
PRELIMINARY LOCAL CLIMATOLOGICAL DATA (WS FORM: F-6)

                                          STATION:   GAGE
                                          MONTH:     MAY
                                          YEAR:      2016
                                          LATITUDE:   36 17 N
                                          LONGITUDE:  99 46 W

  TEMPERATURE IN F:       :PCPN:    SNOW:  WIND      :SUNSHINE: SKY     :PK WND
================================================================================
1   2   3   4   5  6A  6B    7    8   9   10  11  12  13   14  15   16   17  18
                                     12Z  AVG MX 2MIN
DY MAX MIN AVG DEP HDD CDD  WTR  SNW DPTH SPD SPD DIR MIN PSBL S-S WX    SPD DR
================================================================================

 1  56  42  49 -13  16   0 0.02  0.0    0 14.5 26 340   M    M   7        32 340
 2  66  37  52 -10  13   0 0.00  0.0    0  7.2 17 340   M    M   3 1      24 350
 3  75  36  56  -6   9   0 0.00  0.0    0  9.7 23 320   M    M   3        29 340
 4  82  41  62  -1   3   0 0.00  0.0    0  8.1 18  20   M    M   0        23 360
 5  84  44  64   1   1   0 0.00  0.0    0  7.5 15 150   M    M   0        23 170
 6  85  54  70   7   0   5 0.00  0.0    0 16.0 26 170   M    M   0        34 170
 7  86  58  72   8   0   7 0.00  0.0    0 19.9 36 170   M    M   0        46 170
 8  88  59  74  10   0   9    T  0.0    0 16.6 33 160   M    M   1 3      43 210
 9  83  50  67   3   0   2 0.00  0.0    0 13.9 26 240   M    M   0        36 240
10  91  45  68   3   0   3 0.00  0.0    0 10.0 23 160   M    M   0        29 150
11  79  55  67   2   0   2 0.00  0.0    0 14.4 25 170   M    M   0        32 170
12  79  48  64  -1   1   0 0.00  0.0    0  5.8 14  40   M    M   1 8      18  40
13  90  50  70   4   0   5 0.00  0.0    0 16.8 32 200   M    M   2        39 190
14  62  44  53 -13  12   0 0.02    M    0 10.5 22  30   M    M   6 3      29  40
15  62  50  56 -10   9   0 0.02  0.0    0  9.0 20 190   M    M  10 1      23 160
16  74  49  62  -4   3   0 1.56    M    0 12.7 28 280   M    M   8 13     40 280
17  57  46  52 -15  13   0    T  0.0    0 11.9 23  40   M    M   9 1      28  20
18  67  45  56 -11   9   0 0.00  0.0    0  8.8 18  60   M    M   3        26  60
19  59  52  56 -11   9   0 0.10  0.0    0  5.6 13 170   M    M   9 1      16 160
20  70  54  62  -6   3   0 0.00  0.0    0 10.2 17 160   M    M   8        22 160
21  84  63  74   6   0   9 0.00  0.0    0 16.4 28 170   M    M   7 1      33 170
22  80  68  74   6   0   9 0.25  0.0    0 16.3 32 130   M    M   8 138    45 130
23  87  64  76   8   0  11    T  0.0    0 19.0 33 150   M    M   3 3      41 150
24  89  68  79  10   0  14    T  0.0    0 19.5 32 180   M    M   3        39 170
================================================================================
SM 1835 1222       101  76  1.97     0.0 300.3          M       91
================================================================================
AV 76.5 50.9                              12.5 FASTST   M    M   4    MAX(MPH)
                                 MISC ---->  # 36 170               # 46  170
================================================================================
NOTES:
# LAST OF SEVERAL OCCURRENCES

COLUMN 17 PEAK WIND IN M.P.H.

PRELIMINARY LOCAL CLIMATOLOGICAL DATA (WS FORM: F-6) , PAGE 2

                                          STATION:  GAGE
                                          MONTH:    MAY
                                          YEAR:     2016
                                          LATITUDE:   36 17 N
                                          LONGITUDE:  99 46 W

[TEMPERATURE DATA]      [PRECIPITATION DATA]       SYMBOLS USED IN COLUMN 16

AVERAGE MONTHLY: 63.7   TOTAL FOR MONTH:   1.97    1 = FOG OR MIST
DPTR FM NORMAL:  -1.6   DPTR FM NORMAL:   -0.41    2 = FOG REDUCING VISIBILITY
HIGHEST:    91 ON 10    GRTST 24HR  1.57 ON 15-16      TO 1/4 MILE OR LESS
LOWEST:     36 ON  3                               3 = THUNDER
                        SNOW, ICE PELLETS, HAIL    4 = ICE PELLETS
                        TOTAL MONTH:   0.0 INCH    5 = HAIL
                        GRTST 24HR     0.0         6 = FREEZING RAIN OR DRIZZLE
                        GRTST DEPTH:   0           7 = DUSTSTORM OR SANDSTORM:
                                                       VSBY 1/2 MILE OR LESS
                                                   8 = SMOKE OR HAZE
[NO. OF DAYS WITH]      [WEATHER - DAYS WITH]      9 = BLOWING SNOW
                                                   X = TORNADO
MAX 32 OR BELOW:   0    0.01 INCH OR MORE:   6
MAX 90 OR ABOVE:   2    0.10 INCH OR MORE:   3
MIN 32 OR BELOW:   0    0.50 INCH OR MORE:   1
MIN  0 OR BELOW:   0    1.00 INCH OR MORE:   1

[HDD (BASE 65) ]
TOTAL THIS MO.   101    CLEAR  (SCALE 0-3)  15
DPTR FM NORMAL    27    PTCLDY (SCALE 4-7)   4
TOTAL FM JUL 1  3489    CLOUDY (SCALE 8-10)  5
DPTR FM NORMAL  -889

[CDD (BASE 65) ]
TOTAL THIS MO.    76
DPTR FM NORMAL    -4    [PRESSURE DATA]
TOTAL FM JAN 1   121    HIGHEST SLP M ON M
DPTR FM NORMAL     5    LOWEST  SLP 29.48 ON  9

[REMARKS]
