000
CXUS56 KOTX 220900
CF6GEG
PRELIMINARY LOCAL CLIMATOLOGICAL DATA (WS FORM: F-6)

                                          STATION:   SPOKANE WA AIRPORT
                                          MONTH:     SEPTEMBER
                                          YEAR:      2017
                                          LATITUDE:   47 37 N
                                          LONGITUDE: 117 32 W

  TEMPERATURE IN F:       :PCPN:    SNOW:  WIND      :SUNSHINE: SKY     :PK WND
================================================================================
1   2   3   4   5  6A  6B    7    8   9   10  11  12  13   14  15   16   17  18
                                     12Z  AVG MX 2MIN
DY MAX MIN AVG DEP HDD CDD  WTR  SNW DPTH SPD SPD DIR MIN PSBL S-S WX    SPD DR
================================================================================

 1  88  58  73   8   0   8 0.00  0.0    0  6.2 15 230   M    M   2        20 230
 2  94  60  77  12   0  12 0.00  0.0    0  6.0 16 240   M    M   4        18 260
 3  93  61  77  12   0  12 0.00  0.0    0  5.4 14 260   M    M   8        17 250
 4  88  59  74  10   0   9 0.00  0.0    0  8.0 16  70   M    M   9 8      21  60
 5  82  64  73   9   0   8 0.00  0.0    0  7.1 14  60   M    M  10 8      16  70
 6  86  61  74  10   0   9 0.00  0.0    0  5.5 12  60   M    M  10 8      14  60
 7  85  61  73  10   0   8 0.00  0.0    0  5.0 10 220   M    M  10 8      12 220
 8  83  63  73  10   0   8    T  0.0    0  5.3 12 210   M    M   7 8      15 230
 9  78  59  69   6   0   4 0.00  0.0    0 12.0 23 230   M    M   5 18     28 240
10  76  56  66   4   0   1 0.00  0.0    0  9.2 16 220   M    M   6        21 220
11  84  49  67   5   0   2 0.00  0.0    0  3.5  9 230   M    M   3        13 220
12  87  59  73  11   0   8 0.00  0.0    0  8.7 22 230   M    M   6        26 230
13  75  53  64   3   1   0 0.00  0.0    0  9.9 21 230   M    M   6        23 220
14  67  50  59  -2   6   0 0.00  0.0    0  8.5 16  30   M    M   8 8      19  30
15  66  45  56  -4   9   0 0.00  0.0    0  7.3 20  40   M    M   3 8      26 350
16  67  41  54  -6  11   0 0.00  0.0    0  4.1 12  90   M    M   6 8      14  90
17  70  45  58  -2   7   0 0.01    M    0  7.6 21 210   M    M   8 1      27 210
18  61  46  54  -5  11   0 0.21  0.0    0 12.1 24 230   M    M   7 15     28 230
19  51  42  47 -12  18   0 0.62  0.0    0 10.4 20 230   M    M   8 135    25 250
20  48  40  44 -15  21   0 0.13  0.0    0  6.1 18 200   M    M   9 1X     22 200
21  50  39  45 -13  20   0 0.24  0.0    0  4.7  9 170   M    M   8 1      12 170
================================================================================
SM 1579 1111       104  89  1.21     0.0 152.6          M      143
================================================================================
AV 75.2 52.9                               7.3 FASTST   M    M   7    MAX(MPH)
                                 MISC ---->  # 24 230               # 28  240
================================================================================
NOTES:
# LAST OF SEVERAL OCCURRENCES

COLUMN 17 PEAK WIND IN M.P.H.

PRELIMINARY LOCAL CLIMATOLOGICAL DATA (WS FORM: F-6) , PAGE 2

                                          STATION:  SPOKANE WA AIRPORT
                                          MONTH:    SEPTEMBER
                                          YEAR:     2017
                                          LATITUDE:   47 37 N
                                          LONGITUDE: 117 32 W

[TEMPERATURE DATA]      [PRECIPITATION DATA]       SYMBOLS USED IN COLUMN 16

AVERAGE MONTHLY: 64.1   TOTAL FOR MONTH:   1.21    1 = FOG OR MIST
DPTR FM NORMAL:   2.2   DPTR FM NORMAL:    0.75    2 = FOG REDUCING VISIBILITY
HIGHEST:    94 ON  2    GRTST 24HR  0.62 ON 19-19      TO 1/4 MILE OR LESS
LOWEST:     39 ON 21                               3 = THUNDER
                        SNOW, ICE PELLETS, HAIL    4 = ICE PELLETS
                        TOTAL MONTH:   0.0 INCH    5 = HAIL
                        GRTST 24HR     0.0         6 = FREEZING RAIN OR DRIZZLE
                        GRTST DEPTH:   0           7 = DUSTSTORM OR SANDSTORM:
                                                       VSBY 1/2 MILE OR LESS
                                                   8 = SMOKE OR HAZE
[NO. OF DAYS WITH]      [WEATHER - DAYS WITH]      9 = BLOWING SNOW
                                                   X = TORNADO
MAX 32 OR BELOW:   0    0.01 INCH OR MORE:   5
MAX 90 OR ABOVE:   2    0.10 INCH OR MORE:   4
MIN 32 OR BELOW:   0    0.50 INCH OR MORE:   1
MIN  0 OR BELOW:   0    1.00 INCH OR MORE:   0

[HDD (BASE 65) ]
TOTAL THIS MO.   104    CLEAR  (SCALE 0-3)   3
DPTR FM NORMAL     3    PTCLDY (SCALE 4-7)  10
TOTAL FM JUL 1   107    CLOUDY (SCALE 8-10)  8
DPTR FM NORMAL   -59

[CDD (BASE 65) ]
TOTAL THIS MO.    89
DPTR FM NORMAL    55    [PRESSURE DATA]
TOTAL FM JAN 1   794    HIGHEST SLP M ON M
DPTR FM NORMAL   349    LOWEST  SLP 29.61 ON 20

[REMARKS]
