000
CXUS55 KRIW 260945
CF6GEY
PRELIMINARY LOCAL CLIMATOLOGICAL DATA (WS FORM: F-6)

                                          STATION:   GREYBULL WY
                                          MONTH:     MAY
                                          YEAR:      2016
                                          LATITUDE:   44 30 N
                                          LONGITUDE: 108  4 W

  TEMPERATURE IN F:       :PCPN:    SNOW:  WIND      :SUNSHINE: SKY     :PK WND
================================================================================
1   2   3   4   5  6A  6B    7    8   9   10  11  12  13   14  15   16   17  18
                                     12Z  AVG MX 2MIN
DY MAX MIN AVG DEP HDD CDD  WTR  SNW DPTH SPD SPD DIR MIN PSBL S-S WX    SPD DR
================================================================================

 1  62  33  48  -4  17   0 0.00  0.0    M  4.6 15 320   M    M   2        26 230
 2  71  33  52   0  13   0 0.00  0.0    M  6.9 21 330   M    M   0        26 340
 3  79  38  59   7   6   0 0.00  0.0    M  4.3 10 180   M    M   0        12 220
 4  83  45  64  11   1   0 0.00  0.0    M  5.0 13 150   M    M   0        17 160
 5  85  50  68  15   0   3 0.00  0.0    M  5.0 14 160   M    M   0        18 190
 6  78  55  67  14   0   2 0.00  0.0    M 13.0 28  90   M    M   3 8      33  90
 7  69  52  61   7   4   0    T  0.0    M 10.5 20 340   M    M   9        26 300
 8  75  46  61   7   4   0 0.00  0.0    M  7.9 25 180   M    M   2        33 180
 9  69  39  54   0  11   0 0.40    M    M 14.8 37 320   M    M   5 13     44 320
10  49  38  44 -11  21   0    T    M    M 21.0 36 340   M    M  10        43 330
11  59  39  49  -6  16   0 0.00  0.0    M  8.8 26 340   M    M   7        31 360
12  73  34  54  -1  11   0 0.00  0.0    M  8.5 25 320   M    M   0        31 310
13  57  38  48  -8  17   0 0.00  0.0    M 15.3 33 330   M    M   4        41 330
14  56  43  50  -6  15   0    T    M    M  6.1 14 250   M    M  10        17 250
15  62  46  54  -2  11   0 0.20    M    M  7.6 20 310   M    M   7        23 320
16  55  46  51  -6  14   0 0.30    M    M  4.8 12 340   M    M   8        14 340
17  66  40  53  -4  12   0 0.02  0.0    0  6.2 18 150   M    M   3 12     25 160
18  77  42  60   3   5   0 0.00    M    M  5.0 13 330   M    M   0        17 240
19  81  50  66   8   0   1 0.00  0.0    M  9.2 31 310   M    M   1        36 320
20  80  54  67   9   0   2    T    M    M  7.3 20 300   M    M   2 3      25 290
21  84  52  68  10   0   3    T  0.0    0 12.2 37 150   M    M   3 8      50 150
22  71  46  59   1   6   0 0.00  0.0    M  9.0 26 290   M    M   2        39 290
23  68  41  55  -4  10   0 0.00  0.0    M  5.7 21 210   M    M   2        29 210
24  74  38  56  -3   9   0 0.07    M    M  8.0 37 290   M    M   3 8      46 290
25  62  48  55  -5  10   0 0.09    M    M  2.8 24 330   M    M   7 13     29 330
================================================================================
SM 1745 1086       213  11  1.08     0.0 209.5          M       90
================================================================================
AV 69.8 43.4                               8.4 FASTST   M    M   4    MAX(MPH)
                                 MISC ---->  # 37 320               # 50  150
================================================================================
NOTES:
# LAST OF SEVERAL OCCURRENCES

COLUMN 17 PEAK WIND IN M.P.H.

PRELIMINARY LOCAL CLIMATOLOGICAL DATA (WS FORM: F-6) , PAGE 2

                                          STATION:  GREYBULL WY
                                          MONTH:    MAY
                                          YEAR:     2016
                                          LATITUDE:   44 30 N
                                          LONGITUDE: 108  4 W

[TEMPERATURE DATA]      [PRECIPITATION DATA]       SYMBOLS USED IN COLUMN 16

AVERAGE MONTHLY: 56.6   TOTAL FOR MONTH:   1.08    1 = FOG OR MIST
DPTR FM NORMAL:   1.0   DPTR FM NORMAL:   -0.13    2 = FOG REDUCING VISIBILITY
HIGHEST:    85 ON  5    GRTST 24HR  0.50 ON 15-16      TO 1/4 MILE OR LESS
LOWEST:     33 ON  2, 1                            3 = THUNDER
                        SNOW, ICE PELLETS, HAIL    4 = ICE PELLETS
                        TOTAL MONTH:   0.0 INCH    5 = HAIL
                        GRTST 24HR     0.0         6 = FREEZING RAIN OR DRIZZLE
                        GRTST DEPTH:   0           7 = DUSTSTORM OR SANDSTORM:
                                                       VSBY 1/2 MILE OR LESS
                                                   8 = SMOKE OR HAZE
[NO. OF DAYS WITH]      [WEATHER - DAYS WITH]      9 = BLOWING SNOW
                                                   X = TORNADO
MAX 32 OR BELOW:   0    0.01 INCH OR MORE:   6
MAX 90 OR ABOVE:   0    0.10 INCH OR MORE:   3
MIN 32 OR BELOW:   0    0.50 INCH OR MORE:   0
MIN  0 OR BELOW:   0    1.00 INCH OR MORE:   0

[HDD (BASE 65) ]
TOTAL THIS MO.   213    CLEAR  (SCALE 0-3)  15
DPTR FM NORMAL   -33    PTCLDY (SCALE 4-7)   7
TOTAL FM JUL 1  6561    CLOUDY (SCALE 8-10)  3
DPTR FM NORMAL -1084

[CDD (BASE 65) ]
TOTAL THIS MO.    11
DPTR FM NORMAL     1    [PRESSURE DATA]
TOTAL FM JAN 1    11    HIGHEST SLP M ON M
DPTR FM NORMAL     0    LOWEST  SLP 29.40 ON  8

[REMARKS]
