000
CXUS53 KIND 170730
CF6GEZ
PRELIMINARY LOCAL CLIMATOLOGICAL DATA (WS FORM: F-6)

                                          STATION:   SHELBYVILLE IN
                                          MONTH:     DECEMBER
                                          YEAR:      2017
                                          LATITUDE:   39 35 N
                                          LONGITUDE:  85 48 W

  TEMPERATURE IN F:       :PCPN:    SNOW:  WIND      :SUNSHINE: SKY     :PK WND
================================================================================
1   2   3   4   5  6A  6B    7    8   9   10  11  12  13   14  15   16   17  18
                                     12Z  AVG MX 2MIN
DY MAX MIN AVG DEP HDD CDD  WTR  SNW DPTH SPD SPD DIR MIN PSBL S-S WX    SPD DR
================================================================================

 1  53  26  40   3  25   0 0.00    M    M  1.7  6  80   M    M   0 1       9 250
 2  55  27  41   5  24   0 0.00    M    M  3.6 10 170   M    M   0        13 170
 3  58  28  43   7  22   0 0.00    M    M  4.6 10 150   M    M   0        12 150
 4  64  37  51  16  14   0    T    M    M 15.0 30 180   M    M   3        39 170
 5  59  29  44   9  21   0 0.27    M    M 14.6 25 270   M    M   M 1      32 260
 6  44  27  36   1  29   0 0.00    M    M 11.8 23 260   M    M   3        32 270
 7  37  19  28  -6  37   0    T    M    M 10.6 21 300   M    M   6 8      25 290
 8  33  14  24 -10  41   0 0.00    M    M  7.3 15 210   M    M   0        18 260
 9  32  21  27  -6  38   0    T    M    M 13.6 23 290   M    M   9        30 290
10  38  17  28  -5  37   0 0.00    M    M 10.8 23 200   M    M   3        27 220
11  46  20  33   0  32   0 0.00    M    M 10.8 25 280   M    M   2        33 280
12  38  17  28  -4  37   0    T    M    M 14.6 24 300   M    M   5 168    35 310
13  44  15  30  -2  35   0    T    M    M 16.4 37 270   M    M   8        48 260
14  35  20  28  -4  37   0 0.00    M    M  8.0 30 310   M    M   3        36 270
15  32  17  25  -7  40   0    T    M    M  9.6 23 260   M    M   8        27 260
16  53  28  41  10  24   0 0.00    M    M 12.1 25 230   M    M   2        32 220
================================================================================
SM  721  362       493   0  0.27    M    165.1          M       52
================================================================================
AV 45.1 22.6                              10.3 FASTST   M    M   3    MAX(MPH)
                                 MISC ---->  # 37 270               # 48  260
================================================================================
NOTES:
# LAST OF SEVERAL OCCURRENCES

COLUMN 17 PEAK WIND IN M.P.H.

PRELIMINARY LOCAL CLIMATOLOGICAL DATA (WS FORM: F-6) , PAGE 2

                                          STATION:  SHELBYVILLE IN
                                          MONTH:    DECEMBER
                                          YEAR:     2017
                                          LATITUDE:   39 35 N
                                          LONGITUDE:  85 48 W

[TEMPERATURE DATA]      [PRECIPITATION DATA]       SYMBOLS USED IN COLUMN 16

AVERAGE MONTHLY: 33.8   TOTAL FOR MONTH:   0.27    1 = FOG OR MIST
DPTR FM NORMAL:   0.1   DPTR FM NORMAL:   -1.37    2 = FOG REDUCING VISIBILITY
HIGHEST:    64 ON  4    GRTST 24HR  0.27 ON  5- 5      TO 1/4 MILE OR LESS
LOWEST:     14 ON  8                               3 = THUNDER
                        SNOW, ICE PELLETS, HAIL    4 = ICE PELLETS
                        TOTAL MONTH:    M          5 = HAIL
                        GRTST 24HR    M  ON   M    6 = FREEZING RAIN OR DRIZZLE
                        GRTST DEPTH:  M  ON   M    7 = DUSTSTORM OR SANDSTORM:
                                                       VSBY 1/2 MILE OR LESS
                                                   8 = SMOKE OR HAZE
[NO. OF DAYS WITH]      [WEATHER - DAYS WITH]      9 = BLOWING SNOW
                                                   X = TORNADO
MAX 32 OR BELOW:   2    0.01 INCH OR MORE:   1
MAX 90 OR ABOVE:   0    0.10 INCH OR MORE:   1
MIN 32 OR BELOW:  15    0.50 INCH OR MORE:   0
MIN  0 OR BELOW:   0    1.00 INCH OR MORE:   0

[HDD (BASE 65) ]
TOTAL THIS MO.   493    CLEAR  (SCALE 0-3)   8
DPTR FM NORMAL    -8    PTCLDY (SCALE 4-7)   5
TOTAL FM JUL 1  1386    CLOUDY (SCALE 8-10)  2
DPTR FM NORMAL  -190

[CDD (BASE 65) ]
TOTAL THIS MO.     0
DPTR FM NORMAL     0    [PRESSURE DATA]
TOTAL FM JAN 1  1132    HIGHEST SLP  0.00 ON  5
DPTR FM NORMAL   219    LOWEST  SLP 29.44 ON 13

[REMARKS]
