000
CXUS53 KIND 310730
CF6GEZ
PRELIMINARY LOCAL CLIMATOLOGICAL DATA (WS FORM: F-6)

                                          STATION:   SHELBYVILLE IN
                                          MONTH:     JULY
                                          YEAR:      2015
                                          LATITUDE:   39 35 N
                                          LONGITUDE:  85 48 W

  TEMPERATURE IN F:       :PCPN:    SNOW:  WIND      :SUNSHINE: SKY     :PK WND
================================================================================
1   2   3   4   5  6A  6B    7    8   9   10  11  12  13   14  15   16   17  18
                                     12Z  AVG MX 2MIN
DY MAX MIN AVG DEP HDD CDD  WTR  SNW DPTH SPD SPD DIR MIN PSBL S-S WX    SPD DR
================================================================================

 1  80  60  70  -4   0   5 0.04    M    M  1.8  8 330   M    M   3 18     10  60
 2  81  64  73  -1   0   8 0.00    M    M  7.1 13  80   M    M   7 1      17  80
 3  75  65  70  -4   0   5 0.93    M    M  4.7 12  80   M    M   9 13     18  70
 4  83  65  74   0   0   9 0.00    M    M  2.3  8 240   M    M   3 18     10 340
 5  83  63  73  -1   0   8 0.00    M    M  2.5  7 140   M    M   0 18      9 100
 6  86  61  74   0   0   9 0.00    M    M  6.4 15 210   M    M   1 18     20 220
 7  82  64  73  -1   0   8 0.47    M    M  9.2 21 330   M    M   8 13     27 200
 8  73  62  68  -6   0   3 0.22    M    M  3.1 10 150   M    M  10 18     14 150
 9  76  66  71  -3   0   6 0.20    M    M 10.8 24 260   M    M   8 18     32 220
10  75  64  70  -4   0   5 0.20    M    M  1.4  6  50   M    M   8 128     9 300
11  80  57  69  -5   0   4 0.00    M    M  3.4  9 200   M    M   3 12     12 230
12  88  70  79   5   0  14 1.18    M    M  7.1 15 290   M    M   5 13     19 290
13  81  67  74   0   0   9 0.97    M    M  8.0 28  10   M    M   3 138    44  10
14  89  68  79   5   0  14 0.07    M    M 11.4 28 290   M    M   3 13     34 280
15  84  63  74   0   0   9 0.00    M    M  7.0 12  20   M    M   4 1      16  50
16  83  60  72  -2   0   7 0.00    M    M  4.8 12 180   M    M   1 1      16 180
17  91  70  81   7   0  16 0.63    M    M 10.4 22 180   M    M   4 13     34 310
18  92  69  81   7   0  16 0.07    M    M  6.6 21 240   M    M   2 3      27 230
19  88  74  81   7   0  16 0.27    M    M  6.9 26 290   M    M   4 13     40 280
20  86  72  79   5   0  14 0.27    M    M  4.9 15 240   M    M   3 1      18 230
21  85  63  74   0   0   9 0.00    M    M  6.8 14 340   M    M   4 1      18 330
22  83  57  70  -4   0   5 0.00    M    M  2.5  8  30   M    M   1        11  70
23  85  59  72  -2   0   7 0.00    M    M  2.4  9  60   M    M   1 1      13  70
24  87  62  75   1   0  10 0.00    M    M  3.1  9 100   M    M   0        12 100
25  87  63  75   1   0  10 0.00    M    M  3.9 12 250   M    M   2 18     17 180
26  86  71  79   5   0  14 2.20    M    M  4.6 25 310   M    M   4 138    32 280
27  88  72  80   6   0  15 0.02    M    M  2.9  7  50   M    M   6 1       9  60
28  92  71  82   8   0  17 0.20    M    M  2.4 13 300   M    M   1 18     17 300
29  92  72  82   8   0  17 0.00    M    M  5.3 14 310   M    M   4 128    18 280
30  86  65  76   2   0  11 0.00    M    M  6.0 15 290   M    M   0        19 300
================================================================================
SM 2527 1959         0 300  7.94    M    159.7          M      112
================================================================================
AV 84.2 65.3                               5.3 FASTST   M    M   4    MAX(MPH)
                                 MISC ---->  # 28  10               # 44   10
================================================================================
NOTES:
# LAST OF SEVERAL OCCURRENCES

COLUMN 17 PEAK WIND IN M.P.H.

PRELIMINARY LOCAL CLIMATOLOGICAL DATA (WS FORM: F-6) , PAGE 2

                                          STATION:  SHELBYVILLE IN
                                          MONTH:    JULY
                                          YEAR:     2015
                                          LATITUDE:   39 35 N
                                          LONGITUDE:  85 48 W

[TEMPERATURE DATA]      [PRECIPITATION DATA]       SYMBOLS USED IN COLUMN 16

AVERAGE MONTHLY: 74.8   TOTAL FOR MONTH:   7.94    1 = FOG OR MIST
DPTR FM NORMAL:   0.8   DPTR FM NORMAL:    3.36    2 = FOG REDUCING VISIBILITY
HIGHEST:    92 ON 29,28 GRTST 24HR  2.22 ON 26-27      TO 1/4 MILE OR LESS
LOWEST:     57 ON 22,11                            3 = THUNDER
                        SNOW, ICE PELLETS, HAIL    4 = ICE PELLETS
                        TOTAL MONTH:    M          5 = HAIL
                        GRTST 24HR    M  ON   M    6 = FREEZING RAIN OR DRIZZLE
                        GRTST DEPTH:  M  ON   M    7 = DUSTSTORM OR SANDSTORM:
                                                       VSBY 1/2 MILE OR LESS
                                                   8 = SMOKE OR HAZE
[NO. OF DAYS WITH]      [WEATHER - DAYS WITH]      9 = BLOWING SNOW
                                                   X = TORNADO
MAX 32 OR BELOW:   0    0.01 INCH OR MORE:  16
MAX 90 OR ABOVE:   4    0.10 INCH OR MORE:  12
MIN 32 OR BELOW:   0    0.50 INCH OR MORE:   5
MIN  0 OR BELOW:   0    1.00 INCH OR MORE:   2

[HDD (BASE 65) ]
TOTAL THIS MO.     0    CLEAR  (SCALE 0-3)  13
DPTR FM NORMAL     0    PTCLDY (SCALE 4-7)  13
TOTAL FM JUL 1     0    CLOUDY (SCALE 8-10)  4
DPTR FM NORMAL     0

[CDD (BASE 65) ]
TOTAL THIS MO.   300
DPTR FM NORMAL    30    [PRESSURE DATA]
TOTAL FM JAN 1   779    HIGHEST SLP  0.00 ON 23
DPTR FM NORMAL   219    LOWEST  SLP 29.19 ON 30

[REMARKS]
