000
CXUS55 KALY 290710
CF6GFL
PRELIMINARY LOCAL CLIMATOLOGICAL DATA (WS FORM: F-6)

                                          STATION:   GLENS FALLS NY
                                          MONTH:     MARCH
                                          YEAR:      2017
                                          LATITUDE:   43 20 N
                                          LONGITUDE:  73 37 W

  TEMPERATURE IN F:       :PCPN:    SNOW:  WIND      :SUNSHINE: SKY     :PK WND
================================================================================
1   2   3   4   5  6A  6B    7    8   9   10  11  12  13   14  15   16   17  18
                                     12Z  AVG MX 2MIN
DY MAX MIN AVG DEP HDD CDD  WTR  SNW DPTH SPD SPD DIR MIN PSBL S-S WX    SPD DR
================================================================================

 1  67  44  56  31   9   0 0.09    M    M  8.3 22 190   M    M   9 1      28 190
 2  54  24  39  13  26   0    T    M    M 13.8 30 250   M    M   5 8      46 260
 3  35  13  24  -2  41   0    T    M    M  8.1 21 330   M    M   4 8      29 310
 4   M   M   M   M   M   M 0.00  0.0    0 11.8 26 350   M    M   1        36 360
 5  26   4  15 -12  50   0 0.00  0.0    0  6.9 13  50   M    M   0        18  60
 6  39   7  23  -4  42   0 0.00    M    M  1.4  7 160   M    M   5 8      10 150
 7  47  33  40  12  25   0 0.12    M    M  4.6 13 210   M    M  10 18     20 210
 8  53  39  46  18  19   0 0.08    M    M  6.1 22 240   M    M   7 12     36 240
 9  45  27  36   8  29   0    T    M    M 12.9 26 260   M    M   5 8      40 240
10  37  13  25  -4  40   0    T    M    M  8.8 25 300   M    M   4 8      31 290
11  19   3  11 -18  54   0 0.00    M    M 13.4 26 320   M    M   5        35 320
12  25   2  14 -16  51   0 0.00    M    M  7.2 18 290   M    M   0        24 290
13  26   5  16 -14  49   0 0.00    M    M  4.0 15 310   M    M   1        21 290
14  24  14  19 -11  46   0 0.37    M    M 11.8 26 360   M    M   9 128    51  10
15  25  16  21 -10  44   0    T    M    M  9.0 20 310   M    M   9 8      26 300
16  34  11  23  -8  42   0 0.00    M    M  9.3 22 300   M    M   4 8      29 290
17  41   8  25  -7  40   0 0.00    M    M  4.1 14 310   M    M   2        19 290
18  43   3  23  -9  42   0 0.00    M    M  3.2 10  10   M    M   1        12  70
19  43  21  32   0  33   0 0.00    M    M  7.7 21  50   M    M   2        25  40
20  46  12  29  -4  36   0 0.00    M    M  1.4 10 160   M    M   1        12 180
21  49  26  38   5  27   0 0.00    M    M  4.9 22 160   M    M   5 8      26 160
22  39  17  28  -6  37   0 0.00    M    M 13.5 29 350   M    M   3        40 360
23  39  11  25  -9  40   0 0.00    M    M  5.6 17 290   M    M   0        24 280
24  34  26  30  -5  35   0 0.07    M    M  2.8 12 200   M    M  10 168    18 210
25  39  25  32  -3  33   0 0.20    M    M  4.6 12  40   M    M   9 1      14  40
26  37  18  28  -8  37   0 0.04    M    M  1.3  9  20   M    M   6 1      11  10
27  38  32  35  -1  30   0 0.51    M    M  0.8  7  70   M    M  10 12      7  80
28  51  35  43   7  22   0 0.07    M    M  3.5 14  60   M    M  10 128    17  60
================================================================================
SM 1055  489       979   0  1.55     0.0 190.8          M      137
================================================================================
AV 39.1 18.1                               6.8 FASTST   M    M   5    MAX(MPH)
                                 MISC ---->  # 30 250               # 51   10
================================================================================
NOTES:
# LAST OF SEVERAL OCCURRENCES

COLUMN 17 PEAK WIND IN M.P.H.

PRELIMINARY LOCAL CLIMATOLOGICAL DATA (WS FORM: F-6) , PAGE 2

                                          STATION:  GLENS FALLS NY
                                          MONTH:    MARCH
                                          YEAR:     2017
                                          LATITUDE:   43 20 N
                                          LONGITUDE:  73 37 W

[TEMPERATURE DATA]      [PRECIPITATION DATA]       SYMBOLS USED IN COLUMN 16

AVERAGE MONTHLY: 28.6   TOTAL FOR MONTH:   1.55    1 = FOG OR MIST
DPTR FM NORMAL:  -2.1   DPTR FM NORMAL:   -1.11    2 = FOG REDUCING VISIBILITY
HIGHEST:    67 ON  1    GRTST 24HR  0.51 ON 27-27      TO 1/4 MILE OR LESS
LOWEST:      2 ON 12                               3 = THUNDER
                        SNOW, ICE PELLETS, HAIL    4 = ICE PELLETS
                        TOTAL MONTH:   0.0 INCH    5 = HAIL
                        GRTST 24HR     0.0         6 = FREEZING RAIN OR DRIZZLE
                        GRTST DEPTH:   0           7 = DUSTSTORM OR SANDSTORM:
                                                       VSBY 1/2 MILE OR LESS
                                                   8 = SMOKE OR HAZE
[NO. OF DAYS WITH]      [WEATHER - DAYS WITH]      9 = BLOWING SNOW
                                                   X = TORNADO
MAX 32 OR BELOW:   6    0.01 INCH OR MORE:   9
MAX 90 OR ABOVE:   0    0.10 INCH OR MORE:   4
MIN 32 OR BELOW:  23    0.50 INCH OR MORE:   1
MIN  0 OR BELOW:   0    1.00 INCH OR MORE:   0

[HDD (BASE 65) ]
TOTAL THIS MO.   979    CLEAR  (SCALE 0-3)  10
DPTR FM NORMAL    19    PTCLDY (SCALE 4-7)  10
TOTAL FM JUL 1  5501    CLOUDY (SCALE 8-10)  8
DPTR FM NORMAL -1079

[CDD (BASE 65) ]
TOTAL THIS MO.     0
DPTR FM NORMAL     0    [PRESSURE DATA]
TOTAL FM JAN 1     0    HIGHEST SLP M ON M
DPTR FM NORMAL     0    LOWEST  SLP 29.28 ON  1

[REMARKS]
