000
CXUS54 KSHV 271300
CF6GGG
PRELIMINARY LOCAL CLIMATOLOGICAL DATA (WS FORM: F-6)

                                          STATION:   LONGVIEW
                                          MONTH:     MAY
                                          YEAR:      2015
                                          LATITUDE:   32 22 N
                                          LONGITUDE:  94 43 W

  TEMPERATURE IN F:       :PCPN:    SNOW:  WIND      :SUNSHINE: SKY     :PK WND
================================================================================
1   2   3   4   5  6A  6B    7    8   9   10  11  12  13   14  15   16   17  18
                                     12Z  AVG MX 2MIN
DY MAX MIN AVG DEP HDD CDD  WTR  SNW DPTH SPD SPD DIR MIN PSBL S-S WX    SPD DR
================================================================================

 1  83  56  70   1   0   5 0.00  0.0    0  2.1 10 350   M    M   2        14 310
 2  84  56  70   1   0   5 0.00  0.0    0  4.8 12 160   M    M   2        16 160
 3  82  60  71   1   0   6 0.00  0.0    0  8.5 20 180   M    M   1        27 160
 4  83  59  71   1   0   6 0.00  0.0    0  7.4 14 130   M    M   1        20 160
 5  85  65  75   5   0  10    T  0.0    0  9.6 20 150   M    M   6        28 160
 6  83  66  75   5   0  10 0.06  0.0    0  9.1 18 160   M    M   5        24 180
 7  84  67  76   5   0  11 0.16  0.0    0  8.2 16 150   M    M   5 18     22 150
 8  87  71  79   8   0  14 0.06  0.0    0  8.3 15 180   M    M   7 13     21 190
 9  87  72  80   9   0  15 0.09  0.0    0 10.9 23 150   M    M   7 13     28 150
10  86  74  80   8   0  15 0.54  0.0    0 10.1 20 170   M    M   7 13     26 190
11  77  66  72   0   0   7 4.24  0.0    0  5.6 30 320   M    M   7 13     37 320
12  69  64  67  -5   0   2 0.02  0.0    0  5.8 14  70   M    M   7        18  70
13  71  61  66  -6   0   1 1.00  0.0    0  7.3 20 220   M    M   9 13     25 220
14  87  65  76   3   0  11 0.11  0.0    0  6.1 26 200   M    M   7 138    38 200
15  82  68  75   2   0  10 0.24  0.0    0  5.5 13 190   M    M   5 13     18 180
16  88  70  79   6   0  14 0.19  0.0    0  9.9 29 190   M    M   5 13     39 190
17  80  69  75   2   0  10 0.43  0.0    0  8.1 18 280   M    M   6 1      26 160
18  82  69  76   2   0  11 0.06  0.0    0  6.0 25 220   M    M   7 13     35 220
19  85  68  77   3   0  12    T  0.0    0  6.0 16 180   M    M   6        20 180
20  88  70  79   5   0  14 0.01  0.0    0  4.4 13 330   M    M   4 1      16 330
21  74  60  67  -7   0   2 0.68  0.0    0  7.9 18  50   M    M  10 1      25  40
22  78  56  67  -7   0   2 0.00  0.0    0  7.5 14  80   M    M   5 1      18  90
23  87  66  77   2   0  12    T  0.0    0  9.6 20 140   M    M   5        27 140
24  78  70  74  -1   0   9 0.44  0.0    0 10.2 26 150   M    M   8 13     32 150
25  86  64  75   0   0  10 1.59  0.0    0  8.6 35 160   M    M   8 13     41 170
26  87  64  76   1   0  11 0.11  0.0    0  7.7 21 320   M    M   5 13     24 320
================================================================================
SM 2143 1696         0 235 10.03     0.0 195.2          M      147
================================================================================
AV 82.4 65.2                               7.5 FASTST   M    M   6    MAX(MPH)
                                 MISC ---->  # 35 160               # 41  170
================================================================================
NOTES:
# LAST OF SEVERAL OCCURRENCES

COLUMN 17 PEAK WIND IN M.P.H.

PRELIMINARY LOCAL CLIMATOLOGICAL DATA (WS FORM: F-6) , PAGE 2

                                          STATION:  LONGVIEW
                                          MONTH:    MAY
                                          YEAR:     2015
                                          LATITUDE:   32 22 N
                                          LONGITUDE:  94 43 W

[TEMPERATURE DATA]      [PRECIPITATION DATA]       SYMBOLS USED IN COLUMN 16

AVERAGE MONTHLY: 73.8   TOTAL FOR MONTH:  10.03    1 = FOG OR MIST
DPTR FM NORMAL:   1.5   DPTR FM NORMAL:    6.04    2 = FOG REDUCING VISIBILITY
HIGHEST:    88 ON 20,16 GRTST 24HR  4.78 ON 10-11      TO 1/4 MILE OR LESS
LOWEST:     56 ON 22, 2                            3 = THUNDER
                        SNOW, ICE PELLETS, HAIL    4 = ICE PELLETS
                        TOTAL MONTH:   0.0 INCH    5 = HAIL
                        GRTST 24HR     0.0         6 = FREEZING RAIN OR DRIZZLE
                        GRTST DEPTH:   0           7 = DUSTSTORM OR SANDSTORM:
                                                       VSBY 1/2 MILE OR LESS
                                                   8 = SMOKE OR HAZE
[NO. OF DAYS WITH]      [WEATHER - DAYS WITH]      9 = BLOWING SNOW
                                                   X = TORNADO
MAX 32 OR BELOW:   0    0.01 INCH OR MORE:  18
MAX 90 OR ABOVE:   0    0.10 INCH OR MORE:  12
MIN 32 OR BELOW:   0    0.50 INCH OR MORE:   5
MIN  0 OR BELOW:   0    1.00 INCH OR MORE:   3

[HDD (BASE 65) ]
TOTAL THIS MO.     0    CLEAR  (SCALE 0-3)   4
DPTR FM NORMAL    -8    PTCLDY (SCALE 4-7)  20
TOTAL FM JUL 1  2282    CLOUDY (SCALE 8-10)  2
DPTR FM NORMAL    25

[CDD (BASE 65) ]
TOTAL THIS MO.   235
DPTR FM NORMAL    35    [PRESSURE DATA]
TOTAL FM JAN 1   398    HIGHEST SLP M ON M
DPTR FM NORMAL    75    LOWEST  SLP 29.83 ON M

[REMARKS]
