000
CXUS54 KSHV 311300
CF6GGG
PRELIMINARY LOCAL CLIMATOLOGICAL DATA (WS FORM: F-6)

                                          STATION:   LONGVIEW
                                          MONTH:     AUGUST
                                          YEAR:      2015
                                          LATITUDE:   32 22 N
                                          LONGITUDE:  94 43 W

  TEMPERATURE IN F:       :PCPN:    SNOW:  WIND      :SUNSHINE: SKY     :PK WND
================================================================================
1   2   3   4   5  6A  6B    7    8   9   10  11  12  13   14  15   16   17  18
                                     12Z  AVG MX 2MIN
DY MAX MIN AVG DEP HDD CDD  WTR  SNW DPTH SPD SPD DIR MIN PSBL S-S WX    SPD DR
================================================================================

 1  99  69  84   0   0  19 0.00  0.0    0  4.4 15  70   M    M   0        19  50
 2  99  66  83  -1   0  18 0.00  0.0    0  3.6 12 120   M    M   0        17  80
 3 100  71  86   2   0  21 0.00  0.0    0  2.4 12 130   M    M   1        15 130
 4 100  73  87   3   0  22 0.00  0.0    0  5.9 15 160   M    M   1        19 170
 5 101  80  91   7   0  26 0.00  0.0    0 10.3 17 200   M    M   1        22 200
 6 101  80  91   7   0  26 0.00  0.0    0 10.5 21 220   M    M   0        30 220
 7 102  80  91   7   0  26 0.00  0.0    0  8.5 15 210   M    M   0        19 200
 8 102  79  91   7   0  26 0.00  0.0    0  7.2 14 200   M    M   0        18 200
 9 104  77  91   8   0  26 0.00  0.0    0  5.7 14 210   M    M   0        16 210
10 107  75  91   8   0  26 0.00  0.0    0  4.9 12 310   M    M   0        15 310
11 105  78  92   9   0  27 0.00  0.0    0  5.6 15  50   M    M   1        20  60
12 101  77  89   6   0  24 0.00  0.0    0  5.6 14  40   M    M   1        19  30
13  98  73  86   3   0  21 0.00  0.0    0  5.9 14  70   M    M   2        17  70
14  98  69  84   1   0  19 0.00  0.0    0  5.1 14  50   M    M   1        19  60
15  97  69  83   0   0  18 0.00  0.0    0  4.6 12 150   M    M   1        16  70
16  98  72  85   2   0  20    T  0.0    0  5.0 15 140   M    M   3 3      21 140
17  94  70  82  -1   0  17 0.00  0.0    0  4.6 15  80   M    M   2        20  80
18  99  75  87   4   0  22 0.00  0.0    0 10.4 18 150   M    M   2        24 200
19  96  72  84   1   0  19 1.44  0.0    0  9.6 24 160   M    M   7 13     33 350
20  74  68  71 -12   0   6 0.14  0.0    0  5.4 13 360   M    M  10 1      17  10
21  84  71  78  -4   0  13 0.04  0.0    0  3.2  9 150   M    M   7 1238   13 150
22  95  75  85   3   0  20 0.00  0.0    0  7.5 20 170   M    M   6 1      23 160
23  96  78  87   5   0  22 0.00  0.0    0  5.2 14 230   M    M   2        18 220
24  96  76  86   4   0  21 0.00  0.0    0  3.5  9  60   M    M   1 3      13  40
25  86  71  79  -3   0  14 0.17  0.0    0  4.7 14 140   M    M   1 13     17  90
26  91  65  78  -4   0  13 0.00  0.0    0  1.7  9 160   M    M   0 1      12 180
27  89  66  78  -4   0  13 0.00  0.0    0  3.2  9 190   M    M   0        11 320
28  90  65  78  -4   0  13 0.00  0.0    0  3.7 10  70   M    M   0        12  70
29  91  71  81   0   0  16 0.00  0.0    0  4.6 13 190   M    M   1        16 220
30  92  73  83   2   0  18 0.00  0.0    0  5.8 13 210   M    M   2        18 160
================================================================================
SM 2885 2184         0 592  1.79     0.0 168.3          M       53
================================================================================
AV 96.2 72.8                               5.6 FASTST   M    M   2    MAX(MPH)
                                 MISC ---->  # 24 160               # 33  350
================================================================================
NOTES:
# LAST OF SEVERAL OCCURRENCES

COLUMN 17 PEAK WIND IN M.P.H.

PRELIMINARY LOCAL CLIMATOLOGICAL DATA (WS FORM: F-6) , PAGE 2

                                          STATION:  LONGVIEW
                                          MONTH:    AUGUST
                                          YEAR:     2015
                                          LATITUDE:   32 22 N
                                          LONGITUDE:  94 43 W

[TEMPERATURE DATA]      [PRECIPITATION DATA]       SYMBOLS USED IN COLUMN 16

AVERAGE MONTHLY: 84.5   TOTAL FOR MONTH:   1.79    1 = FOG OR MIST
DPTR FM NORMAL:   1.6   DPTR FM NORMAL:   -1.11    2 = FOG REDUCING VISIBILITY
HIGHEST:   107 ON 10    GRTST 24HR  1.55 ON 19-20      TO 1/4 MILE OR LESS
LOWEST:     65 ON 28,26                            3 = THUNDER
                        SNOW, ICE PELLETS, HAIL    4 = ICE PELLETS
                        TOTAL MONTH:   0.0 INCH    5 = HAIL
                        GRTST 24HR     0.0         6 = FREEZING RAIN OR DRIZZLE
                        GRTST DEPTH:   0           7 = DUSTSTORM OR SANDSTORM:
                                                       VSBY 1/2 MILE OR LESS
                                                   8 = SMOKE OR HAZE
[NO. OF DAYS WITH]      [WEATHER - DAYS WITH]      9 = BLOWING SNOW
                                                   X = TORNADO
MAX 32 OR BELOW:   0    0.01 INCH OR MORE:   4
MAX 90 OR ABOVE:  26    0.10 INCH OR MORE:   3
MIN 32 OR BELOW:   0    0.50 INCH OR MORE:   1
MIN  0 OR BELOW:   0    1.00 INCH OR MORE:   1

[HDD (BASE 65) ]
TOTAL THIS MO.     0    CLEAR  (SCALE 0-3)  26
DPTR FM NORMAL     0    PTCLDY (SCALE 4-7)   3
TOTAL FM JUL 1     0    CLOUDY (SCALE 8-10)  1
DPTR FM NORMAL     0

[CDD (BASE 65) ]
TOTAL THIS MO.   592
DPTR FM NORMAL    57    [PRESSURE DATA]
TOTAL FM JAN 1  2157    HIGHEST SLP M ON M
DPTR FM NORMAL   232    LOWEST  SLP 29.75 ON 18

[REMARKS]
