000
CXUS54 KSHV 281300
CF6GGG
PRELIMINARY LOCAL CLIMATOLOGICAL DATA (WS FORM: F-6)

                                          STATION:   LONGVIEW
                                          MONTH:     MARCH
                                          YEAR:      2015
                                          LATITUDE:   32 22 N
                                          LONGITUDE:  94 43 W

  TEMPERATURE IN F:       :PCPN:    SNOW:  WIND      :SUNSHINE: SKY     :PK WND
================================================================================
1   2   3   4   5  6A  6B    7    8   9   10  11  12  13   14  15   16   17  18
                                     12Z  AVG MX 2MIN
DY MAX MIN AVG DEP HDD CDD  WTR  SNW DPTH SPD SPD DIR MIN PSBL S-S WX    SPD DR
================================================================================

 1  44  37  41 -13  24   0 0.07  0.0    0  5.4  9 340   M    M  10 1      12 340
 2  44  42  43 -11  22   0 0.05  0.0    0  6.6 12  70   M    M  10 1      16  30
 3  73  42  58   4   7   0 0.01  0.0    0  7.2 22 210   M    M  10 12     30 210
 4  66  37  52  -3  13   0 1.45  0.0    0  8.5 21 330   M    M  10 1      28  40
 5  43  28  36 -19  29   0 0.35  0.2    T  8.8 23 360   M    M   5 14     32  60
 6  53  24  39 -16  26   0 0.00  0.0    0  2.5  9 350   M    M   0        12  50
 7  64  26  45 -11  20   0 0.00  0.0    0  2.3 10 200   M    M   4 12     12 190
 8  55  46  51  -5  14   0 1.29  0.0    0  6.3 15 190   M    M  10 1      20 190
 9  52  47  50  -6  15   0 2.46  0.0    0  6.1 13 300   M    M  10 1      16  80
10  56  48  52  -4  13   0 0.00  0.0    0  4.6 13 300   M    M   9 1      15 310
11  61  46  54  -3  11   0 0.00  0.0    0  4.2 14  50   M    M   7 12     19  50
12  57  53  55  -2  10   0 0.72  0.0    0  5.7 12  50   M    M  10 1      18  10
13  62  55  59   2   6   0 0.19  0.0    0  4.5 12 280   M    M  10 12     14 270
14  61  57  59   2   6   0 0.02  0.0    0  5.6 10 270   M    M   9 1      13 270
15  68  54  61   3   4   0 0.00  0.0    0  2.4  9  40   M    M   9 12     11  30
16  78  50  64   6   1   0 0.00  0.0    0  4.8 10 210   M    M   4 128    14 210
17  84  62  73  15   0   8 0.00  0.0    0  6.0 16 250   M    M   1        19 240
18  69  57  63   5   2   0 0.65  0.0    0  5.4 15  80   M    M   8 1      18  80
19  70  56  63   5   2   0 0.04  0.0    0  5.2 13  70   M    M  10 128    14  70
20  65  58  62   3   3   0 0.37  0.0    0  5.1 16 350   M    M  10 18     21 350
21  60  53  57  -2   8   0 0.32  0.0    0  6.5 13  70   M    M  10 1      17  70
22  60  53  57  -2   8   0 0.25  0.0    0  6.4 12 320   M    M  10 1      17 320
23  74  49  62   3   3   0 0.00  0.0    0  3.6 12  80   M    M   2 1      15  70
24  81  53  67   7   0   2 0.00  0.0    0  9.6 18 160   M    M   1 1      24 190
25  83  58  71  11   0   6 0.00  0.0    0 10.3 20 190   M    M   1        26 210
26  66  49  58  -2   7   0    T  0.0    0 11.5 24 350   M    M   6 18     31 340
27  70  38  54  -6  11   0 0.00  0.0    0  7.3 24 310   M    M   1        30 330
================================================================================
SM 1719 1278       265  16  8.24     0.2 162.4          M      187
================================================================================
AV 63.7 47.3                               6.0 FASTST   M    M   7    MAX(MPH)
                                 MISC ---->  # 24 350               # 32   60
================================================================================
NOTES:
# LAST OF SEVERAL OCCURRENCES

COLUMN 17 PEAK WIND IN M.P.H.

PRELIMINARY LOCAL CLIMATOLOGICAL DATA (WS FORM: F-6) , PAGE 2

                                          STATION:  LONGVIEW
                                          MONTH:    MARCH
                                          YEAR:     2015
                                          LATITUDE:   32 22 N
                                          LONGITUDE:  94 43 W

[TEMPERATURE DATA]      [PRECIPITATION DATA]       SYMBOLS USED IN COLUMN 16

AVERAGE MONTHLY: 55.5   TOTAL FOR MONTH:   8.24    1 = FOG OR MIST
DPTR FM NORMAL:  -1.7   DPTR FM NORMAL:    4.43    2 = FOG REDUCING VISIBILITY
HIGHEST:    84 ON 17    GRTST 24HR  2.46 ON  9- 9      TO 1/4 MILE OR LESS
LOWEST:     24 ON  6                               3 = THUNDER
                        SNOW, ICE PELLETS, HAIL    4 = ICE PELLETS
                        TOTAL MONTH:   0.2 INCH    5 = HAIL
                        GRTST 24HR   0.2 ON   M    6 = FREEZING RAIN OR DRIZZLE
                        GRTST DEPTH:   T           7 = DUSTSTORM OR SANDSTORM:
                                                       VSBY 1/2 MILE OR LESS
                                                   8 = SMOKE OR HAZE
[NO. OF DAYS WITH]      [WEATHER - DAYS WITH]      9 = BLOWING SNOW
                                                   X = TORNADO
MAX 32 OR BELOW:   0    0.01 INCH OR MORE:  15
MAX 90 OR ABOVE:   0    0.10 INCH OR MORE:  10
MIN 32 OR BELOW:   3    0.50 INCH OR MORE:   5
MIN  0 OR BELOW:   0    1.00 INCH OR MORE:   3

[HDD (BASE 65) ]
TOTAL THIS MO.   265    CLEAR  (SCALE 0-3)   6
DPTR FM NORMAL    33    PTCLDY (SCALE 4-7)   6
TOTAL FM JUL 1  2243    CLOUDY (SCALE 8-10) 15
DPTR FM NORMAL   107

[CDD (BASE 65) ]
TOTAL THIS MO.    16
DPTR FM NORMAL   -11    [PRESSURE DATA]
TOTAL FM JAN 1    16    HIGHEST SLP M ON M
DPTR FM NORMAL   -23    LOWEST  SLP 29.81 ON  4

[REMARKS]
