000
CXUS55 KGGW 280800
CF6GGW
PRELIMINARY LOCAL CLIMATOLOGICAL DATA (WS FORM: F-6)

                                          STATION:   GLASGOW MT
                                          MONTH:     MAY
                                          YEAR:      2017
                                          LATITUDE:   48 13 N
                                          LONGITUDE: 106 37 W

  TEMPERATURE IN F:       :PCPN:    SNOW:  WIND      :SUNSHINE: SKY     :PK WND
================================================================================
1   2   3   4   5  6A  6B    7    8   9   10  11  12  13   14  15   16   17  18
                                     12Z  AVG MX 2MIN
DY MAX MIN AVG DEP HDD CDD  WTR  SNW DPTH SPD SPD DIR MIN PSBL S-S WX    SPD DR
================================================================================

 1  54  36  45  -5  20   0 0.04  0.0    0 16.3 32 310   M    M   5        41 310
 2  61  33  47  -4  18   0 0.12  0.0    0  7.8 28 340   M    M   5        37 340
 3  64  33  49  -2  16   0 0.00  0.0    0  7.7 15 260   M    M   0 1      20 270
 4  79  39  59   8   6   0 0.00  0.0    0  9.2 20 280   M    M   0        24 260
 5  87  48  68  16   0   3 0.00  0.0    0 11.7 18 160   M    M   0        25 160
 6  86  55  71  19   0   6 0.00  0.0    0 14.4 17 130   M    M   0        21 130
 7  79  47  63  11   2   0 0.26  0.0    0 15.9 31 320   M    M   8 13     39 310
 8  64  40  52  -1  13   0 0.00  0.0    0 11.9 22 300   M    M   4        29 290
 9  71  38  55   2  10   0 0.00  0.0    0  7.9 22  90   M    M   2        29  90
10  73  43  58   5   7   0 0.00  0.0    0 10.7 17 160   M    M   2        22 160
11  80  47  64  10   1   0 0.00  0.0    0  9.0 14 180   M    M   1        19 190
12  88  54  71  17   0   6 0.00  0.0    0 17.3 28 140   M    M   0        34 140
13  71  47  59   5   6   0 0.03  0.0    0 17.3 30 320   M    M   2        37 320
14  66  40  53  -1  12   0 0.00  0.0    0 12.1 24 260   M    M   2        31 270
15  57  38  48  -7  17   0 0.02  0.0    0  9.7 22 340   M    M   6        27  10
16  70  33  52  -3  13   0 0.00  0.0    0  6.9 17 130   M    M   1        21 130
17  65  37  51  -4  14   0 0.00  0.0    0 18.2 32  50   M    M   2        43  50
18  62  32  47  -9  18   0 0.00  0.0    0  9.1 15 130   M    M   0        20  70
19  65  36  51  -5  14   0 0.00  0.0    0 12.6 25 160   M    M   0        29 150
20  70  40  55  -1  10   0    T  0.0    0  9.2 24 320   M    M   2        29 340
21  74  44  59   2   6   0 0.05  0.0    0 12.0 36 330   M    M   6        49 310
22  71  41  56  -1   9   0 0.06  0.0    0 12.7 31 330   M    M   4 1      44 350
23  73  38  56  -1   9   0 0.00  0.0    0  9.9 21 150   M    M   0        27 150
24  84  46  65   7   0   0    T  0.0    0 19.2 36 310   M    M   2        44 280
25  62  44  53  -5  12   0    T  0.0    0 21.7 36 300   M    M   8        43 300
26  71  41  56  -2   9   0    T  0.0    0 12.4 28 310   M    M   3        32 310
27  79  46  63   5   2   0 0.00  0.0    0 11.9 31 330   M    M   5        39 320
================================================================================
SM 1926 1116       244  15  0.58     0.0 334.7          M       70
================================================================================
AV 71.3 41.3                              12.4 FASTST   M    M   3    MAX(MPH)
                                 MISC ---->  # 36 330               # 49  310
================================================================================
NOTES:
# LAST OF SEVERAL OCCURRENCES

COLUMN 17 PEAK WIND IN M.P.H.

PRELIMINARY LOCAL CLIMATOLOGICAL DATA (WS FORM: F-6) , PAGE 2

                                          STATION:  GLASGOW MT
                                          MONTH:    MAY
                                          YEAR:     2017
                                          LATITUDE:   48 13 N
                                          LONGITUDE: 106 37 W

[TEMPERATURE DATA]      [PRECIPITATION DATA]       SYMBOLS USED IN COLUMN 16

AVERAGE MONTHLY: 56.3   TOTAL FOR MONTH:   0.58    1 = FOG OR MIST
DPTR FM NORMAL:   1.9   DPTR FM NORMAL:   -1.01    2 = FOG REDUCING VISIBILITY
HIGHEST:    88 ON 12    GRTST 24HR  0.26 ON  7- 7      TO 1/4 MILE OR LESS
LOWEST:     32 ON 18                               3 = THUNDER
                        SNOW, ICE PELLETS, HAIL    4 = ICE PELLETS
                        TOTAL MONTH:   0.0 INCH    5 = HAIL
                        GRTST 24HR     0.0         6 = FREEZING RAIN OR DRIZZLE
                        GRTST DEPTH:   0           7 = DUSTSTORM OR SANDSTORM:
                                                       VSBY 1/2 MILE OR LESS
                                                   8 = SMOKE OR HAZE
[NO. OF DAYS WITH]      [WEATHER - DAYS WITH]      9 = BLOWING SNOW
                                                   X = TORNADO
MAX 32 OR BELOW:   0    0.01 INCH OR MORE:   7
MAX 90 OR ABOVE:   0    0.10 INCH OR MORE:   2
MIN 32 OR BELOW:   1    0.50 INCH OR MORE:   0
MIN  0 OR BELOW:   0    1.00 INCH OR MORE:   0

[HDD (BASE 65) ]
TOTAL THIS MO.   244    CLEAR  (SCALE 0-3)  17
DPTR FM NORMAL   -53    PTCLDY (SCALE 4-7)   8
TOTAL FM JUL 1  7888    CLOUDY (SCALE 8-10)  2
DPTR FM NORMAL  -416

[CDD (BASE 65) ]
TOTAL THIS MO.    15
DPTR FM NORMAL     8    [PRESSURE DATA]
TOTAL FM JAN 1    15    HIGHEST SLP M ON M
DPTR FM NORMAL     7    LOWEST  SLP 29.19 ON 24

[REMARKS]
