000
CXUS55 KGGW 250800
CF6GGW
PRELIMINARY LOCAL CLIMATOLOGICAL DATA (WS FORM: F-6)

                                          STATION:   GLASGOW MT
                                          MONTH:     APRIL
                                          YEAR:      2017
                                          LATITUDE:   48 13 N
                                          LONGITUDE: 106 37 W

  TEMPERATURE IN F:       :PCPN:    SNOW:  WIND      :SUNSHINE: SKY     :PK WND
================================================================================
1   2   3   4   5  6A  6B    7    8   9   10  11  12  13   14  15   16   17  18
                                     12Z  AVG MX 2MIN
DY MAX MIN AVG DEP HDD CDD  WTR  SNW DPTH SPD SPD DIR MIN PSBL S-S WX    SPD DR
================================================================================

 1  62  38  50  11  15   0 0.00  0.0    0 13.4 26 290   M    M   3 1      33 280
 2  58  37  48   8  17   0 0.17  0.0    0  9.8 33 300   M    M   2 1      42 300
 3  52  34  43   3  22   0 0.02  0.0    0  7.6 15 340   M    M   5 12     19 330
 4  54  30  42   1  23   0 0.05  0.0    0  9.5 22 310   M    M   6 1      28 320
 5  59  27  43   2  22   0 0.00  0.0    0 10.4 18 110   M    M   0        22 110
 6  71  37  54  13  11   0 0.00  0.0    0 17.0 25 150   M    M   3        31 170
 7  75  39  57  15   8   0    T  0.0    0 10.6 31 290   M    M   2        39 290
 8  66  41  54  12  11   0 0.00  0.0    0 12.3 24  40   M    M   1 8      32  40
 9  46  31  39  -4  26   0 0.00  0.0    0 11.7 26  40   M    M   3        32  40
10  55  30  43   0  22   0 0.00  0.0    0 11.8 21 160   M    M   5        25 190
11  56  32  44   1  21   0 0.00  0.0    0 12.1 28 280   M    M   3        39 230
12  58  32  45   1  20   0 0.00  0.0    0  9.3 18 150   M    M   4        23 160
13  76  42  59  15   6   0 0.00  0.0    0 23.4 36 130   M    M   0        45 130
14  61  37  49   4  16   0 0.00  0.0    0 16.7 35 280   M    M   4        43 290
15  56  33  45   0  20   0    T  0.0    0 13.0 31 280   M    M   7        42 280
16  42  19  31 -14  34   0 0.00  0.0    0 13.0 26 320   M    M   5        32 310
17  55  18  37  -9  28   0 0.00  0.0    0 14.6 26 110   M    M   5        34 120
18  64  28  46   0  19   0 0.00  0.0    0  7.0 15 100   M    M   0        18 110
19  60  37  49   3  16   0 0.17    M    0  9.1 30 320   M    M   4 1      37 300
20  62  30  46  -1  19   0 0.00  0.0    0 10.5 20 120   M    M   0 12     25 110
21  64  37  51   4  14   0 0.00  0.0    0  8.9 17  90   M    M   0        21  90
22  51  38  45  -2  20   0 0.01  0.0    0 11.0 28  90   M    M   9        33  80
23  45  32  39  -9  26   0 0.04  0.0    0 21.6 30 110   M    M  10 1      37 100
24  49  30  40  -8  25   0    T  0.0    0 11.8 22  70   M    M   9 16     27  80
================================================================================
SM 1397  789       461   0  0.46     0.0 296.1          M       90
================================================================================
AV 58.2 32.9                              12.3 FASTST   M    M   4    MAX(MPH)
                                 MISC ---->  # 36 130               # 45  130
================================================================================
NOTES:
# LAST OF SEVERAL OCCURRENCES

COLUMN 17 PEAK WIND IN M.P.H.

PRELIMINARY LOCAL CLIMATOLOGICAL DATA (WS FORM: F-6) , PAGE 2

                                          STATION:  GLASGOW MT
                                          MONTH:    APRIL
                                          YEAR:     2017
                                          LATITUDE:   48 13 N
                                          LONGITUDE: 106 37 W

[TEMPERATURE DATA]      [PRECIPITATION DATA]       SYMBOLS USED IN COLUMN 16

AVERAGE MONTHLY: 45.5   TOTAL FOR MONTH:   0.46    1 = FOG OR MIST
DPTR FM NORMAL:   1.7   DPTR FM NORMAL:   -0.16    2 = FOG REDUCING VISIBILITY
HIGHEST:    76 ON 13    GRTST 24HR  0.17 ON 19-19      TO 1/4 MILE OR LESS
LOWEST:     18 ON 17                               3 = THUNDER
                        SNOW, ICE PELLETS, HAIL    4 = ICE PELLETS
                        TOTAL MONTH:   0.0 INCH    5 = HAIL
                        GRTST 24HR     0.0         6 = FREEZING RAIN OR DRIZZLE
                        GRTST DEPTH:   0           7 = DUSTSTORM OR SANDSTORM:
                                                       VSBY 1/2 MILE OR LESS
                                                   8 = SMOKE OR HAZE
[NO. OF DAYS WITH]      [WEATHER - DAYS WITH]      9 = BLOWING SNOW
                                                   X = TORNADO
MAX 32 OR BELOW:   0    0.01 INCH OR MORE:   6
MAX 90 OR ABOVE:   0    0.10 INCH OR MORE:   2
MIN 32 OR BELOW:  12    0.50 INCH OR MORE:   0
MIN  0 OR BELOW:   0    1.00 INCH OR MORE:   0

[HDD (BASE 65) ]
TOTAL THIS MO.   461    CLEAR  (SCALE 0-3)  11
DPTR FM NORMAL   -46    PTCLDY (SCALE 4-7)  10
TOTAL FM JUL 1  7523    CLOUDY (SCALE 8-10)  3
DPTR FM NORMAL  -388

[CDD (BASE 65) ]
TOTAL THIS MO.     0
DPTR FM NORMAL     0    [PRESSURE DATA]
TOTAL FM JAN 1     0    HIGHEST SLP M ON M
DPTR FM NORMAL     0    LOWEST  SLP 29.38 ON 14

[REMARKS]
