000
CXUS54 KFWD 280730
CF6GLE
PRELIMINARY LOCAL CLIMATOLOGICAL DATA (WS FORM: F-6)

                                          STATION:   GAINESVILLE
                                          MONTH:     FEBRUARY
                                          YEAR:      2015
                                          LATITUDE:   33 39 N
                                          LONGITUDE:  97 12 W

  TEMPERATURE IN F:       :PCPN:    SNOW:  WIND      :SUNSHINE: SKY     :PK WND
================================================================================
1   2   3   4   5  6A  6B    7    8   9   10  11  12  13   14  15   16   17  18
                                     12Z  AVG MX 2MIN
DY MAX MIN AVG DEP HDD CDD  WTR  SNW DPTH SPD SPD DIR MIN PSBL S-S WX    SPD DR
================================================================================

 1  53  29  41  -3  24   0 0.04  0.0    0 14.5 27 330   M    M   6 1      32 320
 2  40  19  30 -14  35   0 0.00  0.0    0  6.9 21 330   M    M   0        25 350
 3  54  28  41  -3  24   0 0.00  0.0    0  8.4 15 170   M    M   1        18 150
 4  48  32  40  -4  25   0    T  0.0    0 10.8 22 360   M    M   8 12     25 340
 5  33  26  30 -14  35   0 0.00  0.0    0  9.0 18 350   M    M  10        25 350
 6  57  28  43  -2  22   0 0.00  0.0    0  9.2 16 160   M    M   2 1      21 160
 7  68  37  53   8  12   0 0.00  0.0    0 12.6 21 160   M    M   0 1      28 160
 8  75  44  60  15   5   0 0.00  0.0    0  5.1 13 160   M    M   0 1       M  M
 9  73  44  59  14   6   0 0.00  0.0    0  6.6 13 360   M    M   0         M  M
10  70  40  55  10  10   0 0.00  0.0    0  8.8 18 150   M    M   0        27 150
11  64  41  53   7  12   0 0.00  0.0    0 11.3 18  10   M    M   0        27  10
12  53  32  43  -3  22   0 0.00  0.0    0  8.3 22 350   M    M   1        25 350
13  69  28  49   3  16   0 0.00  0.0    0  5.9 12 230   M    M   0        20 240
14  77  35  56  10   9   0 0.00  0.0    0  4.8 10 220   M    M   0        17 230
15  65  38  52   6  13   0 0.99  0.0    0  8.0 14  20   M    M   5        24  20
16  37  26  32 -14  33   0 0.30    M    0 10.3 20 340   M    M   7        27 320
17  51  28  40  -7  25   0 0.00  0.0    0  5.3 17 320   M    M   5        22 320
18  54  26  40  -7  25   0 0.00  0.0    0  2.9  8  60   M    M   0 8       M  M
19  54  27  41  -6  24   0 0.00  0.0    0 10.3 17 150   M    M   0        23 160
20  70  42  56   9   9   0 0.00  0.0    0 13.2 23 170   M    M   5 1      31 170
21  63  42  53   5  12   0 0.00  0.0    0 12.3 22 350   M    M   4 1      30 350
22  43  26  35 -13  30   0 0.53    M    0 11.6 23 360   M    M   7 1      28  20
23  26  23  25 -23  40   0 0.05    M    M 11.9 17  20   M    M  10 1      24  20
24  32  23  28 -20  37   0 0.00  0.0    0  3.8  8 320   M    M   4         M  M
25  54  30  42  -6  23   0 0.03    M    0  2.9  8 120   M    M   4 1       M  M
26  38  28  33 -16  32   0 0.00  0.0    0 14.4 23 350   M    M   8 1      30 350
27  28  20  24 -25  41   0 0.02    M    0  9.6 14  40   M    M  10        20  30
================================================================================
SM 1449  842       601   0  1.96     0.0 238.7          M       97
================================================================================
AV 53.7 31.2                               8.8 FASTST   M    M   4    MAX(MPH)
                                 MISC ---->  # 27 330                 32    M
================================================================================
NOTES:
# LAST OF SEVERAL OCCURRENCES

COLUMN 17 PEAK WIND IN M.P.H.

PRELIMINARY LOCAL CLIMATOLOGICAL DATA (WS FORM: F-6) , PAGE 2

                                          STATION:  GAINESVILLE
                                          MONTH:    FEBRUARY
                                          YEAR:     2015
                                          LATITUDE:   33 39 N
                                          LONGITUDE:  97 12 W

[TEMPERATURE DATA]      [PRECIPITATION DATA]       SYMBOLS USED IN COLUMN 16

AVERAGE MONTHLY: 42.4   TOTAL FOR MONTH:   1.96    1 = FOG OR MIST
DPTR FM NORMAL:  -3.8   DPTR FM NORMAL:   -0.62    2 = FOG REDUCING VISIBILITY
HIGHEST:    77 ON 14    GRTST 24HR  0.99 ON 15-15      TO 1/4 MILE OR LESS
LOWEST:     19 ON  2                               3 = THUNDER
                        SNOW, ICE PELLETS, HAIL    4 = ICE PELLETS
                        TOTAL MONTH:   0.0 INCH    5 = HAIL
                        GRTST 24HR     0.0         6 = FREEZING RAIN OR DRIZZLE
                        GRTST DEPTH:   0           7 = DUSTSTORM OR SANDSTORM:
                                                       VSBY 1/2 MILE OR LESS
                                                   8 = SMOKE OR HAZE
[NO. OF DAYS WITH]      [WEATHER - DAYS WITH]      9 = BLOWING SNOW
                                                   X = TORNADO
MAX 32 OR BELOW:   3    0.01 INCH OR MORE:   7
MAX 90 OR ABOVE:   0    0.10 INCH OR MORE:   3
MIN 32 OR BELOW:  18    0.50 INCH OR MORE:   2
MIN  0 OR BELOW:   0    1.00 INCH OR MORE:   0

[HDD (BASE 65) ]
TOTAL THIS MO.   601    CLEAR  (SCALE 0-3)  13
DPTR FM NORMAL    90    PTCLDY (SCALE 4-7)  11
TOTAL FM JUL 1  2352    CLOUDY (SCALE 8-10)  3
DPTR FM NORMAL    -6

[CDD (BASE 65) ]
TOTAL THIS MO.     0
DPTR FM NORMAL     0    [PRESSURE DATA]
TOTAL FM JAN 1     0    HIGHEST SLP M ON M
DPTR FM NORMAL     0    LOWEST  SLP M ON M

[REMARKS]
