000
CXUS53 KAPX 230631
CF6GLR
PRELIMINARY LOCAL CLIMATOLOGICAL DATA (WS FORM: F-6)

                                          STATION:   GAYLORD
                                          MONTH:     JULY
                                          YEAR:      2016
                                          LATITUDE:   45  0 N
                                          LONGITUDE:  84 42 W

  TEMPERATURE IN F:       :PCPN:    SNOW:  WIND      :SUNSHINE: SKY     :PK WND
================================================================================
1   2   3   4   5  6A  6B    7    8   9   10  11  12  13   14  15   16   17  18
                                     12Z  AVG MX 2MIN
DY MAX MIN AVG DEP HDD CDD  WTR  SNW DPTH SPD SPD DIR MIN PSBL S-S WX    SPD DR
================================================================================

 1  66  51  59  -6   6   0 0.29    M    M  6.9 16 310   M    M   6 1      26 300
 2  75  49  62  -3   3   0 0.00  0.0    0  7.0 17 270   M    M   1        24 250
 3  81  47  64  -2   1   0 0.00    M    M  4.3 14 260   M    M   1        18 250
 4  83  48  66   0   0   1 0.00    M    M  4.6 15 170   M    M   0        19 170
 5  84  59  72   6   0   7 0.00    M    M  7.1 17 250   M    M   3        24 260
 6  83  66  75   9   0  10    T    M    M  5.8 14 280   M    M   2        19 290
 7  86  59  73   7   0   8    T    M    M  3.4 12 130   M    M   2 1      16 140
 8  77  60  69   3   0   4 0.92    M    M  7.2 26 270   M    M   6 13     36 270
 9  77  60  69   3   0   4    T    M    M  7.1 14 310   M    M   6        23 330
10  80  54  67   1   0   2 0.01    M    M  4.4 12 290   M    M   1        17 280
11  81  64  73   7   0   8 0.02    M    M  8.7 17 170   M    M   7        21 160
12  90  71  81  15   0  16 0.36    M    M 12.2 23 190   M    M   3 38     32 200
13  90  66  78  12   0  13 0.00    M    M 12.0 23 200   M    M   0        28 200
14  77  59  68   2   0   3 0.07    M    M 13.0 28 240   M    M   6 1      37 250
15  63  49  56 -10   9   0 0.03    M    M  5.2 14 280   M    M   7 18     19 270
16  73  42  58  -8   7   0 0.00    M    M  4.2 13 270   M    M   1        19 280
17  71  54  63  -3   2   0 0.35    M    M  8.7 26 170   M    M   4 1      33 160
18  75  61  68   2   0   3 0.00    M    M  6.9 17 270   M    M   4        27 260
19  76  49  63  -3   2   0 0.00    M    M  2.6 10 260   M    M   1        14 250
20  89  53  71   5   0   6 0.00    M    M  5.6 16 250   M    M   1        20 220
21  85  70  78  12   0  13 0.29    M    M 11.9 25 260   M    M   1 13     30 250
22  87  67  77  11   0  12 0.00    M    M  6.2 16 260   M    M   1 1      24 250
================================================================================
SM 1749 1258        30 110  2.34     0.0 155.0          M       64
================================================================================
AV 79.5 57.2                               7.0 FASTST   M    M   3    MAX(MPH)
                                 MISC ---->  # 28 240               # 37  250
================================================================================
NOTES:
# LAST OF SEVERAL OCCURRENCES

COLUMN 17 PEAK WIND IN M.P.H.

PRELIMINARY LOCAL CLIMATOLOGICAL DATA (WS FORM: F-6) , PAGE 2

                                          STATION:  GAYLORD
                                          MONTH:    JULY
                                          YEAR:     2016
                                          LATITUDE:   45  0 N
                                          LONGITUDE:  84 42 W

[TEMPERATURE DATA]      [PRECIPITATION DATA]       SYMBOLS USED IN COLUMN 16

AVERAGE MONTHLY: 68.3   TOTAL FOR MONTH:   2.34    1 = FOG OR MIST
DPTR FM NORMAL:   2.4   DPTR FM NORMAL:    0.33    2 = FOG REDUCING VISIBILITY
HIGHEST:    90 ON 13,12 GRTST 24HR  0.92 ON  8- 8      TO 1/4 MILE OR LESS
LOWEST:     42 ON 16                               3 = THUNDER
                        SNOW, ICE PELLETS, HAIL    4 = ICE PELLETS
                        TOTAL MONTH:   0.0 INCH    5 = HAIL
                        GRTST 24HR     0.0         6 = FREEZING RAIN OR DRIZZLE
                        GRTST DEPTH:   0           7 = DUSTSTORM OR SANDSTORM:
                                                       VSBY 1/2 MILE OR LESS
                                                   8 = SMOKE OR HAZE
[NO. OF DAYS WITH]      [WEATHER - DAYS WITH]      9 = BLOWING SNOW
                                                   X = TORNADO
MAX 32 OR BELOW:   0    0.01 INCH OR MORE:   9
MAX 90 OR ABOVE:   2    0.10 INCH OR MORE:   5
MIN 32 OR BELOW:   0    0.50 INCH OR MORE:   1
MIN  0 OR BELOW:   0    1.00 INCH OR MORE:   0

[HDD (BASE 65) ]
TOTAL THIS MO.    30    CLEAR  (SCALE 0-3)  13
DPTR FM NORMAL   -16    PTCLDY (SCALE 4-7)   9
TOTAL FM JUL 1    30    CLOUDY (SCALE 8-10)  0
DPTR FM NORMAL   -16

[CDD (BASE 65) ]
TOTAL THIS MO.   110
DPTR FM NORMAL    44    [PRESSURE DATA]
TOTAL FM JAN 1   200    HIGHEST SLP M ON M
DPTR FM NORMAL    66    LOWEST  SLP 29.60 ON 14

[REMARKS]
