057
CXUS53 KAPX 180631
CF6GLR
PRELIMINARY LOCAL CLIMATOLOGICAL DATA (WS FORM: F-6)

                                          STATION:   GAYLORD
                                          MONTH:     JANUARY
                                          YEAR:      2018
                                          LATITUDE:   45  0 N
                                          LONGITUDE:  84 42 W

  TEMPERATURE IN F:       :PCPN:    SNOW:  WIND      :SUNSHINE: SKY     :PK WND
================================================================================
1   2   3   4   5  6A  6B    7    8   9   10  11  12  13   14  15   16   17  18
                                     12Z  AVG MX 2MIN
DY MAX MIN AVG DEP HDD CDD  WTR  SNW DPTH SPD SPD DIR MIN PSBL S-S WX    SPD DR
================================================================================

 1  11   2   7 -12  58   0    T    M    M  9.2 17 250   M    M  10 18     23 260
 2  16   9  13  -6  52   0    T    M    M 18.8 30 250   M    M   7 18     40 250
 3  17   7  12  -6  53   0 0.01    M    M 10.4 21 240   M    M   9 128    26 250
 4   7  -8   0 -18  65   0    T    M    M  6.5 14 360   M    M   4 8      22 350
 5   0 -14  -7 -25  72   0    T    M    M  5.2 13 300   M    M   2 8      21 350
 6   3 -26 -11 -29  76   0 0.00    M    M  3.4 10 190   M    M   1 18     13 190
 7  28   1  15  -3  50   0    T    M    M 15.1 26 210   M    M  10 18     37 220
 8  30  23  27   9  38   0    T    M    M 12.9 26 250   M    M   9 18     31 260
 9  28  19  24   6  41   0 0.00    M    M  4.4 15 180   M    M   7        19 180
10  43  23  33  16  32   0 0.02    M    M 13.8 21 210   M    M   7 1      27 190
11  49  26  38  21  27   0 0.39    M    M 12.3 20 220   M    M   9 126    27 220
12  26   6  16  -1  49   0    T    M    M  8.4 18 320   M    M   6 1      28 330
13  10   1   6 -11  59   0    T    M    M  4.5 12 310   M    M   6 1      18 310
14  16   7  12  -5  53   0    T    M    M  9.9 18 170   M    M   9 1      24 200
15  18  11  15  -2  50   0 0.02    M    M  9.2 18 130   M    M  10 128    23 120
16  15  -4   6 -11  59   0    T    M    M  4.2 12  40   M    M   6 18     17  30
17  22  -2  10  -7  55   0    T    M    M 15.8 29 240   M    M   4 18     39 240
================================================================================
SM  339   81       889   0  0.44    M    164.0          M      116
================================================================================
AV 19.9  4.8                               9.6 FASTST   M    M   7    MAX(MPH)
                                 MISC ---->  # 30 250               # 40  250
================================================================================
NOTES:
# LAST OF SEVERAL OCCURRENCES

COLUMN 17 PEAK WIND IN M.P.H.

PRELIMINARY LOCAL CLIMATOLOGICAL DATA (WS FORM: F-6) , PAGE 2

                                          STATION:  GAYLORD
                                          MONTH:    JANUARY
                                          YEAR:     2018
                                          LATITUDE:   45  0 N
                                          LONGITUDE:  84 42 W

[TEMPERATURE DATA]      [PRECIPITATION DATA]       SYMBOLS USED IN COLUMN 16

AVERAGE MONTHLY: 12.4   TOTAL FOR MONTH:   0.44    1 = FOG OR MIST
DPTR FM NORMAL:  -5.3   DPTR FM NORMAL:   -0.57    2 = FOG REDUCING VISIBILITY
HIGHEST:    49 ON 11    GRTST 24HR  0.39 ON 11-11      TO 1/4 MILE OR LESS
LOWEST:    -26 ON  6                               3 = THUNDER
                        SNOW, ICE PELLETS, HAIL    4 = ICE PELLETS
                        TOTAL MONTH:    M          5 = HAIL
                        GRTST 24HR    M  ON   M    6 = FREEZING RAIN OR DRIZZLE
                        GRTST DEPTH:  M  ON   M    7 = DUSTSTORM OR SANDSTORM:
                                                       VSBY 1/2 MILE OR LESS
                                                   8 = SMOKE OR HAZE
[NO. OF DAYS WITH]      [WEATHER - DAYS WITH]      9 = BLOWING SNOW
                                                   X = TORNADO
MAX 32 OR BELOW:  15    0.01 INCH OR MORE:   4
MAX 90 OR ABOVE:   0    0.10 INCH OR MORE:   1
MIN 32 OR BELOW:  17    0.50 INCH OR MORE:   0
MIN  0 OR BELOW:   5    1.00 INCH OR MORE:   0

[HDD (BASE 65) ]
TOTAL THIS MO.   889    CLEAR  (SCALE 0-3)   2
DPTR FM NORMAL    84    PTCLDY (SCALE 4-7)   8
TOTAL FM JUL 1  4076    CLOUDY (SCALE 8-10)  7
DPTR FM NORMAL   -16

[CDD (BASE 65) ]
TOTAL THIS MO.     0
DPTR FM NORMAL     0    [PRESSURE DATA]
TOTAL FM JAN 1     0    HIGHEST SLP M ON M
DPTR FM NORMAL     0    LOWEST  SLP 29.59 ON 11

[REMARKS]
