000
CXUS52 KJAX 250800
CF6GNV
PRELIMINARY LOCAL CLIMATOLOGICAL DATA (WS FORM: F-6)

                                          STATION:   GAINESVILLE FL
                                          MONTH:     AUGUST
                                          YEAR:      2016
                                          LATITUDE:   29 40 N
                                          LONGITUDE:  82 16 W

  TEMPERATURE IN F:       :PCPN:    SNOW:  WIND      :SUNSHINE: SKY     :PK WND
================================================================================
1   2   3   4   5  6A  6B    7    8   9   10  11  12  13   14  15   16   17  18
                                     12Z  AVG MX 2MIN
DY MAX MIN AVG DEP HDD CDD  WTR  SNW DPTH SPD SPD DIR MIN PSBL S-S WX    SPD DR
================================================================================

 1  96  72  84   3   0  19 0.02  0.0    0  4.0 22 240   M    M   2 3      27 250
 2  96  70  83   2   0  18 0.00  0.0    0  2.9 15 270   M    M   1 3      17 260
 3  95  73  84   3   0  19 0.02  0.0    0  4.3 18  30   M    M   4 3      26  30
 4  89  73  81   0   0  16 0.01  0.0    0  4.7 15 280   M    M   2 3      20 270
 5  93  73  83   2   0  18 0.07  0.0    0  5.2 22 190   M    M   4 1      28 190
 6  83  75  79  -2   0  14 0.02  0.0    0  6.6 15 220   M    M   5        20 200
 7  83  75  79  -2   0  14 1.44  0.0    0 10.6 18 200   M    M   8 1      26 190
 8  84  74  79  -2   0  14 0.34  0.0    0  8.8 17 210   M    M   8 1      25 180
 9  86  74  80  -1   0  15    T  0.0    0  8.9 18 180   M    M   6        28 160
10  94  72  83   2   0  18    T  0.0    0  5.0 21 140   M    M   3 1      27 130
11  93  72  83   2   0  18    T  0.0    0  3.2 16 130   M    M   4 123    20 130
12  94  73  84   3   0  19 0.17  0.0    0  5.9 22 250   M    M   4 123    25 250
13  95  72  84   3   0  19    T  0.0    0  3.8 14 150   M    M   2 3      17 160
14  92  71  82   1   0  17 0.16  0.0    0  4.5 30 160   M    M   2 13     37 150
15  95  72  84   3   0  19    T  0.0    0  4.8 13  40   M    M   3 13     17  70
16  93  74  84   3   0  19 0.02  0.0    0  2.6 16  60   M    M   2 13     21  80
17  94  72  83   2   0  18 0.00  0.0    0  3.9 14  60   M    M   1 1      18  60
18  95  72  84   3   0  19 0.15  0.0    0  2.6 15 140   M    M   2 3      19 130
19  95  73  84   3   0  19 0.00  0.0    0  3.1 16 280   M    M   1 3      21 280
20  95  74  85   4   0  20 0.00  0.0    0  5.9 16 250   M    M   1        19 240
21  94  72  83   2   0  18 0.00  0.0    0  5.7 15 250   M    M   1        19 250
22  97  74  86   5   0  21 0.00  0.0    0  4.7 12 280   M    M   1        17 330
23  95  75  85   4   0  20 0.35  0.0    0  3.8 15 130   M    M   2 13     19 130
24  94  75  85   4   0  20 0.00  0.0    0  8.0 18  50   M    M   1        23  50
================================================================================
SM 2220 1752         0 431  2.77     0.0 123.5          M       70
================================================================================
AV 92.5 73.0                               5.1 FASTST   M    M   3    MAX(MPH)
                                 MISC ---->  # 30 160               # 37  150
================================================================================
NOTES:
# LAST OF SEVERAL OCCURRENCES

COLUMN 17 PEAK WIND IN M.P.H.

PRELIMINARY LOCAL CLIMATOLOGICAL DATA (WS FORM: F-6) , PAGE 2

                                          STATION:  GAINESVILLE FL
                                          MONTH:    AUGUST
                                          YEAR:     2016
                                          LATITUDE:   29 40 N
                                          LONGITUDE:  82 16 W

[TEMPERATURE DATA]      [PRECIPITATION DATA]       SYMBOLS USED IN COLUMN 16

AVERAGE MONTHLY: 82.8   TOTAL FOR MONTH:   2.77    1 = FOG OR MIST
DPTR FM NORMAL:   1.8   DPTR FM NORMAL:   -2.17    2 = FOG REDUCING VISIBILITY
HIGHEST:    97 ON 22    GRTST 24HR  1.44 ON  7- 7      TO 1/4 MILE OR LESS
LOWEST:     70 ON  2                               3 = THUNDER
                        SNOW, ICE PELLETS, HAIL    4 = ICE PELLETS
                        TOTAL MONTH:   0.0 INCH    5 = HAIL
                        GRTST 24HR     0.0         6 = FREEZING RAIN OR DRIZZLE
                        GRTST DEPTH:   0           7 = DUSTSTORM OR SANDSTORM:
                                                       VSBY 1/2 MILE OR LESS
                                                   8 = SMOKE OR HAZE
[NO. OF DAYS WITH]      [WEATHER - DAYS WITH]      9 = BLOWING SNOW
                                                   X = TORNADO
MAX 32 OR BELOW:   0    0.01 INCH OR MORE:  12
MAX 90 OR ABOVE:  19    0.10 INCH OR MORE:   6
MIN 32 OR BELOW:   0    0.50 INCH OR MORE:   1
MIN  0 OR BELOW:   0    1.00 INCH OR MORE:   1

[HDD (BASE 65) ]
TOTAL THIS MO.     0    CLEAR  (SCALE 0-3)  15
DPTR FM NORMAL     0    PTCLDY (SCALE 4-7)   7
TOTAL FM JUL 1     0    CLOUDY (SCALE 8-10)  2
DPTR FM NORMAL     0

[CDD (BASE 65) ]
TOTAL THIS MO.   431
DPTR FM NORMAL    47    [PRESSURE DATA]
TOTAL FM JAN 1  2120    HIGHEST SLP M ON M
DPTR FM NORMAL   285    LOWEST  SLP 29.85 ON  7

[REMARKS]
