000
CXUS54 KFWD 250730
CF6GOP
PRELIMINARY LOCAL CLIMATOLOGICAL DATA (WS FORM: F-6)

                                          STATION:   GATESVILLE
                                          MONTH:     FEBRUARY
                                          YEAR:      2018
                                          LATITUDE:   31 25 N
                                          LONGITUDE:  97 48 W

  TEMPERATURE IN F:       :PCPN:    SNOW:  WIND      :SUNSHINE: SKY     :PK WND
================================================================================
1   2   3   4   5  6A  6B    7    8   9   10  11  12  13   14  15   16   17  18
                                     12Z  AVG MX 2MIN
DY MAX MIN AVG DEP HDD CDD  WTR  SNW DPTH SPD SPD DIR MIN PSBL S-S WX    SPD DR
================================================================================

 1  63  46  55   8  10   0 0.00  0.0    0  8.1 15 340   M    M   0        20 310
 2  55  36  46  -1  19   0 0.00  0.0    0  5.3 10  80   M    M   3        20  20
 3  61  45  53   6  12   0    M  0.0    0  8.5 16 190   M    M   2 1      22 170
 4  68  37  53   6  12   0 0.00  0.0    0  4.2 14  20   M    M   6 12     22  20
 5  50  28  39  -8  26   0 0.00  0.0    0  1.6  8 350   M    M   4         M  M
 6  43  32  38  -9  27   0 0.03  0.0    0  5.8 13 350   M    M   9 18     13  20
 7  48  32  40  -8  25   0 0.00  0.0    0  8.7 16 360   M    M   2 1      21 360
 8  59  25  42  -6  23   0 0.00  0.0    0  0.7  6  50   M    M   0 1       M  M
 9  68  43  56   8   9   0 0.00  0.0    0  6.4 15 180   M    M   7        23 180
10  61  32  47  -1  18   0 0.00  0.0    0  7.0 15 320   M    M   8 18     23 320
11  43  25  34 -14  31   0 0.00  0.0    0  9.8 17 330   M    M   4 8      25 330
12  43  23  33 -15  32   0 0.00  0.0    0  3.6 10  60   M    M   3        12  99
13  46  37  42  -6  23   0 0.01  0.0    0  0.0  M   M   M    M   9 12      M  M
14  77  45  61  12   4   0 0.00  0.0    0  5.8 23 190   M    M   6 12     29 190
15  77  63  70  21   0   5 0.00  0.0    0 14.0 22 190   M    M   6        29 190
16  64  50  57   8   8   0 0.00  0.0    0  5.6 18 340   M    M   4 12     23 340
17  64  45  55   6  10   0 0.00  0.0    0  1.3  9 320   M    M   5        15 330
18  68  41  55   6  10   0    T  0.0    0  2.2 13 140   M    M   6 12     22 140
19  79  66  73  23   0   8    T  0.0    0 15.1 22 170   M    M   6        32 170
20  72  41  57   7   8   0 0.29  0.0    0 10.5 17 320   M    M   7 1      25 320
21  45  32  39 -11  26   0 2.45  0.0    0 11.1 20 330   M    M  10 13     24 320
22  39  32  36 -14  29   0 0.02  0.0    0  3.8 10 340   M    M  10 1      13 340
23  55  39  47  -3  18   0 0.02  0.0    0  0.6  6  60   M    M  10 12     12  99
24  77  52  65  14   0   0 0.14  0.0    0  5.4 14 200   M    M   5 123    18 190
================================================================================
SM 1425  947       380  13  2.96     0.0 145.1          M      132
================================================================================
AV 59.4 39.5                               6.0 FASTST   M    M   6    MAX(MPH)
                                 MISC ---->  # 23 190                 32    M
================================================================================
NOTES:
# LAST OF SEVERAL OCCURRENCES

COLUMN 17 PEAK WIND IN M.P.H.

PRELIMINARY LOCAL CLIMATOLOGICAL DATA (WS FORM: F-6) , PAGE 2

                                          STATION:  GATESVILLE
                                          MONTH:    FEBRUARY
                                          YEAR:     2018
                                          LATITUDE:   31 25 N
                                          LONGITUDE:  97 48 W

[TEMPERATURE DATA]      [PRECIPITATION DATA]       SYMBOLS USED IN COLUMN 16

AVERAGE MONTHLY: 49.4   TOTAL FOR MONTH:   2.96    1 = FOG OR MIST
DPTR FM NORMAL:   0.9   DPTR FM NORMAL:       M    2 = FOG REDUCING VISIBILITY
HIGHEST:    79 ON 19    GRTST 24HR  2.45 ON 21-21      TO 1/4 MILE OR LESS
LOWEST:     23 ON 12                               3 = THUNDER
                        SNOW, ICE PELLETS, HAIL    4 = ICE PELLETS
                        TOTAL MONTH:   0.0 INCH    5 = HAIL
                        GRTST 24HR     0.0         6 = FREEZING RAIN OR DRIZZLE
                        GRTST DEPTH:   0           7 = DUSTSTORM OR SANDSTORM:
                                                       VSBY 1/2 MILE OR LESS
                                                   8 = SMOKE OR HAZE
[NO. OF DAYS WITH]      [WEATHER - DAYS WITH]      9 = BLOWING SNOW
                                                   X = TORNADO
MAX 32 OR BELOW:   0    0.01 INCH OR MORE:   7
MAX 90 OR ABOVE:   0    0.10 INCH OR MORE:   3
MIN 32 OR BELOW:   9    0.50 INCH OR MORE:   1
MIN  0 OR BELOW:   0    1.00 INCH OR MORE:   1

[HDD (BASE 65) ]
TOTAL THIS MO.   380    CLEAR  (SCALE 0-3)   6
DPTR FM NORMAL   -19    PTCLDY (SCALE 4-7)  13
TOTAL FM JUL 1  1780    CLOUDY (SCALE 8-10)  5
DPTR FM NORMAL  -199

[CDD (BASE 65) ]
TOTAL THIS MO.    13
DPTR FM NORMAL    13    [PRESSURE DATA]
TOTAL FM JAN 1    13    HIGHEST SLP M ON M
DPTR FM NORMAL    12    LOWEST  SLP M ON M

[REMARKS]
