000
CXUS54 KFWD 240730
CF6GOP
PRELIMINARY LOCAL CLIMATOLOGICAL DATA (WS FORM: F-6)

                                          STATION:   GATESVILLE
                                          MONTH:     APRIL
                                          YEAR:      2017
                                          LATITUDE:   31 25 N
                                          LONGITUDE:  97 48 W

  TEMPERATURE IN F:       :PCPN:    SNOW:  WIND      :SUNSHINE: SKY     :PK WND
================================================================================
1   2   3   4   5  6A  6B    7    8   9   10  11  12  13   14  15   16   17  18
                                     12Z  AVG MX 2MIN
DY MAX MIN AVG DEP HDD CDD  WTR  SNW DPTH SPD SPD DIR MIN PSBL S-S WX    SPD DR
================================================================================

 1  73  61  67   7   0   2 0.00  0.0    0  7.0 13 150   M    M   6        20 150
 2  72  54  63   3   2   0 1.10  0.0    0  7.6 16 360   M    M   7 13     28 360
 3  84  48  66   5   0   1 0.00  0.0    0  4.8 13 250   M    M   0        21 250
 4  88  59  74  13   0   9 0.00  0.0    0  8.4 22 320   M    M   0        29 320
 5  72  48  60  -1   5   0 0.00  0.0    0 10.0 18 350   M    M   0        29 330
 6  75  41  58  -4   7   0 0.00  0.0    0  1.0  8 200   M    M   0         M  M
 7  79  48  64   2   1   0 0.00  0.0    0  5.7 14 170   M    M   0        18 160
 8  81  59  70   8   0   5 0.00  0.0    0 12.4 23 200   M    M   1        28 210
 9  81  66  74  12   0   9 0.00  0.0    0 13.8 20 210   M    M   7        25 180
10  82  66  74  11   0   9 0.91  0.0    0  8.4 15 190   M    M   6 3      21 190
11  70  64  67   4   0   2 0.53  0.0    0  2.4  7  30   M    M   9 13      M  M
12  73  63  68   5   0   3 0.00  0.0    0  1.8  6 120   M    M   6         M  M
13  79  63  71   7   0   6 0.02  0.0    0  5.3 12 160   M    M   5 13     21 160
14  79  61  70   6   0   5 0.00  0.0    0  6.4 13 160   M    M   4        18 160
15  81  64  73   9   0   8 0.00  0.0    0   M   M   M   M    M   M         M  M
16  79  66  73   9   0   8 0.00  0.0    0  5.8 13 160   M    M   2        18 190
17  81  61  71   6   0   6 0.50  0.0    0  5.7 18  60   M    M   3 1      28  60
18  75  57  66   1   0   1 0.00  0.0    0  1.5  7 100   M    M   4 1       M  M
19  82  64  73   8   0   8 0.00  0.0    0  6.3 12 150   M    M   5 1      21 160
20  84  66  75   9   0  10 0.00  0.0    0  7.0 15 210   M    M   4        20 170
21  86  68  77  11   0  12 0.00  0.0    0 10.5 21 200   M    M   4        29 210
22  75  52  64  -2   1   0 0.00  0.0    0 10.6 18 350   M    M   6        25 360
23  73  45  59  -7   6   0 0.00  0.0    0  6.0 15 340   M    M   0        20 340
================================================================================
SM 1804 1344        22 104  3.06     0.0 148.4          M       79
================================================================================
AV 78.4 58.4                               6.7 FASTST   M    M   4    MAX(MPH)
                                 MISC ---->  # 23 200               # 29  320
================================================================================
NOTES:
# LAST OF SEVERAL OCCURRENCES

COLUMN 17 PEAK WIND IN M.P.H.

PRELIMINARY LOCAL CLIMATOLOGICAL DATA (WS FORM: F-6) , PAGE 2

                                          STATION:  GATESVILLE
                                          MONTH:    APRIL
                                          YEAR:     2017
                                          LATITUDE:   31 25 N
                                          LONGITUDE:  97 48 W

[TEMPERATURE DATA]      [PRECIPITATION DATA]       SYMBOLS USED IN COLUMN 16

AVERAGE MONTHLY: 68.4   TOTAL FOR MONTH:   3.06    1 = FOG OR MIST
DPTR FM NORMAL:   5.2   DPTR FM NORMAL:       M    2 = FOG REDUCING VISIBILITY
HIGHEST:    88 ON  4    GRTST 24HR  1.10 ON  2- 2      TO 1/4 MILE OR LESS
LOWEST:     41 ON  6                               3 = THUNDER
                        SNOW, ICE PELLETS, HAIL    4 = ICE PELLETS
                        TOTAL MONTH:   0.0 INCH    5 = HAIL
                        GRTST 24HR     0.0         6 = FREEZING RAIN OR DRIZZLE
                        GRTST DEPTH:   0           7 = DUSTSTORM OR SANDSTORM:
                                                       VSBY 1/2 MILE OR LESS
                                                   8 = SMOKE OR HAZE
[NO. OF DAYS WITH]      [WEATHER - DAYS WITH]      9 = BLOWING SNOW
                                                   X = TORNADO
MAX 32 OR BELOW:   0    0.01 INCH OR MORE:   5
MAX 90 OR ABOVE:   0    0.10 INCH OR MORE:   4
MIN 32 OR BELOW:   0    0.50 INCH OR MORE:   4
MIN  0 OR BELOW:   0    1.00 INCH OR MORE:   1

[HDD (BASE 65) ]
TOTAL THIS MO.    22    CLEAR  (SCALE 0-3)   9
DPTR FM NORMAL   -69    PTCLDY (SCALE 4-7)  12
TOTAL FM JUL 1  1303    CLOUDY (SCALE 8-10)  1
DPTR FM NORMAL -1130

[CDD (BASE 65) ]
TOTAL THIS MO.   104
DPTR FM NORMAL    53    [PRESSURE DATA]
TOTAL FM JAN 1   281    HIGHEST SLP M ON M
DPTR FM NORMAL   208    LOWEST  SLP M ON M

[REMARKS]
