000
CXUS54 KFWD 010730
CF6GOP
PRELIMINARY LOCAL CLIMATOLOGICAL DATA (WS FORM: F-6)

                                          STATION:   GATESVILLE
                                          MONTH:     JULY
                                          YEAR:      2015
                                          LATITUDE:   31 25 N
                                          LONGITUDE:  97 48 W

  TEMPERATURE IN F:       :PCPN:    SNOW:  WIND      :SUNSHINE: SKY     :PK WND
================================================================================
1   2   3   4   5  6A  6B    7    8   9   10  11  12  13   14  15   16   17  18
                                     12Z  AVG MX 2MIN
DY MAX MIN AVG DEP HDD CDD  WTR  SNW DPTH SPD SPD DIR MIN PSBL S-S WX    SPD DR
================================================================================

 1  91  72  82   1   0  17 0.00  0.0    0  9.1 23 190   M    M   1        32 190
 2  91   M   M   M   M   M 0.00  0.0    0 10.9 15 200   M    M   0        24 180
 3  91  75  83   2   0  18 0.00  0.0    0  7.0 14 200   M    M   2        21 200
 4  93  73  83   1   0  18 0.00  0.0    0  8.6 13 190   M    M   1 8      20 190
 5  93  75  84   2   0  19 0.00  0.0    0  9.5 18 200   M    M   1        23 190
 6  91  77  84   2   0  19 0.00  0.0    0 11.7 20 170   M    M   1 8      27 170
 7  90  77  84   2   0  19 0.00  0.0    0 10.1 16 200   M    M   1        25 190
 8  90  79  85   3   0  20 0.00  0.0    0 10.6 17 200   M    M   2 8      22 200
 9  93  75  84   2   0  19 0.00  0.0    0  9.7 15 170   M    M   1 18     25 170
10  93  70  82   0   0  17 0.00  0.0    0  6.9 13 170   M    M   1 1      21 190
11  93  72  83   1   0  18 0.00  0.0    0  6.9 14 200   M    M   0        17 170
12  97  73  85   3   0  20 0.00  0.0    0  5.9 12 210   M    M   0        16 150
13  99  73  86   4   0  21 0.00  0.0    0  5.4 10 210   M    M   0        16 230
14  99  73  86   4   0  21 0.00  0.0    0  5.7 13 160   M    M   0        17 160
15  97  73  85   3   0  20 0.00  0.0    0  5.9 12 160   M    M   0        17 170
16  97  73  85   3   0  20 0.00  0.0    0  7.7 13 160   M    M   0        20 160
17  97  73  85   3   0  20 0.00  0.0    0  8.3 14 210   M    M   0        21 210
18  99  75  87   5   0  22 0.00  0.0    0  8.9 16 210   M    M   0        21 210
19  99  73  86   4   0  21 0.00  0.0    0  6.9 13 150   M    M   0        17 150
20  99  73  86   4   0  21 0.00  0.0    0  6.7 12 160   M    M   0        17 160
21  99  75  87   4   0  22 0.00  0.0    0  6.3 13 160   M    M   0        16 160
22  99  77  88   5   0  23 0.00  0.0    0  8.7 14 170   M    M   0        20 200
23 100  73  87   4   0  22 0.00  0.0    0  9.0 15 200   M    M   0        23 210
24  99  73  86   3   0  21 0.00  0.0    0  6.8 13 210   M    M   0        16 210
25  99  73  86   3   0  21 0.00  0.0    0  4.6 10 160   M    M   0         M  M
26  99  72  86   3   0  21 0.00  0.0    0  2.7  9 120   M    M   0         M  M
27  99  73  86   3   0  21 0.00  0.0    0  4.6 12 150   M    M   0        18 150
28  99  73  86   3   0  21 0.00  0.0    0  7.4 17 190   M    M   0 1      27 170
29 100  73  87   4   0  22 0.00  0.0    0  3.6  9 160   M    M   0         M  M
30 100  75  88   5   0  23 0.00  0.0    0  0.8  6  70   M    M   0         M  M
31 100  75  88   5   0  23 0.00  0.0    0  4.2 15  70   M    M   0        21  70
================================================================================
SM 2985 2216         0 610  0.00     0.0 221.1          M       11
================================================================================
AV 96.3 73.9                               7.1 FASTST   M    M   0    MAX(MPH)
                                 MISC ---->  # 23 190                 32    M
================================================================================
NOTES:
# LAST OF SEVERAL OCCURRENCES

COLUMN 17 PEAK WIND IN M.P.H.

PRELIMINARY LOCAL CLIMATOLOGICAL DATA (WS FORM: F-6) , PAGE 2

                                          STATION:  GATESVILLE
                                          MONTH:    JULY
                                          YEAR:     2015
                                          LATITUDE:   31 25 N
                                          LONGITUDE:  97 48 W

[TEMPERATURE DATA]      [PRECIPITATION DATA]       SYMBOLS USED IN COLUMN 16

AVERAGE MONTHLY: 85.1   TOTAL FOR MONTH:   0.00    1 = FOG OR MIST
DPTR FM NORMAL:   2.9   DPTR FM NORMAL:       M    2 = FOG REDUCING VISIBILITY
HIGHEST:   100 ON 31,30 GRTST 24HR  0.00 ON 31-31      TO 1/4 MILE OR LESS
LOWEST:     70 ON 10                               3 = THUNDER
                        SNOW, ICE PELLETS, HAIL    4 = ICE PELLETS
                        TOTAL MONTH:   0.0 INCH    5 = HAIL
                        GRTST 24HR     0.0         6 = FREEZING RAIN OR DRIZZLE
                        GRTST DEPTH:   0           7 = DUSTSTORM OR SANDSTORM:
                                                       VSBY 1/2 MILE OR LESS
                                                   8 = SMOKE OR HAZE
[NO. OF DAYS WITH]      [WEATHER - DAYS WITH]      9 = BLOWING SNOW
                                                   X = TORNADO
MAX 32 OR BELOW:   0    0.01 INCH OR MORE:   0
MAX 90 OR ABOVE:  31    0.10 INCH OR MORE:   0
MIN 32 OR BELOW:   0    0.50 INCH OR MORE:   0
MIN  0 OR BELOW:   0    1.00 INCH OR MORE:   0

[HDD (BASE 65) ]
TOTAL THIS MO.     0    CLEAR  (SCALE 0-3)  31
DPTR FM NORMAL     0    PTCLDY (SCALE 4-7)   0
TOTAL FM JUL 1     0    CLOUDY (SCALE 8-10)  0
DPTR FM NORMAL     0

[CDD (BASE 65) ]
TOTAL THIS MO.   610
DPTR FM NORMAL    75    [PRESSURE DATA]
TOTAL FM JAN 1  1541    HIGHEST SLP M ON M
DPTR FM NORMAL   259    LOWEST  SLP M ON M

[REMARKS]
#FINAL-07-15#
