000
CXUS55 KMSO 190900
CF6GPI
PRELIMINARY LOCAL CLIMATOLOGICAL DATA (WS FORM: F-6)

                                          STATION:   KALISPELL MT
                                          MONTH:     JANUARY
                                          YEAR:      2018
                                          LATITUDE:   48 17 N
                                          LONGITUDE: 114 16 W

  TEMPERATURE IN F:       :PCPN:    SNOW:  WIND      :SUNSHINE: SKY     :PK WND
================================================================================
1   2   3   4   5  6A  6B    7    8   9   10  11  12  13   14  15   16   17  18
                                     12Z  AVG MX 2MIN
DY MAX MIN AVG DEP HDD CDD  WTR  SNW DPTH SPD SPD DIR MIN PSBL S-S WX    SPD DR
================================================================================

 1  13   7  10 -12  55   0 0.00  0.0   15  1.5  7 350   M    M  10         8 360
 2  17  11  14  -8  51   0    T    T   15  0.5  5 260   M    M  10 1       6 130
 3  21  13  17  -5  48   0 0.02  0.2   14  0.6  5 220   M    M  10 1       6 180
 4  24  18  21  -1  44   0 0.00  0.0   10  0.6  8  30   M    M  10 1      16  90
 5  30  22  26   4  39   0 0.06  0.2   10  0.1  3  40   M    M  10 16      6 130
 6   M  28   M   M   M   M    T    T   10  4.2 14 140   M    M  10 18     19 160
 7   M   M   M   M   M   M 0.02    T    9  7.3 14 150   M    M  10 1      19 150
 8   M   M   M   M   M   M 0.01  0.0    8  0.4  6 350   M    M   7 128     6 130
 9  36  29  33  10  32   0 0.19  0.0    8  1.0 10 180   M    M  10 126    12 190
10  38  18  28   5  37   0    T    T    7  8.8 15  40   M    M   9 1      22 180
11  31  23  27   4  38   0 0.34  2.7    7  4.7 12 180   M    M   9 1      16 200
12  27  20  24   1  41   0 0.13  2.3   11  1.5  7 350   M    M  10 1      10 310
13  39  27  33   9  32   0 0.01  0.0   13  2.2  7 250   M    M  10 1       9 230
14  38  31  35  11  30   0    T    T    7  1.2  8 350   M    M  10 1       9 350
15  40  15  28   4  37   0 0.00  0.0    7  3.0 13  20   M    M   2 12     14  20
16  31   8  20  -4  45   0 0.00  0.0    7  1.5 10 200   M    M   8 12     13 210
17  30  26  28   4  37   0 0.00  0.0    7  0.6 10 260   M    M  10 12     13 260
18  41  27  34  10  31   0 0.09  0.0    7  6.9 18 160   M    M  10 1      20 160
================================================================================
SM  456  323       597   0  0.87     5.4  46.6          M      165
================================================================================
AV 30.4 20.2                               2.6 FASTST   M    M   9    MAX(MPH)
                                 MISC ---->  # 18 160               # 22  180
================================================================================
NOTES:
# LAST OF SEVERAL OCCURRENCES

COLUMN 17 PEAK WIND IN M.P.H.

PRELIMINARY LOCAL CLIMATOLOGICAL DATA (WS FORM: F-6) , PAGE 2

                                          STATION:  KALISPELL MT
                                          MONTH:    JANUARY
                                          YEAR:     2018
                                          LATITUDE:   48 17 N
                                          LONGITUDE: 114 16 W

[TEMPERATURE DATA]      [PRECIPITATION DATA]       SYMBOLS USED IN COLUMN 16

AVERAGE MONTHLY: 25.3   TOTAL FOR MONTH:   0.87    1 = FOG OR MIST
DPTR FM NORMAL:   2.3   DPTR FM NORMAL:    0.01    2 = FOG REDUCING VISIBILITY
HIGHEST:    41 ON 18    GRTST 24HR  0.38 ON 11-12      TO 1/4 MILE OR LESS
LOWEST:      7 ON  1                               3 = THUNDER
                        SNOW, ICE PELLETS, HAIL    4 = ICE PELLETS
                        TOTAL MONTH:   5.4 INCHES  5 = HAIL
                        GRTST 24HR   2.7 ON   M    6 = FREEZING RAIN OR DRIZZLE
                        GRTST DEPTH:  15 ON  2, 1  7 = DUSTSTORM OR SANDSTORM:
                                                       VSBY 1/2 MILE OR LESS
                                                   8 = SMOKE OR HAZE
[NO. OF DAYS WITH]      [WEATHER - DAYS WITH]      9 = BLOWING SNOW
                                                   X = TORNADO
MAX 32 OR BELOW:   9    0.01 INCH OR MORE:   9
MAX 90 OR ABOVE:   0    0.10 INCH OR MORE:   3
MIN 32 OR BELOW:  16    0.50 INCH OR MORE:   0
MIN  0 OR BELOW:   0    1.00 INCH OR MORE:   0

[HDD (BASE 65) ]
TOTAL THIS MO.   597    CLEAR  (SCALE 0-3)   1
DPTR FM NORMAL  -160    PTCLDY (SCALE 4-7)   1
TOTAL FM JUL 1  3949    CLOUDY (SCALE 8-10) 16
DPTR FM NORMAL  -322

[CDD (BASE 65) ]
TOTAL THIS MO.     0
DPTR FM NORMAL     0    [PRESSURE DATA]
TOTAL FM JAN 1     0    HIGHEST SLP M ON M
DPTR FM NORMAL     0    LOWEST  SLP 29.59 ON M

[REMARKS]
