000
CXUS55 KLIX 291000
CF6GPT
PRELIMINARY LOCAL CLIMATOLOGICAL DATA (WS FORM: F-6)

                                          STATION:   GULFPORT
                                          MONTH:     JUNE
                                          YEAR:      2015
                                          LATITUDE:   30 23 N
                                          LONGITUDE:  89  4 W

  TEMPERATURE IN F:       :PCPN:    SNOW:  WIND      :SUNSHINE: SKY     :PK WND
================================================================================
1   2   3   4   5  6A  6B    7    8   9   10  11  12  13   14  15   16   17  18
                                     12Z  AVG MX 2MIN
DY MAX MIN AVG DEP HDD CDD  WTR  SNW DPTH SPD SPD DIR MIN PSBL S-S WX    SPD DR
================================================================================

 1  86  69  78   0   0  13 0.00  0.0    0  4.5 12  50   M    M   2 38     15 150
 2  88  71  80   2   0  15 0.34  0.0    0  3.1 20 100   M    M   7 13     22 100
 3  86  71  79   1   0  14 0.37  0.0    0  4.8 14  40   M    M   5 13     17  60
 4  89  72  81   2   0  16 0.00  0.0    0  4.3 18  80   M    M   4        23  80
 5  91  70  81   2   0  16 0.00  0.0    0  2.3 12 150   M    M   2        15  30
 6  92  69  81   2   0  16 0.00  0.0    0  2.9 15 330   M    M   2        18 330
 7  92  72  82   3   0  17 0.00  0.0    0  6.2 16 150   M    M   0        20 140
 8  89  75  82   3   0  17 0.21  0.0    0  4.6 15 150   M    M   3 3      22 340
 9  81  70  76  -4   0  11 0.92  0.0    0  2.6 17 360   M    M   3 13     24  40
10  87  70  79  -1   0  14 0.00  0.0    0  3.7 10 160   M    M   2        14 140
11  88  73  81   1   0  16 0.03  0.0    0  7.1 20 150   M    M   2        24 130
12  84  73  79  -1   0  14 0.65  0.0    0  6.0 22 180   M    M   4 18     34 180
13  88  76  82   2   0  17 0.39  0.0    0 13.3 28 150   M    M   5 1      40 170
14  86  76  81   1   0  16 0.58  0.0    0 12.3 23 130   M    M   3 138    37 190
15  89  76  83   3   0  18 0.49  0.0    0 12.0 30 160   M    M   3 18     41 130
16  89  78  84   3   0  19 0.00  0.0    0  8.9 15 150   M    M   3         M  M
17  89  76  83   2   0  18 0.00  0.0    0  5.9 14 150   M    M   2        20 150
18  89  77  83   2   0  18 0.06  0.0    0  6.1 15 160   M    M   3 1      21 150
19  90  77  84   3   0  19 0.00  0.0    0  5.8 17 190   M    M   2        22 190
20  91  76  84   3   0  19 0.00  0.0    0  5.0 13 200   M    M   1        17 190
21  93  79  86   5   0  21 0.00  0.0    0  3.8 26  50   M    M   1 13     38  30
22  93  78  86   5   0  21 0.00  0.0    0  3.4 15 150   M    M   1        17 320
23  94  76  85   4   0  20 2.16  0.0    0  2.8 44 290   M    M   2 1      67 260
24  89  72  81   0   0  16 1.11  0.0    0  4.1 23 320   M    M   4 13     31 330
25  85  73  79  -3   0  14 0.03  0.0    0  4.4 10 310   M    M   3 1      14 230
26  89  73  81  -1   0  16 0.37  0.0    0  5.1 14 190   M    M   3 138    19 180
27  91  77  84   2   0  19 0.07  0.0    0  5.2 15 270   M    M   2 1      22 290
28  87  75  81  -1   0  16    T  0.0    0  4.7 15 320   M    M   5 3      20 220
================================================================================
SM 2485 2070         0 466  7.78     0.0 154.9          M       79
================================================================================
AV 88.8 73.9                               5.5 FASTST   M    M   3    MAX(MPH)
                                 MISC ---->  # 44 290               # 67  260
================================================================================
NOTES:
# LAST OF SEVERAL OCCURRENCES

COLUMN 17 PEAK WIND IN M.P.H.

PRELIMINARY LOCAL CLIMATOLOGICAL DATA (WS FORM: F-6) , PAGE 2

                                          STATION:  GULFPORT
                                          MONTH:    JUNE
                                          YEAR:     2015
                                          LATITUDE:   30 23 N
                                          LONGITUDE:  89  4 W

[TEMPERATURE DATA]      [PRECIPITATION DATA]       SYMBOLS USED IN COLUMN 16

AVERAGE MONTHLY: 81.3   TOTAL FOR MONTH:   7.78    1 = FOG OR MIST
DPTR FM NORMAL:   1.1   DPTR FM NORMAL:    1.86    2 = FOG REDUCING VISIBILITY
HIGHEST:    94 ON 23    GRTST 24HR  2.16 ON 23-23      TO 1/4 MILE OR LESS
LOWEST:     69 ON  6, 1                            3 = THUNDER
                        SNOW, ICE PELLETS, HAIL    4 = ICE PELLETS
                        TOTAL MONTH:   0.0 INCH    5 = HAIL
                        GRTST 24HR     0.0         6 = FREEZING RAIN OR DRIZZLE
                        GRTST DEPTH:   0           7 = DUSTSTORM OR SANDSTORM:
                                                       VSBY 1/2 MILE OR LESS
                                                   8 = SMOKE OR HAZE
[NO. OF DAYS WITH]      [WEATHER - DAYS WITH]      9 = BLOWING SNOW
                                                   X = TORNADO
MAX 32 OR BELOW:   0    0.01 INCH OR MORE:  15
MAX 90 OR ABOVE:   9    0.10 INCH OR MORE:  11
MIN 32 OR BELOW:   0    0.50 INCH OR MORE:   5
MIN  0 OR BELOW:   0    1.00 INCH OR MORE:   2

[HDD (BASE 65) ]
TOTAL THIS MO.     0    CLEAR  (SCALE 0-3)  18
DPTR FM NORMAL     0    PTCLDY (SCALE 4-7)  10
TOTAL FM JUL 1  1636    CLOUDY (SCALE 8-10)  0
DPTR FM NORMAL     8

[CDD (BASE 65) ]
TOTAL THIS MO.   466
DPTR FM NORMAL    41    [PRESSURE DATA]
TOTAL FM JAN 1  1098    HIGHEST SLP M ON M
DPTR FM NORMAL   236    LOWEST  SLP 29.82 ON 10

[REMARKS]
