000
CXUS55 KLIX 220830
CF6GPT
PRELIMINARY LOCAL CLIMATOLOGICAL DATA (WS FORM: F-6)

                                          STATION:   GULFPORT
                                          MONTH:     OCTOBER
                                          YEAR:      2014
                                          LATITUDE:   30 23 N
                                          LONGITUDE:  89  4 W

  TEMPERATURE IN F:       :PCPN:    SNOW:  WIND      :SUNSHINE: SKY     :PK WND
================================================================================
1   2   3   4   5  6A  6B    7    8   9   10  11  12  13   14  15   16   17  18
                                     12Z  AVG MX 2MIN
DY MAX MIN AVG DEP HDD CDD  WTR  SNW DPTH SPD SPD DIR MIN PSBL S-S WX    SPD DR
================================================================================

 1  83  70  77   3   0  12    T  0.0    0  7.1 14 120   M    M   3 1      18 130
 2  87  78  83   9   0  18 0.01  0.0    0  8.8 16 160   M    M   4        21 160
 3  82  65  74   1   0   9 1.10  0.0    0  7.2 23 320   M    M   4 13     32 310
 4  72  51  62 -11   3   0 0.00  0.0    0  8.2 22 350   M    M   0        29 340
 5  75  49  62 -11   3   0 0.00  0.0    0  4.6 15 150   M    M   0        23 150
 6  81  61  71  -1   0   6 0.00  0.0    0  9.2 16 150   M    M   2        21 150
 7  84  69  77   5   0  12 0.00  0.0    0  4.7 13 150   M    M   2 18     16 140
 8  86  67  77   5   0  12 0.00  0.0    0  3.5 14 140   M    M   3 12     19 150
 9  84  67  76   5   0  11 0.00  0.0    0  5.9 15 140   M    M   3 1      19 120
10  87  73  80   9   0  15 0.00  0.0    0  5.3 14 150   M    M   2 1      17 190
11  86  72  79   8   0  14 0.00  0.0    0  5.5 16 150   M    M   3 1      21 140
12  84  72  78   8   0  13 0.60  0.0    0  7.6 17 140   M    M   4 1      21 140
13  85  71  78   8   0  13 1.95  0.0    0 13.8 36 170   M    M   6 138    46 170
14  75  59  67  -3   0   2    T  0.0    0  9.0 20 300   M    M   3        25 290
15  77  50  64  -5   1   0 0.00  0.0    0  4.7 18 310   M    M   0        24 310
16  81  49  65  -4   0   0 0.00  0.0    0  2.2 13 310   M    M   0 8      17 340
17  80  53  67  -2   0   2 0.00  0.0    0  2.8 13 200   M    M   0 1      16 200
18  85  59  72   4   0   7 0.00  0.0    0  4.9 16  20   M    M   3 1      22  20
19  77  56  67  -1   0   2 0.00  0.0    0  4.4 16  50   M    M   0        19  40
20  80  51  66  -2   0   1 0.00  0.0    0  1.7  8 350   M    M   0        12 340
21  83  52  68   0   0   3 0.00  0.0    0  3.5 12  10   M    M   0        18  20
================================================================================
SM 1714 1294         7 152  3.66     0.0 124.6          M       42
================================================================================
AV 81.6 61.6                               5.9 FASTST   M    M   2    MAX(MPH)
                                 MISC ---->  # 36 170               # 46  170
================================================================================
NOTES:
# LAST OF SEVERAL OCCURRENCES

COLUMN 17 PEAK WIND IN M.P.H.

PRELIMINARY LOCAL CLIMATOLOGICAL DATA (WS FORM: F-6) , PAGE 2

                                          STATION:  GULFPORT
                                          MONTH:    OCTOBER
                                          YEAR:     2014
                                          LATITUDE:   30 23 N
                                          LONGITUDE:  89  4 W

[TEMPERATURE DATA]      [PRECIPITATION DATA]       SYMBOLS USED IN COLUMN 16

AVERAGE MONTHLY: 71.6   TOTAL FOR MONTH:   3.66    1 = FOG OR MIST
DPTR FM NORMAL:   0.9   DPTR FM NORMAL:    1.09    2 = FOG REDUCING VISIBILITY
HIGHEST:    87 ON 10, 2 GRTST 24HR  1.95 ON 13-13      TO 1/4 MILE OR LESS
LOWEST:     49 ON 16, 5                            3 = THUNDER
                        SNOW, ICE PELLETS, HAIL    4 = ICE PELLETS
                        TOTAL MONTH:   0.0 INCH    5 = HAIL
                        GRTST 24HR     0.0         6 = FREEZING RAIN OR DRIZZLE
                        GRTST DEPTH:   0           7 = DUSTSTORM OR SANDSTORM:
                                                       VSBY 1/2 MILE OR LESS
                                                   8 = SMOKE OR HAZE
[NO. OF DAYS WITH]      [WEATHER - DAYS WITH]      9 = BLOWING SNOW
                                                   X = TORNADO
MAX 32 OR BELOW:   0    0.01 INCH OR MORE:   4
MAX 90 OR ABOVE:   0    0.10 INCH OR MORE:   3
MIN 32 OR BELOW:   0    0.50 INCH OR MORE:   3
MIN  0 OR BELOW:   0    1.00 INCH OR MORE:   2

[HDD (BASE 65) ]
TOTAL THIS MO.     7    CLEAR  (SCALE 0-3)  17
DPTR FM NORMAL   -10    PTCLDY (SCALE 4-7)   4
TOTAL FM JUL 1     7    CLOUDY (SCALE 8-10)  0
DPTR FM NORMAL   -11

[CDD (BASE 65) ]
TOTAL THIS MO.   152
DPTR FM NORMAL    14    [PRESSURE DATA]
TOTAL FM JAN 1  2805    HIGHEST SLP M ON M
DPTR FM NORMAL   299    LOWEST  SLP 29.72 ON 13

[REMARKS]
