000
CXUS53 KGID 210730
CF6GRI
PRELIMINARY LOCAL CLIMATOLOGICAL DATA (WS FORM: F-6)

                                          STATION:   GRAND ISLAND NE
                                          MONTH:     NOVEMBER
                                          YEAR:      2017
                                          LATITUDE:   40 58 N
                                          LONGITUDE:  98 19 W

  TEMPERATURE IN F:       :PCPN:    SNOW:  WIND      :SUNSHINE: SKY     :PK WND
================================================================================
1   2   3   4   5  6A  6B    7    8   9   10  11  12  13   14  15   16   17  18
                                     12Z  AVG MX 2MIN
DY MAX MIN AVG DEP HDD CDD  WTR  SNW DPTH SPD SPD DIR MIN PSBL S-S WX    SPD DR
================================================================================

 1  50  28  39  -7  26   0 0.00  0.0    T  9.2 21 170   M    M   3        29 160
 2  51  31  41  -4  24   0 0.00  0.0    0 11.1 22 360   M    M   1        26 350
 3  44  25  35 -10  30   0 0.00  0.0    0  7.1 15 110   M    M   4 1      19  40
 4  54  36  45   1  20   0 0.00  0.0    0  6.1 15 200   M    M   6 1      20 200
 5  46  32  39  -5  26   0 0.00  0.0    0 13.9 24  10   M    M   7        29  10
 6  43  21  32 -11  33   0 0.00  0.0    0  6.0 13 100   M    M   4        15 100
 7  41  24  33 -10  32   0    T  0.2    T  6.8 14  20   M    M   8 1      18  20
 8  53  21  37  -5  28   0 0.00  0.0    0 11.2 23 210   M    M   0 1      28 240
 9  37  20  29 -13  36   0 0.00  0.0    0 10.5 18  10   M    M   0        26  10
10  37  20  29 -12  36   0 0.00  0.0    0 13.5 20 150   M    M   9        25 150
11  46  37  42   2  23   0 0.00  0.0    0  4.2 16 170   M    M  10 1      22 160
12  54  29  42   2  23   0 0.00  0.0    0  5.7  9 170   M    M   2 1      12 340
13  48  30  39   0  26   0 0.00  0.0    0 11.7 22 190   M    M   7 1      25 200
14  52  43  48   9  17   0 0.00  0.0    0 10.8 20 210   M    M   9 12     24 210
15  55  29  42   4  23   0 0.00  0.0    0 11.2 22 320   M    M   0        26 320
16  56  27  42   4  23   0 0.00  0.0    0 15.0 29 160   M    M   0        37 170
17  59  40  50  13  15   0 0.19  0.0    0 12.4 23  10   M    M   4 1      29 360
18  49  29  39   2  26   0 0.32  0.0    0 17.4 32 320   M    M   4 1      39 330
19  56  25  41   5  24   0 0.00  0.0    0 10.0 22 240   M    M   0        27 240
20  64  34  49  13  16   0 0.00  0.0    0 11.2 22 230   M    M   0        25 230
================================================================================
SM  995  581       507   0  0.51     0.2 205.0          M       78
================================================================================
AV 49.8 29.1                              10.2 FASTST   M    M   4    MAX(MPH)
                                 MISC ---->  # 32 320               # 39  330
================================================================================
NOTES:
# LAST OF SEVERAL OCCURRENCES

COLUMN 17 PEAK WIND IN M.P.H.

PRELIMINARY LOCAL CLIMATOLOGICAL DATA (WS FORM: F-6) , PAGE 2

                                          STATION:  GRAND ISLAND NE
                                          MONTH:    NOVEMBER
                                          YEAR:     2017
                                          LATITUDE:   40 58 N
                                          LONGITUDE:  98 19 W

[TEMPERATURE DATA]      [PRECIPITATION DATA]       SYMBOLS USED IN COLUMN 16

AVERAGE MONTHLY: 39.4   TOTAL FOR MONTH:   0.51    1 = FOG OR MIST
DPTR FM NORMAL:  -1.3   DPTR FM NORMAL:   -0.31    2 = FOG REDUCING VISIBILITY
HIGHEST:    64 ON 20    GRTST 24HR  0.32 ON 18-18      TO 1/4 MILE OR LESS
LOWEST:     20 ON 10, 9                            3 = THUNDER
                        SNOW, ICE PELLETS, HAIL    4 = ICE PELLETS
                        TOTAL MONTH:   0.2 INCH    5 = HAIL
                        GRTST 24HR   0.2 ON  7- 7  6 = FREEZING RAIN OR DRIZZLE
                        GRTST DEPTH:   0           7 = DUSTSTORM OR SANDSTORM:
                                                       VSBY 1/2 MILE OR LESS
                                                   8 = SMOKE OR HAZE
[NO. OF DAYS WITH]      [WEATHER - DAYS WITH]      9 = BLOWING SNOW
                                                   X = TORNADO
MAX 32 OR BELOW:   0    0.01 INCH OR MORE:   2
MAX 90 OR ABOVE:   0    0.10 INCH OR MORE:   2
MIN 32 OR BELOW:  15    0.50 INCH OR MORE:   0
MIN  0 OR BELOW:   0    1.00 INCH OR MORE:   0

[HDD (BASE 65) ]
TOTAL THIS MO.   507    CLEAR  (SCALE 0-3)   9
DPTR FM NORMAL    21    PTCLDY (SCALE 4-7)   8
TOTAL FM JUL 1   945    CLOUDY (SCALE 8-10)  3
DPTR FM NORMAL   -64

[CDD (BASE 65) ]
TOTAL THIS MO.     0
DPTR FM NORMAL     0    [PRESSURE DATA]
TOTAL FM JAN 1  1062    HIGHEST SLP M ON M
DPTR FM NORMAL    28    LOWEST  SLP 29.53 ON 17

[REMARKS]
