000
CXUS53 KGRR 281017
CF6GRR
PRELIMINARY LOCAL CLIMATOLOGICAL DATA (WS FORM: F-6)

                                          STATION:   GRAND RAPIDS MI
                                          MONTH:     FEBRUARY
                                          YEAR:      2015
                                          LATITUDE:   42 52 N
                                          LONGITUDE:  85 31 W

  TEMPERATURE IN F:       :PCPN:    SNOW:  WIND      :SUNSHINE: SKY     :PK WND
================================================================================
1   2   3   4   5  6A  6B    7    8   9   10  11  12  13   14  15   16   17  18
                                     12Z  AVG MX 2MIN
DY MAX MIN AVG DEP HDD CDD  WTR  SNW DPTH SPD SPD DIR MIN PSBL S-S WX    SPD DR
================================================================================

 1  30  11  21  -3  44   0 0.65  8.8    4 19.0 33  60   0    0  10 19     42  60
 2  19   3  11 -14  54   0 0.02  0.3   10 11.0 23  30 406   68   7 189    31  40
 3  24   5  15 -10  50   0 0.09  1.3   10  9.5 16 210 113   19   6 18     19 200
 4  25  11  18  -7  47   0    T  0.1   10  9.5 21 320   0    0   9 1      26 330
 5  18  -2   8 -17  57   0    T    T   10  9.2 21 250 376   62   5        25 250
 6  29  12  21  -4  44   0    T    T   10 12.5 23 260  38    6   9        30 260
 7  38  24  31   6  34   0 0.00  0.0    8  5.7 12 100  35    6   9 18     12 100
 8  37  20  29   4  36   0    T    T    6 11.6 21  40   0    0  10 168    27  40
 9  27  15  21  -5  44   0 0.00  0.0    6  8.2 20  40 155   25   8 18     23  40
10  25   6  16 -10  49   0 0.00  0.0    6  6.3 15 160 482   77   5        18 170
11  33  22  28   2  37   0 0.01  0.3    6 12.6 24 300   0    0  10 168    30 310
12  23  10  17  -9  48   0    T    T    6 14.2 24 340 535   85   5 189    32 350
13  23  10  17  -9  48   0 0.10  2.2    6 12.3 22 210   0    0  10 18     28 210
14  24   3  14 -12  51   0 0.06  1.9    8 18.5 35 320  90   14   8 189    45 320
15   8  -8   0 -27  65   0 0.00  0.0    8  5.9 16  20 561   88   4        20  20
16  11  -3   4 -23  61   0 0.00  0.0    7  6.2  9 200  78   12   9        12 110
17  20   7  14 -13  51   0 0.05  1.1    7 10.2 24 280  96   15   9 18     30 270
18  13   3   8 -19  57   0 0.10  1.9    9 11.5 24 300 207   32   9 189    32 300
19   7  -9  -1 -29  66   0    T    T    9  8.2 18 330 245   38   6 8      24 330
20  14 -13   1 -27  64   0    T    T    8 11.0 21 180  14    2   7 8      26 190
21  26  14  20  -8  45   0    T    T    8  7.2 13 180   0    0  10 18     17 190
22  24   2  13 -15  52   0 0.01  0.2    7 10.4 21 320  11    2   7 189    26 300
23  12 -10   1 -28  64   0    T    T    7  8.4 21 240 517   79   3        26 250
24  27   5  16 -13  49   0 0.06  1.3    7 17.6 30 240  13    2   7 1289   38 240
25  23   6  15 -14  50   0    T    T    8  6.7 23 320 483   73   6        29 330
26  16   3  10 -19  55   0 0.02  0.2    7  8.3 20  30 420   63   8 8      23  30
27  18 -11   4 -26  61   0    T    T    7  7.4 18 260 519   78   3 1      22 250
================================================================================
SM  594  136      1383   0  1.17    19.6 279.1         5394    199
================================================================================
AV 22.0  5.0                              10.3 FASTST  200  31   7    MAX(MPH)
                                 MISC ---->  # 35 320               # 45  320
================================================================================
NOTES:
# LAST OF SEVERAL OCCURRENCES

COLUMN 17 PEAK WIND IN M.P.H.

PRELIMINARY LOCAL CLIMATOLOGICAL DATA (WS FORM: F-6) , PAGE 2

                                          STATION:  GRAND RAPIDS MI
                                          MONTH:    FEBRUARY
                                          YEAR:     2015
                                          LATITUDE:   42 52 N
                                          LONGITUDE:  85 31 W

[TEMPERATURE DATA]      [PRECIPITATION DATA]       SYMBOLS USED IN COLUMN 16

AVERAGE MONTHLY: 13.5   TOTAL FOR MONTH:   1.17    1 = FOG OR MIST
DPTR FM NORMAL: -13.2   DPTR FM NORMAL:   -0.55    2 = FOG REDUCING VISIBILITY
HIGHEST:    38 ON  7    GRTST 24HR  0.65 ON  1- 1      TO 1/4 MILE OR LESS
LOWEST:    -13 ON 20                               3 = THUNDER
                        SNOW, ICE PELLETS, HAIL    4 = ICE PELLETS
                        TOTAL MONTH:  19.6 INCHES  5 = HAIL
                        GRTST 24HR   8.8 ON   M    6 = FREEZING RAIN OR DRIZZLE
                        GRTST DEPTH:  10 ON  6, 5  7 = DUSTSTORM OR SANDSTORM:
                                                       VSBY 1/2 MILE OR LESS
                                                   8 = SMOKE OR HAZE
[NO. OF DAYS WITH]      [WEATHER - DAYS WITH]      9 = BLOWING SNOW
                                                   X = TORNADO
MAX 32 OR BELOW:  24    0.01 INCH OR MORE:  11
MAX 90 OR ABOVE:   0    0.10 INCH OR MORE:   3
MIN 32 OR BELOW:  27    0.50 INCH OR MORE:   1
MIN  0 OR BELOW:   7    1.00 INCH OR MORE:   0

[HDD (BASE 65) ]
TOTAL THIS MO.  1383    CLEAR  (SCALE 0-3)   1
DPTR FM NORMAL   350    PTCLDY (SCALE 4-7)  15
TOTAL FM JUL 1  5246    CLOUDY (SCALE 8-10) 11
DPTR FM NORMAL   506

[CDD (BASE 65) ]
TOTAL THIS MO.     0
DPTR FM NORMAL     0    [PRESSURE DATA]
TOTAL FM JAN 1     0    HIGHEST SLP M ON M
DPTR FM NORMAL     0    LOWEST  SLP 29.59 ON  8

[REMARKS]
