000
CXUS53 KIWX 190800
CF6GSH
PRELIMINARY LOCAL CLIMATOLOGICAL DATA (WS FORM: F-6)

                                          STATION:   GOSHEN
                                          MONTH:     NOVEMBER
                                          YEAR:      2017
                                          LATITUDE:   41 31 N
                                          LONGITUDE:  85 47 W

  TEMPERATURE IN F:       :PCPN:    SNOW:  WIND      :SUNSHINE: SKY     :PK WND
================================================================================
1   2   3   4   5  6A  6B    7    8   9   10  11  12  13   14  15   16   17  18
                                     12Z  AVG MX 2MIN
DY MAX MIN AVG DEP HDD CDD  WTR  SNW DPTH SPD SPD DIR MIN PSBL S-S WX    SPD DR
================================================================================

 1  44  32  38  -8  27   0 0.22    M    0  7.5 17 130   M    M   9 138    24 120
 2  60  44  52   6  13   0 1.05    M    0  4.4 14 360   M    M  10 13     17 360
 3  51  39  45   0  20   0 0.00  0.0    0  8.9 18 350   M    M   4 18     23 350
 4  52  39  46   1  19   0 0.08    M    0  8.5 16 120   M    M   7 128    23 120
 5  62  48  55  10  10   0 1.39    M    0  7.3 22 330   M    M  10 1238   26 320
 6  48  38  43  -1  22   0 0.00  0.0    0  8.4 17  10   M    M   5 18     21  20
 7  47  32  40  -4  25   0 0.00  0.0    0  7.7 16  40   M    M   4        21  30
 8  47  26  37  -7  28   0 0.00  0.0    0  2.2 10 300   M    M   1 18     15 270
 9  46  28  37  -6  28   0 0.00  0.0    0 13.0 24 330   M    M   6 18     32 320
10  30  20  25 -18  40   0 0.00  0.0    0  8.9 20 340   M    M   3        24 330
11  37  21  29 -13  36   0 0.00  0.0    0  7.7 16 130   M    M   4        20 140
12  39  34  37  -5  28   0 0.05    M    M  3.7 13  10   M    M  10 18     15  10
13  45  33  39  -3  26   0    T    M    M  3.4 13 250   M    M   9 18     15 260
14  49  28  39  -2  26   0 0.00  0.0    0  7.1 15 160   M    M   5 128    19 160
15  48  41  45   4  20   0 0.51  0.0    0 14.1 25 290   M    M   9 1      31 280
16  41  36  39  -1  26   0 0.01    M    0 11.6 26 290   M    M  10        36 290
17  46  35  41   1  24   0 0.29    M    0 11.2 20 160   M    M   9 13     28 170
18  47  38  43   4  22   0 1.04    M    0 11.6 26 310   M    M   9 138    35 330
================================================================================
SM  839  612       440   0  4.64     0.0 147.2          M      124
================================================================================
AV 46.6 34.0                               8.2 FASTST   M    M   7    MAX(MPH)
                                 MISC ---->  # 26 290               # 36  290
================================================================================
NOTES:
# LAST OF SEVERAL OCCURRENCES

COLUMN 17 PEAK WIND IN M.P.H.

PRELIMINARY LOCAL CLIMATOLOGICAL DATA (WS FORM: F-6) , PAGE 2

                                          STATION:  GOSHEN
                                          MONTH:    NOVEMBER
                                          YEAR:     2017
                                          LATITUDE:   41 31 N
                                          LONGITUDE:  85 47 W

[TEMPERATURE DATA]      [PRECIPITATION DATA]       SYMBOLS USED IN COLUMN 16

AVERAGE MONTHLY: 40.3   TOTAL FOR MONTH:   4.64    1 = FOG OR MIST
DPTR FM NORMAL:  -2.6   DPTR FM NORMAL:    2.73    2 = FOG REDUCING VISIBILITY
HIGHEST:    62 ON  5    GRTST 24HR  1.39 ON  5- 5      TO 1/4 MILE OR LESS
LOWEST:     20 ON 10                               3 = THUNDER
                        SNOW, ICE PELLETS, HAIL    4 = ICE PELLETS
                        TOTAL MONTH:   0.0 INCH    5 = HAIL
                        GRTST 24HR     0.0         6 = FREEZING RAIN OR DRIZZLE
                        GRTST DEPTH:   0           7 = DUSTSTORM OR SANDSTORM:
                                                       VSBY 1/2 MILE OR LESS
                                                   8 = SMOKE OR HAZE
[NO. OF DAYS WITH]      [WEATHER - DAYS WITH]      9 = BLOWING SNOW
                                                   X = TORNADO
MAX 32 OR BELOW:   1    0.01 INCH OR MORE:   9
MAX 90 OR ABOVE:   0    0.10 INCH OR MORE:   6
MIN 32 OR BELOW:   7    0.50 INCH OR MORE:   4
MIN  0 OR BELOW:   0    1.00 INCH OR MORE:   3

[HDD (BASE 65) ]
TOTAL THIS MO.   440    CLEAR  (SCALE 0-3)   2
DPTR FM NORMAL    41    PTCLDY (SCALE 4-7)   7
TOTAL FM JUL 1   826    CLOUDY (SCALE 8-10)  9
DPTR FM NORMAL  -152

[CDD (BASE 65) ]
TOTAL THIS MO.     0
DPTR FM NORMAL     0    [PRESSURE DATA]
TOTAL FM JAN 1   742    HIGHEST SLP M ON M
DPTR FM NORMAL    80    LOWEST  SLP 29.38 ON 18

[REMARKS]
