000
CXUS53 KIWX 260800
CF6GSH
PRELIMINARY LOCAL CLIMATOLOGICAL DATA (WS FORM: F-6)

                                          STATION:   GOSHEN
                                          MONTH:     DECEMBER
                                          YEAR:      2014
                                          LATITUDE:   41 31 N
                                          LONGITUDE:  85 47 W

  TEMPERATURE IN F:       :PCPN:    SNOW:  WIND      :SUNSHINE: SKY     :PK WND
================================================================================
1   2   3   4   5  6A  6B    7    8   9   10  11  12  13   14  15   16   17  18
                                     12Z  AVG MX 2MIN
DY MAX MIN AVG DEP HDD CDD  WTR  SNW DPTH SPD SPD DIR MIN PSBL S-S WX    SPD DR
================================================================================

 1  36  17  27  -6  38   0 0.00  0.0    0 13.4 22 340   M    M   3        27 350
 2  33  19  26  -7  39   0 0.00  0.0    0  9.3 18 130   M    M   6 1      22 130
 3  38  24  31  -1  34   0    T    M    0 12.4 23 280   M    M   3 18     31 280
 4  35  23  29  -3  36   0 0.00  0.0    0  5.8 10 110   M    M   5         M  M
 5  39  32  36   5  29   0 0.00  0.0    0  4.6 10 120   M    M   9 18     14 120
 6  41  22  32   1  33   0 0.00  0.0    0  9.5 18  20   M    M   5 18     23 360
 7  38  19  29  -2  36   0 0.00  0.0    0  9.2 16 120   M    M   0        22 130
 8  39  29  34   4  31   0 0.12    M    0  8.3 16 190   M    M   5 1      19 190
 9  38  34  36   6  29   0    T    M    0 10.3 15 340   M    M  10 1      20 340
10  34  23  29  -1  36   0 0.00  0.0    0  8.3 14 350   M    M   7        18 360
11  34  18  26  -3  39   0 0.00  0.0    0  8.9 17 280   M    M   2 18     21 270
12  33  24  29   0  36   0 0.00  0.0    0  8.9 15 280   M    M   9 1      18 280
13  46  33  40  12  25   0 0.00  0.0    0  8.4 17 260   M    M   9 18     23 260
14  55  43  49  21  16   0 0.00  0.0    0  8.2 16 220   M    M   9 18     19 230
15  50  43  47  19  18   0 0.09  0.0    0 10.7 20 150   M    M   9 18     25 160
16  45  33  39  11  26   0 0.40    M    M 11.6 23 280   M    M  10 1      29 290
17  34  27  31   4  34   0    T    M    M 13.9 25 290   M    M   9 1      30 290
18  28  27  28   1  37   0 0.00  0.0    0  7.9 13 260   M    M  10 18     15 250
19  35  25  30   3  35   0 0.00  0.0    M  5.3 13 310   M    M   8 18     15 310
20  32  24  28   2  37   0    T    M    M  1.0  7 220   M    M   9 18      8 230
21  38  29  34   8  31   0 0.00  0.0    M  7.8 14 170   M    M   6 18     16 130
22  39  26  33   7  32   0 0.07    M    M 10.8 17 100   M    M   7 18     21 100
23  52  39  46  20  19   0 0.09  0.0    0  8.9 18 220   M    M   8 1      26 230
24  43  33  38  12  27   0 0.54    M    0 10.8 20 280   M    M  10 1      24 240
25  38  34  36  11  29   0    T    M    M 14.3 25 240   M    M   8 1      31 240
================================================================================
SM  973  700       782   0  1.31     0.0 228.5          M      176
================================================================================
AV 38.9 28.0                               9.1 FASTST   M    M   7    MAX(MPH)
                                 MISC ---->  # 25 290               # 31  280
================================================================================
NOTES:
# LAST OF SEVERAL OCCURRENCES

COLUMN 17 PEAK WIND IN M.P.H.

PRELIMINARY LOCAL CLIMATOLOGICAL DATA (WS FORM: F-6) , PAGE 2

                                          STATION:  GOSHEN
                                          MONTH:    DECEMBER
                                          YEAR:     2014
                                          LATITUDE:   41 31 N
                                          LONGITUDE:  85 47 W

[TEMPERATURE DATA]      [PRECIPITATION DATA]       SYMBOLS USED IN COLUMN 16

AVERAGE MONTHLY: 33.5   TOTAL FOR MONTH:   1.31    1 = FOG OR MIST
DPTR FM NORMAL:   4.7   DPTR FM NORMAL:   -0.51    2 = FOG REDUCING VISIBILITY
HIGHEST:    55 ON 14    GRTST 24HR  0.54 ON 24-24      TO 1/4 MILE OR LESS
LOWEST:     17 ON  1                               3 = THUNDER
                        SNOW, ICE PELLETS, HAIL    4 = ICE PELLETS
                        TOTAL MONTH:   0.0 INCH    5 = HAIL
                        GRTST 24HR     0.0         6 = FREEZING RAIN OR DRIZZLE
                        GRTST DEPTH:   0           7 = DUSTSTORM OR SANDSTORM:
                                                       VSBY 1/2 MILE OR LESS
                                                   8 = SMOKE OR HAZE
[NO. OF DAYS WITH]      [WEATHER - DAYS WITH]      9 = BLOWING SNOW
                                                   X = TORNADO
MAX 32 OR BELOW:   2    0.01 INCH OR MORE:   6
MAX 90 OR ABOVE:   0    0.10 INCH OR MORE:   3
MIN 32 OR BELOW:  17    0.50 INCH OR MORE:   1
MIN  0 OR BELOW:   0    1.00 INCH OR MORE:   0

[HDD (BASE 65) ]
TOTAL THIS MO.   782    CLEAR  (SCALE 0-3)   3
DPTR FM NORMAL  -126    PTCLDY (SCALE 4-7)  10
TOTAL FM JUL 1  2223    CLOUDY (SCALE 8-10) 12
DPTR FM NORMAL    -8

[CDD (BASE 65) ]
TOTAL THIS MO.     0
DPTR FM NORMAL     0    [PRESSURE DATA]
TOTAL FM JAN 1   744    HIGHEST SLP M ON M
DPTR FM NORMAL    82    LOWEST  SLP 29.44 ON 24

[REMARKS]
