000
CXUS52 KRAH 241345
CF6GSO
PRELIMINARY LOCAL CLIMATOLOGICAL DATA (WS FORM: F-6)

                                          STATION:   PIEDMONT TRIAD INTL AIRPORT NC
                                          MONTH:     APRIL
                                          YEAR:      2014
                                          LATITUDE:   36  4 N
                                          LONGITUDE:  79 57 W

  TEMPERATURE IN F:       :PCPN:    SNOW:  WIND      :SUNSHINE: SKY     :PK WND
================================================================================
1   2   3   4   5  6A  6B    7    8   9   10  11  12  13   14  15   16   17  18
                                     12Z  AVG MX 2MIN
DY MAX MIN AVG DEP HDD CDD  WTR  SNW DPTH SPD SPD DIR MIN PSBL S-S WX    SPD DR
================================================================================

 1  80  42  61   6   4   0 0.00  0.0    0  4.1 18 250   M    M   3        24 240
 2  85  51  68  13   0   3 0.00  0.0    0  6.9 17 240   M    M   3 8      24 240
 3  77  54  66  11   0   1 0.01  0.0    0  6.3 13 150   M    M   6        26 210
 4  77  54  66  10   0   1 0.00  0.0    0 11.4 28 250   M    M   6        36 230
 5  68  50  59   3   6   0 0.00  0.0    0  8.5 21 300   M    M   3        26 300
 6  59  43  51  -5  14   0    T    M    0 10.2 21  80   M    M   6        26  80
 7  60  43  52  -4  13   0 1.64    M    0  7.6 20 210   M    M  10 1      25 220
 8  67  55  61   4   4   0 0.08  0.0    0  8.3 17 280   M    M   7 1      29 300
 9  68  47  58   1   7   0    T  0.0    0  6.1 23 290   M    M   5        28 310
10  73  39  56  -1   9   0 0.00  0.0    0  7.5 21 210   M    M   1        28 200
11  78  53  66   8   0   1 0.00  0.0    0 12.9 24 240   M    M   6        32 230
12  81  52  67   9   0   2 0.00  0.0    0  6.4 16 170   M    M   4        21 170
13  80  57  69  11   0   4 0.00  0.0    0 11.3 21 200   M    M   4        25 220
14  74  61  68  10   0   3 0.01  0.0    0 13.7 21 200   M    M   8 1      26 180
15  67  35  51  -8  14   0 1.82  0.0    0 12.3 24 300   M    M   9 1      31 310
16  54  30  42 -17  23   0 0.00  0.0    0  8.5 17  50   M    M   0        26  40
17  61  32  47 -12  18   0 0.00  0.0    0  6.1 15  60   M    M   4        21  60
18  57  40  49 -11  16   0 0.04  0.0    0  7.1 15  60   M    M   8        16  60
19  60  46  53  -7  12   0 0.31  0.0    0 11.1 23  50   M    M  10 1      29  50
20  69  49  59  -1   6   0 0.00  0.0    0 12.2 29  60   M    M   6        36  50
21  74  42  58  -2   7   0 0.00  0.0    0  5.0 10  30   M    M   3        15  20
22  79  54  67   7   0   2    T  0.0    0  8.2 23 310   M    M   7        26 320
23  72  50  61   0   4   0 0.00  0.0    0  9.3 22 310   M    M   1        28 310
================================================================================
SM 1620 1079       157  17  3.91     0.0 201.0          M      120
================================================================================
AV 70.4 46.9                               8.7 FASTST   M    M   5    MAX(MPH)
                                 MISC ---->  # 29  60               # 36  230
================================================================================
NOTES:
# LAST OF SEVERAL OCCURRENCES

COLUMN 17 PEAK WIND IN M.P.H.

PRELIMINARY LOCAL CLIMATOLOGICAL DATA (WS FORM: F-6) , PAGE 2

                                          STATION:  PIEDMONT TRIAD INTL AIRPORT NC
                                          MONTH:    APRIL
                                          YEAR:     2014
                                          LATITUDE:   36  4 N
                                          LONGITUDE:  79 57 W

[TEMPERATURE DATA]      [PRECIPITATION DATA]       SYMBOLS USED IN COLUMN 16

AVERAGE MONTHLY: 58.7   TOTAL FOR MONTH:   3.91    1 = FOG OR MIST
DPTR FM NORMAL:   0.8   DPTR FM NORMAL:    1.14    2 = FOG REDUCING VISIBILITY
HIGHEST:    85 ON  2    GRTST 24HR  1.83 ON 14-15      TO 1/4 MILE OR LESS
LOWEST:     30 ON 16                               3 = THUNDER
                        SNOW, ICE PELLETS, HAIL    4 = ICE PELLETS
                        TOTAL MONTH:   0.0 INCH    5 = HAIL
                        GRTST 24HR     0.0         6 = FREEZING RAIN OR DRIZZLE
                        GRTST DEPTH:   0           7 = DUSTSTORM OR SANDSTORM:
                                                       VSBY 1/2 MILE OR LESS
                                                   8 = SMOKE OR HAZE
[NO. OF DAYS WITH]      [WEATHER - DAYS WITH]      9 = BLOWING SNOW
                                                   X = TORNADO
MAX 32 OR BELOW:   0    0.01 INCH OR MORE:   7
MAX 90 OR ABOVE:   0    0.10 INCH OR MORE:   3
MIN 32 OR BELOW:   2    0.50 INCH OR MORE:   2
MIN  0 OR BELOW:   0    1.00 INCH OR MORE:   2

[HDD (BASE 65) ]
TOTAL THIS MO.   157    CLEAR  (SCALE 0-3)   6
DPTR FM NORMAL   -30    PTCLDY (SCALE 4-7)  14
TOTAL FM JUL 1  3761    CLOUDY (SCALE 8-10)  3
DPTR FM NORMAL   249

[CDD (BASE 65) ]
TOTAL THIS MO.    17
DPTR FM NORMAL    -6    [PRESSURE DATA]
TOTAL FM JAN 1    17    HIGHEST SLP M ON M
DPTR FM NORMAL   -11    LOWEST  SLP 29.55 ON  8

[REMARKS]
