000
CXUS56 KTFX 281205
CF6GTF
PRELIMINARY LOCAL CLIMATOLOGICAL DATA (WS FORM: F-6)

                                          STATION:   GREAT FALLS MT
                                          MONTH:     AUGUST
                                          YEAR:      2014
                                          LATITUDE:   47 28 N
                                          LONGITUDE: 111 22 W

  TEMPERATURE IN F:       :PCPN:    SNOW:  WIND      :SUNSHINE: SKY     :PK WND
================================================================================
1   2   3   4   5  6A  6B    7    8   9   10  11  12  13   14  15   16   17  18
                                     12Z  AVG MX 2MIN
DY MAX MIN AVG DEP HDD CDD  WTR  SNW DPTH SPD SPD DIR MIN PSBL S-S WX    SPD DR
================================================================================

 1  92  52  72   3   0   7 0.00  0.0    0  7.0 23  60   M    M   0        30  50
 2  87  60  74   5   0   9 0.00  0.0    0  5.7 18 320   M    M   0        23 320
 3  89  57  73   4   0   8    T  0.0    0  7.5 24  30   M    M   1        31  10
 4  83  54  69   0   0   4    T  0.0    0  5.9 24 140   M    M   1        31 150
 5  86  57  72   3   0   7 0.02  0.0    0  4.7 15 310   M    M   2        20 320
 6  93  54  74   5   0   9 0.00  0.0    0  6.1 14 310   M    M   1        26 300
 7  90  58  74   5   0   9 0.00  0.0    0  8.1 14  80   M    M   0        17 310
 8  87  56  72   4   0   7    T  0.0    0  7.3 29 280   M    M   2        35 280
 9  83  49  66  -2   0   1 0.00  0.0    0  6.8 17 330   M    M   2        22 330
10  90  54  72   4   0   7 0.00  0.0    0  6.9 14  30   M    M   0        17  40
11  92  51  72   4   0   7 0.00  0.0    0  7.7 17  60   M    M   0        21  70
12  95  60  78  10   0  13 0.00  0.0    0  6.6 24 260   M    M   1        30 270
13  93  68  81  13   0  16 0.00  0.0    0  9.9 29 220   M    M   1        33 210
14  85  63  74   7   0   9    T  0.0    0  7.8 15  60   M    M   2        17  50
15  81  55  68   1   0   3 0.46  0.0    0  7.1 39 230   M    M   2 13     48 230
16  80  55  68   1   0   3 0.00  0.0    0 14.0 29 280   M    M   4        36 280
17  84  56  70   4   0   5 0.00  0.0    0 10.3 21 360   M    M   5        36 310
18  88  53  71   5   0   6 0.00  0.0    0  7.1 14 300   M    M   2        21 250
19  89  54  72   6   0   7 0.05  0.0    0  8.1 26 350   M    M   1 3      32 360
20  79  53  66   0   0   1 0.04  0.0    0  6.0 24 270   M    M   5 3      29 290
21  68  53  61  -4   4   0    T  0.0    0  9.5 20  20   M    M  10        23  60
22  59  49  54 -11  11   0 0.33  0.0    0 10.7 20 320   M    M  10 1      24 320
23  50  46  48 -17  17   0 2.87  0.0    0 14.5 25 360   M    M  10 1      32 360
24  54  46  50 -14  15   0 0.62  0.0    0  8.3 20 340   M    M  10 1      23 330
25  68  47  58  -6   7   0 0.00  0.0    0  5.0 10  70   M    M   4        18 210
26  79  44  62  -2   3   0 0.00  0.0    0  8.4 15 250   M    M   0        18 290
27  85  49  67   4   0   2 0.00  0.0    0  8.6 17 230   M    M   0        24 210
================================================================================
SM 2209 1453        57 140  4.39     0.0 215.6          M       76
================================================================================
AV 81.8 53.8                               8.0 FASTST   M    M   3    MAX(MPH)
                                 MISC ---->  # 39 230               # 48  230
================================================================================
NOTES:
# LAST OF SEVERAL OCCURRENCES

COLUMN 17 PEAK WIND IN M.P.H.

PRELIMINARY LOCAL CLIMATOLOGICAL DATA (WS FORM: F-6) , PAGE 2

                                          STATION:  GREAT FALLS MT
                                          MONTH:    AUGUST
                                          YEAR:     2014
                                          LATITUDE:   47 28 N
                                          LONGITUDE: 111 22 W

[TEMPERATURE DATA]      [PRECIPITATION DATA]       SYMBOLS USED IN COLUMN 16

AVERAGE MONTHLY: 67.8   TOTAL FOR MONTH:   4.39    1 = FOG OR MIST
DPTR FM NORMAL:   0.9   DPTR FM NORMAL:    3.04    2 = FOG REDUCING VISIBILITY
HIGHEST:    95 ON 12    GRTST 24HR  2.93 ON 23-24      TO 1/4 MILE OR LESS
LOWEST:     44 ON 26                               3 = THUNDER
                        SNOW, ICE PELLETS, HAIL    4 = ICE PELLETS
                        TOTAL MONTH:   0.0 INCH    5 = HAIL
                        GRTST 24HR     0.0         6 = FREEZING RAIN OR DRIZZLE
                        GRTST DEPTH:   0           7 = DUSTSTORM OR SANDSTORM:
                                                       VSBY 1/2 MILE OR LESS
                                                   8 = SMOKE OR HAZE
[NO. OF DAYS WITH]      [WEATHER - DAYS WITH]      9 = BLOWING SNOW
                                                   X = TORNADO
MAX 32 OR BELOW:   0    0.01 INCH OR MORE:   7
MAX 90 OR ABOVE:   7    0.10 INCH OR MORE:   4
MIN 32 OR BELOW:   0    0.50 INCH OR MORE:   2
MIN  0 OR BELOW:   0    1.00 INCH OR MORE:   1

[HDD (BASE 65) ]
TOTAL THIS MO.    57    CLEAR  (SCALE 0-3)  19
DPTR FM NORMAL     3    PTCLDY (SCALE 4-7)   4
TOTAL FM JUL 1    62    CLOUDY (SCALE 8-10)  4
DPTR FM NORMAL   -42

[CDD (BASE 65) ]
TOTAL THIS MO.   140
DPTR FM NORMAL    35    [PRESSURE DATA]
TOTAL FM JAN 1   319    HIGHEST SLP M ON M
DPTR FM NORMAL    51    LOWEST  SLP 29.66 ON 19

[REMARKS]
