000
CXUS54 KEWX 190910
CF6GYB
PRELIMINARY LOCAL CLIMATOLOGICAL DATA (WS FORM: F-6)

                                          STATION:   Giddings-Lee County Airport
                                          MONTH:     APRIL
                                          YEAR:      2014
                                          LATITUDE:   30 10 N
                                          LONGITUDE:  96 59 W

  TEMPERATURE IN F:       :PCPN:    SNOW:  WIND      :SUNSHINE: SKY     :PK WND
================================================================================
1   2   3   4   5  6A  6B    7    8   9   10  11  12  13   14  15   16   17  18
                                     12Z  AVG MX 2MIN
DY MAX MIN AVG DEP HDD CDD  WTR  SNW DPTH SPD SPD DIR MIN PSBL S-S WX    SPD DR
================================================================================

 1  84  67  76   M   0  11 0.00    M    M  8.2 14 170   M    M   8 1      21 180
 2  82  70  76   M   0  11 0.00    M    M 10.7 17 170   M    M  10 1      28 170
 3  81  71  76   M   0  11 0.00    M    M 10.1 16 190   M    M   6 1      25 190
 4  72  54  63   M   2   0 0.02    M    M  9.1 16 360   M    M   2 18     28 360
 5  64  51  58   M   7   0 0.00    M    M  4.7  9  80   M    M   5         M  M
 6  61  51  56   M   9   0 0.11    M    M  7.2 14  90   M    M  10 1      18 340
 7  69  50  60   M   5   0 0.21    M    M  4.4 13 280   M    M   5        29 280
 8  73  47  60   M   5   0 0.00    M    M  7.6 20 340   M    M   0        31 340
 9  79  43  61   M   4   0 0.00    M    M  4.3 12 190   M    M   0        17 190
10  82  56  69   M   0   4 0.00    M    M  9.7 18 180   M    M   0        27 190
11  82  59  71   M   0   6 0.00    M    M  9.0 16 200   M    M   2        24 200
12  82  64  73   M   0   8 0.00    M    M 10.4 16 180   M    M   7 1      25 190
13  78  67  73   M   0   8 0.00    M    M  8.0 15 190   M    M   9        24 160
14  74  44  59   M   6   0 0.39    M    M 12.4 25 350   M    M   6 18     33 350
15  61  38  50   M  15   0 0.00    M    M  3.3 12  20   M    M   0         M  M
16  69  37  53   M  12   0 0.00    M    M  5.4 13 180   M    M   2        20 180
17  68  54  61   M   4   0 0.01    M    M  4.1 10 130   M    M   7 18      M  M
18  75  56  66   M   0   1 0.00    M    M  0.8  7  30   M    M   6 18      M  M
================================================================================
SM 1336  979        69  60  0.74    M    129.4          M       85
================================================================================
AV 74.2 54.4                               7.2 FASTST   M    M   5    MAX(MPH)
                                 MISC ---->    25   M                 33    M
================================================================================
NOTES:
# LAST OF SEVERAL OCCURRENCES

COLUMN 17 PEAK WIND IN M.P.H.

PRELIMINARY LOCAL CLIMATOLOGICAL DATA (WS FORM: F-6) , PAGE 2

                                          STATION:  Giddings-Lee County Airport
                                          MONTH:    APRIL
                                          YEAR:     2014
                                          LATITUDE:   30 10 N
                                          LONGITUDE:  96 59 W

[TEMPERATURE DATA]      [PRECIPITATION DATA]       SYMBOLS USED IN COLUMN 16

AVERAGE MONTHLY: 64.3   TOTAL FOR MONTH:   0.74    1 = FOG OR MIST
DPTR FM NORMAL:     M   DPTR FM NORMAL:       M    2 = FOG REDUCING VISIBILITY
HIGHEST:    84 ON  1    GRTST 24HR  0.39 ON 14-14      TO 1/4 MILE OR LESS
LOWEST:     37 ON 16                               3 = THUNDER
                        SNOW, ICE PELLETS, HAIL    4 = ICE PELLETS
                        TOTAL MONTH:    M          5 = HAIL
                        GRTST 24HR    M  ON   M    6 = FREEZING RAIN OR DRIZZLE
                        GRTST DEPTH:  M  ON   M    7 = DUSTSTORM OR SANDSTORM:
                                                       VSBY 1/2 MILE OR LESS
                                                   8 = SMOKE OR HAZE
[NO. OF DAYS WITH]      [WEATHER - DAYS WITH]      9 = BLOWING SNOW
                                                   X = TORNADO
MAX 32 OR BELOW:   0    0.01 INCH OR MORE:   5
MAX 90 OR ABOVE:   0    0.10 INCH OR MORE:   3
MIN 32 OR BELOW:   0    0.50 INCH OR MORE:   0
MIN  0 OR BELOW:   0    1.00 INCH OR MORE:   0

[HDD (BASE 65) ]
TOTAL THIS MO.    69    CLEAR  (SCALE 0-3)   7
DPTR FM NORMAL     M    PTCLDY (SCALE 4-7)   7
TOTAL FM JUL 1  2124    CLOUDY (SCALE 8-10)  4
DPTR FM NORMAL     M

[CDD (BASE 65) ]
TOTAL THIS MO.    60
DPTR FM NORMAL     M    [PRESSURE DATA]
TOTAL FM JAN 1   107    HIGHEST SLP M ON M
DPTR FM NORMAL     M    LOWEST  SLP M ON M

[REMARKS]
