000
CXUS51 KGYX 280900
CF6GYX
PRELIMINARY LOCAL CLIMATOLOGICAL DATA (WS FORM: F-6)

                                          STATION:   GRAY ME
                                          MONTH:     JUNE
                                          YEAR:      2017
                                          LATITUDE:   43 53 N
                                          LONGITUDE:  70 15 W

  TEMPERATURE IN F:       :PCPN:    SNOW:  WIND      :SUNSHINE: SKY     :PK WND
================================================================================
1   2   3   4   5  6A  6B    7    8   9   10  11  12  13   14  15   16   17  18
                                     12Z  AVG MX 2MIN
DY MAX MIN AVG DEP HDD CDD  WTR  SNW DPTH SPD SPD DIR MIN PSBL S-S WX    SPD DR
================================================================================

 1  75  51  63   3   2   0    T  0.0    0   M   M   M   M    M   M         M  M
 2  67  47  57  -3   8   0 0.03  0.0    0   M   M   M   M    M   M         M  M
 3  63  46  55  -5  10   0 0.00  0.0    0   M   M   M   M    M   M         M  M
 4  72  48  60   0   5   0    T  0.0    0   M   M   M   M    M   M         M  M
 5  57  48  53  -8  12   0 0.08  0.0    0   M   M   M   M    M   M         M  M
 6  54  46  50 -11  15   0 0.11  0.0    0   M   M   M   M    M   M         M  M
 7  75  48  62   0   3   0 0.00  0.0    0   M   M   M   M    M   M         M  M
 8  81  51  66   4   0   1 0.00  0.0    0   M   M   M   M    M   M         M  M
 9  71  50  61  -1   4   0 0.06  0.0    0   M   M   M   M    M   M         M  M
10  78  57  68   6   0   3 0.00  0.0    0   M   M   M   M    M   M         M  M
11  92  61  77  14   0  12 0.00  0.0    0   M   M   M   M    M   M         M  M
12  91  72  82  19   0  17 0.00  0.0    0   M   M   M   M    M   M         M  M
13  91  65  78  15   0  13 0.00  0.0    0   M   M   M   M    M   M         M  M
14  77  52  65   1   0   0 0.00  0.0    0   M   M   M   M    M   M         M  M
15  69  50  60  -4   5   0 0.00  0.0    0   M   M   M   M    M   M         M  M
16  60  54  57  -7   8   0 0.24  0.0    0   M   M   M   M    M   M         M  M
17  69  55  62  -3   3   0 0.05  0.0    0   M   M   M   M    M   M         M  M
18  81  59  70   5   0   5 0.00  0.0    0   M   M   M   M    M   M         M  M
19  85  66  76  11   0  11 0.60  0.0    0   M   M   M   M    M   M         M  M
20  84  64  74   8   0   9 0.04  0.0    0   M   M   M   M    M   M         M  M
21  80  60  70   4   0   5 0.00  0.0    0   M   M   M   M    M   M         M  M
22  81  58  70   4   0   5 0.00  0.0    0   M   M   M   M    M   M         M  M
23  76  59  68   2   0   3 0.29  0.0    0   M   M   M   M    M   M         M  M
24  83  64  74   7   0   9 0.06  0.0    0   M   M   M   M    M   M         M  M
25  82  61  72   5   0   7 0.00  0.0    0   M   M   M   M    M   M         M  M
26  74  58  66  -1   0   1 0.00  0.0    0   M   M   M   M    M   M         M  M
27  75  54  65  -2   0   0 0.64  0.0    0   M   M   M   M    M   M         M  M
================================================================================
SM 2043 1504        75 101  2.20     0.0     M          M        M
================================================================================
AV 75.7 55.7                                 M FASTST   M    M   5    MAX(MPH)
                                 MISC ---->     M   M                  M    M
================================================================================
NOTES:
# LAST OF SEVERAL OCCURRENCES

COLUMN 17 PEAK WIND IN M.P.H.

PRELIMINARY LOCAL CLIMATOLOGICAL DATA (WS FORM: F-6) , PAGE 2

                                          STATION:  GRAY ME
                                          MONTH:    JUNE
                                          YEAR:     2017
                                          LATITUDE:   43 53 N
                                          LONGITUDE:  70 15 W

[TEMPERATURE DATA]      [PRECIPITATION DATA]       SYMBOLS USED IN COLUMN 16

AVERAGE MONTHLY: 65.7   TOTAL FOR MONTH:   2.20    1 = FOG OR MIST
DPTR FM NORMAL:   2.1   DPTR FM NORMAL:   -1.70    2 = FOG REDUCING VISIBILITY
HIGHEST:    92 ON 11    GRTST 24HR  0.64 ON 27-27      TO 1/4 MILE OR LESS
LOWEST:     46 ON  6, 3                            3 = THUNDER
                        SNOW, ICE PELLETS, HAIL    4 = ICE PELLETS
                        TOTAL MONTH:   0.0 INCH    5 = HAIL
                        GRTST 24HR     0.0         6 = FREEZING RAIN OR DRIZZLE
                        GRTST DEPTH:   0           7 = DUSTSTORM OR SANDSTORM:
                                                       VSBY 1/2 MILE OR LESS
                                                   8 = SMOKE OR HAZE
[NO. OF DAYS WITH]      [WEATHER - DAYS WITH]      9 = BLOWING SNOW
                                                   X = TORNADO
MAX 32 OR BELOW:   0    0.01 INCH OR MORE:  11
MAX 90 OR ABOVE:   3    0.10 INCH OR MORE:   5
MIN 32 OR BELOW:   0    0.50 INCH OR MORE:   2
MIN  0 OR BELOW:   0    1.00 INCH OR MORE:   0

[HDD (BASE 65) ]
TOTAL THIS MO.    75    CLEAR  (SCALE 0-3)   0
DPTR FM NORMAL   -16    PTCLDY (SCALE 4-7)   0
TOTAL FM JUL 1  6851    CLOUDY (SCALE 8-10)  0
DPTR FM NORMAL  -338

[CDD (BASE 65) ]
TOTAL THIS MO.   101
DPTR FM NORMAL    47    [PRESSURE DATA]
TOTAL FM JAN 1   122    HIGHEST SLP M ON M
DPTR FM NORMAL    57    LOWEST  SLP M ON M

[REMARKS]
