000
CXUS54 KJAN 250800
CF6HBG
PRELIMINARY LOCAL CLIMATOLOGICAL DATA (WS FORM: F-6)

                                          STATION:   HATTIESBURG
                                          MONTH:     JULY
                                          YEAR:      2017
                                          LATITUDE:   31 16 N
                                          LONGITUDE:  89 15 W

  TEMPERATURE IN F:       :PCPN:    SNOW:  WIND      :SUNSHINE: SKY     :PK WND
================================================================================
1   2   3   4   5  6A  6B    7    8   9   10  11  12  13   14  15   16   17  18
                                     12Z  AVG MX 2MIN
DY MAX MIN AVG DEP HDD CDD  WTR  SNW DPTH SPD SPD DIR MIN PSBL S-S WX    SPD DR
================================================================================

 1  92  73  83   2   0  18 0.07  0.0    0  4.7 21  10   M    M   4 13     31  30
 2  91  71  81   0   0  16    T  0.0    0  2.8 12 320   M    M   2        15 290
 3  92  73  83   2   0  18 0.00  0.0    0  4.6 13 290   M    M   1        17 290
 4  93  76  85   4   0  20 0.00  0.0    0  5.0 12 200   M    M   1        16 220
 5  94  76  85   4   0  20 0.09  0.0    0  3.7 20 180   M    M   1 3      25 170
 6  93  74  84   2   0  19 0.00  0.0    0  3.4 18 150   M    M   1 1      22 140
 7  93  73  83   1   0  18 0.00  0.0    0  4.6 13 240   M    M   1 3      18 300
 8  90  73  82   0   0  17 0.39  0.0    0  4.0 23 310   M    M   1 13     37 320
 9  92  72  82   0   0  17 0.56  0.0    0  3.2 25  40   M    M   2 13     39  30
10  93  72  83   1   0  18 0.00  0.0    0  2.4 15 260   M    M   2 3      19 240
11  92  71  82   0   0  17    T  0.0    0  3.4 20 130   M    M   2 3      25 110
12  91  72  82   0   0  17 0.10  0.0    0  2.3 12  50   M    M   3 13     15  40
13  91  73  82   0   0  17 0.05  0.0    0  3.2 22 130   M    M   3 13     27 110
14  93  72  83   1   0  18 0.34  0.0    0  3.5 18 130   M    M   5 13     24 120
15  91  73  82   0   0  17 0.02  0.0    0  2.8 25 160   M    M   3 13     32 160
16  91  73  82   0   0  17    T  0.0    0  3.1 22 170   M    M   2 3      26 170
17  87  74  81  -1   0  16 0.26  0.0    0  4.4 13 170   M    M   5 123    16 150
18  93  75  84   2   0  19 0.00  0.0    0  3.3 22 120   M    M   3 3      29 110
19  95  73  84   2   0  19 0.00  0.0    0  1.6  8  20   M    M   2 12     11  60
20  96  74  85   3   0  20 0.00  0.0    0  2.8 12  10   M    M   0 8      14  20
21  95  74  85   3   0  20 0.02  0.0    0  3.1 28 190   M    M   0        34 180
22  93  72  83   1   0  18 0.08  0.0    0  3.4 24 170   M    M   1 13     30 150
23  91  73  82   0   0  17    T  0.0    0  4.9 16 190   M    M   3 13     20 170
24  77  73  75  -7   0  10 1.54  0.0    0  3.9 12 230   M    M   6 123    17 240
================================================================================
SM 2199 1755         0 423  3.52     0.0  84.1          M       54
================================================================================
AV 91.6 73.1                               3.5 FASTST   M    M   2    MAX(MPH)
                                 MISC ---->  # 28 190               # 39   30
================================================================================
NOTES:
# LAST OF SEVERAL OCCURRENCES

COLUMN 17 PEAK WIND IN M.P.H.

PRELIMINARY LOCAL CLIMATOLOGICAL DATA (WS FORM: F-6) , PAGE 2

                                          STATION:  HATTIESBURG
                                          MONTH:    JULY
                                          YEAR:     2017
                                          LATITUDE:   31 16 N
                                          LONGITUDE:  89 15 W

[TEMPERATURE DATA]      [PRECIPITATION DATA]       SYMBOLS USED IN COLUMN 16

AVERAGE MONTHLY: 82.4   TOTAL FOR MONTH:   3.52    1 = FOG OR MIST
DPTR FM NORMAL:   0.6   DPTR FM NORMAL:   -0.82    2 = FOG REDUCING VISIBILITY
HIGHEST:    96 ON 20    GRTST 24HR  1.54 ON 24-24      TO 1/4 MILE OR LESS
LOWEST:     71 ON 11, 2                            3 = THUNDER
                        SNOW, ICE PELLETS, HAIL    4 = ICE PELLETS
                        TOTAL MONTH:   0.0 INCH    5 = HAIL
                        GRTST 24HR     0.0         6 = FREEZING RAIN OR DRIZZLE
                        GRTST DEPTH:   0           7 = DUSTSTORM OR SANDSTORM:
                                                       VSBY 1/2 MILE OR LESS
                                                   8 = SMOKE OR HAZE
[NO. OF DAYS WITH]      [WEATHER - DAYS WITH]      9 = BLOWING SNOW
                                                   X = TORNADO
MAX 32 OR BELOW:   0    0.01 INCH OR MORE:  12
MAX 90 OR ABOVE:  22    0.10 INCH OR MORE:   6
MIN 32 OR BELOW:   0    0.50 INCH OR MORE:   2
MIN  0 OR BELOW:   0    1.00 INCH OR MORE:   1

[HDD (BASE 65) ]
TOTAL THIS MO.     0    CLEAR  (SCALE 0-3)  20
DPTR FM NORMAL     0    PTCLDY (SCALE 4-7)   4
TOTAL FM JUL 1     0    CLOUDY (SCALE 8-10)  0
DPTR FM NORMAL     0

[CDD (BASE 65) ]
TOTAL THIS MO.   423
DPTR FM NORMAL    20    [PRESSURE DATA]
TOTAL FM JAN 1  1328    HIGHEST SLP M ON M
DPTR FM NORMAL    87    LOWEST  SLP 29.86 ON 16

[REMARKS]
