000
CXUS54 KJAN 240800
CF6HBG
PRELIMINARY LOCAL CLIMATOLOGICAL DATA (WS FORM: F-6)

                                          STATION:   HATTIESBURG
                                          MONTH:     OCTOBER
                                          YEAR:      2014
                                          LATITUDE:   31 16 N
                                          LONGITUDE:  89 15 W

  TEMPERATURE IN F:       :PCPN:    SNOW:  WIND      :SUNSHINE: SKY     :PK WND
================================================================================
1   2   3   4   5  6A  6B    7    8   9   10  11  12  13   14  15   16   17  18
                                     12Z  AVG MX 2MIN
DY MAX MIN AVG DEP HDD CDD  WTR  SNW DPTH SPD SPD DIR MIN PSBL S-S WX    SPD DR
================================================================================

 1  88  66  77   5   0  12 0.00  0.0    0  3.5 13 150   M    M   2 12     24 150
 2  90  75  83  11   0  18 0.09  0.0    0  6.9 17 170   M    M   6 3      24 170
 3  81  62  72   1   0   7 0.20  0.0    0  6.2 29 290   M    M   4 13     36 300
 4  71  48  60 -11   5   0 0.00  0.0    0  6.9 18  10   M    M   0        25  10
 5  78  45  62  -9   3   0 0.00  0.0    0  4.3 16 180   M    M   1        28 220
 6  84  55  70   0   0   5 0.00  0.0    0  5.4 17 170   M    M   1        30 200
 7  88  61  75   5   0  10 0.00  0.0    0  3.0 10 230   M    M   2        21 210
 8  88  65  77   7   0  12 0.00  0.0    0  0.9  9 130   M    M   4 12     23 210
 9  89  66  78   9   0  13 0.35  0.0    0  2.8 24 280   M    M   6 123    30 270
10  89  71  80  11   0  15    T  0.0    0  5.3 13 190   M    M   4 1      20 100
11  89  69  79  10   0  14 0.00  0.0    0  3.1 18 180   M    M   4 123    22 170
12  88  69  79  11   0  14    T  0.0    0  5.2 15 160   M    M   4 12     18 150
13  89  65  77   9   0  12 0.86  0.0    0  9.5 26 180   M    M   3 13     36 170
14  74  56  65  -3   0   0 0.00  0.0    0  9.0 16 260   M    M   4        23 290
15  76  50  63  -4   2   0 0.00  0.0    0  6.0 21 290   M    M   0        27 290
16  80  46  63  -4   2   0 0.00  0.0    0  2.6 12 320   M    M   0         M  M
17  83  49  66  -1   0   1 0.00  0.0    0  2.2 13 230   M    M   0         M  M
18  85  58  72   6   0   7 0.00  0.0    0  4.6 14 360   M    M   0         M  M
19  75  49  62  -4   3   0 0.00  0.0    0  3.0 12  60   M    M   0        20 270
20  77  45  61  -5   4   0 0.00  0.0    0  1.2  9 350   M    M   0        17 320
21  80  49  65   0   0   0 0.00  0.0    0  2.5 12 360   M    M   0        17 320
22  78  49  64  -1   1   0 0.00  0.0    0  3.6 14 360   M    M   0 1      19  10
23  74  41  58  -7   7   0 0.00  0.0    0  2.6 10  20   M    M   0        14  10
================================================================================
SM 1894 1309        27 140  1.50     0.0 100.3          M       45
================================================================================
AV 82.3 56.9                               4.4 FASTST   M    M   2    MAX(MPH)
                                 MISC ---->  # 29 290               # 36  300
================================================================================
NOTES:
# LAST OF SEVERAL OCCURRENCES

COLUMN 17 PEAK WIND IN M.P.H.

PRELIMINARY LOCAL CLIMATOLOGICAL DATA (WS FORM: F-6) , PAGE 2

                                          STATION:  HATTIESBURG
                                          MONTH:    OCTOBER
                                          YEAR:     2014
                                          LATITUDE:   31 16 N
                                          LONGITUDE:  89 15 W

[TEMPERATURE DATA]      [PRECIPITATION DATA]       SYMBOLS USED IN COLUMN 16

AVERAGE MONTHLY: 69.6   TOTAL FOR MONTH:   1.50    1 = FOG OR MIST
DPTR FM NORMAL:   1.3   DPTR FM NORMAL:   -1.34    2 = FOG REDUCING VISIBILITY
HIGHEST:    90 ON  2    GRTST 24HR  0.86 ON 13-13      TO 1/4 MILE OR LESS
LOWEST:     41 ON 23                               3 = THUNDER
                        SNOW, ICE PELLETS, HAIL    4 = ICE PELLETS
                        TOTAL MONTH:   0.0 INCH    5 = HAIL
                        GRTST 24HR     0.0         6 = FREEZING RAIN OR DRIZZLE
                        GRTST DEPTH:   0           7 = DUSTSTORM OR SANDSTORM:
                                                       VSBY 1/2 MILE OR LESS
                                                   8 = SMOKE OR HAZE
[NO. OF DAYS WITH]      [WEATHER - DAYS WITH]      9 = BLOWING SNOW
                                                   X = TORNADO
MAX 32 OR BELOW:   0    0.01 INCH OR MORE:   4
MAX 90 OR ABOVE:   1    0.10 INCH OR MORE:   3
MIN 32 OR BELOW:   0    0.50 INCH OR MORE:   1
MIN  0 OR BELOW:   0    1.00 INCH OR MORE:   0

[HDD (BASE 65) ]
TOTAL THIS MO.    27    CLEAR  (SCALE 0-3)  15
DPTR FM NORMAL   -13    PTCLDY (SCALE 4-7)   8
TOTAL FM JUL 1    27    CLOUDY (SCALE 8-10)  0
DPTR FM NORMAL   -15

[CDD (BASE 65) ]
TOTAL THIS MO.   140
DPTR FM NORMAL    27    [PRESSURE DATA]
TOTAL FM JAN 1  2444    HIGHEST SLP M ON M
DPTR FM NORMAL   104    LOWEST  SLP 29.68 ON 13

[REMARKS]
