000
CXUS54 KOUN 230800
CF6HBR
PRELIMINARY LOCAL CLIMATOLOGICAL DATA (WS FORM: F-6)

                                          STATION:   HOBART
                                          MONTH:     APRIL
                                          YEAR:      2014
                                          LATITUDE:   35  0 N
                                          LONGITUDE:  99  3 W

  TEMPERATURE IN F:       :PCPN:    SNOW:  WIND      :SUNSHINE: SKY     :PK WND
================================================================================
1   2   3   4   5  6A  6B    7    8   9   10  11  12  13   14  15   16   17  18
                                     12Z  AVG MX 2MIN
DY MAX MIN AVG DEP HDD CDD  WTR  SNW DPTH SPD SPD DIR MIN PSBL S-S WX    SPD DR
================================================================================

 1  74  41  58   3   7   0 0.00  0.0    0 13.9 31  70   M    M   2        38  50
 2  85  54  70  15   0   5 0.00  0.0    0 17.5 25 170   M    M   1 1      33 160
 3  77  41  59   4   6   0 0.00  0.0    0 15.4 40 350   M    M   1 18     49 350
 4  65  31  48  -8  17   0 0.00  0.0    0  8.2 17  10   M    M   0        23  10
 5  65  38  52  -4  13   0    T  0.0    0 10.2 23 150   M    M   4        29 140
 6  49  42  46 -10  19   0 0.04  0.0    0  4.4 15  80   M    M   8 1      18  80
 7  71  36  54  -3  11   0    T  0.0    0 10.2 31 340   M    M   5 1238   38 330
 8  74  38  56  -1   9   0 0.00  0.0    0 13.3 24 340   M    M   0        31 340
 9  87  38  63   6   2   0 0.00  0.0    0 17.2 29 180   M    M   0        37 180
10  87  52  70  13   0   5 0.00  0.0    0 13.6 24 240   M    M   0        31 180
11  83  46  65   7   0   0    T    M    0 10.9 17 150   M    M   0 8      23 130
12  88  61  75  17   0  10 0.00  0.0    0 21.7 31 160   M    M   0        39 160
13  92  41  67   9   0   2 0.00  0.0    0 25.0 36 350   M    M   1        45 340
14  53  29  41 -18  24   0    T    T    0 21.9 35  20   M    M   5        45 340
15  66  22  44 -15  21   0 0.00  0.0    0 10.9 21 170   M    M   0        29 210
16  74  45  60   1   5   0 0.00  0.0    0 19.0 37 190   M    M   0        46 190
17  61  43  52  -8  13   0    T  0.0    0 11.0 21  60   M    M   7 8      24  70
18  69  42  56  -4   9   0 0.00  0.0    0  8.6 18 200   M    M   5 18     25 210
19  79  49  64   4   1   0 0.00  0.0    0 14.1 23 170   M    M   0 18     30 180
20  71  57  64   4   1   0 0.35  0.0    0 13.8 29 140   M    M   7 138    33 150
21  81  53  67   6   0   2 0.03  0.0    0  8.6 17  30   M    M   5 12     25  20
22  81  48  65   4   0   0 0.00  0.0    0  8.7 16  90   M    M   0        20 180
================================================================================
SM 1632  947       158  24  0.42    T    298.1          M       51
================================================================================
AV 74.2 43.0                              13.6 FASTST   M    M   2    MAX(MPH)
                                 MISC ---->  # 40 350               # 49  350
================================================================================
NOTES:
# LAST OF SEVERAL OCCURRENCES

COLUMN 17 PEAK WIND IN M.P.H.

PRELIMINARY LOCAL CLIMATOLOGICAL DATA (WS FORM: F-6) , PAGE 2

                                          STATION:  HOBART
                                          MONTH:    APRIL
                                          YEAR:     2014
                                          LATITUDE:   35  0 N
                                          LONGITUDE:  99  3 W

[TEMPERATURE DATA]      [PRECIPITATION DATA]       SYMBOLS USED IN COLUMN 16

AVERAGE MONTHLY: 58.6   TOTAL FOR MONTH:   0.42    1 = FOG OR MIST
DPTR FM NORMAL:   0.7   DPTR FM NORMAL:   -1.25    2 = FOG REDUCING VISIBILITY
HIGHEST:    92 ON 13    GRTST 24HR  0.37 ON 20-21      TO 1/4 MILE OR LESS
LOWEST:     22 ON 15                               3 = THUNDER
                        SNOW, ICE PELLETS, HAIL    4 = ICE PELLETS
                        TOTAL MONTH:    T          5 = HAIL
                        GRTST 24HR    T  ON 14-14  6 = FREEZING RAIN OR DRIZZLE
                        GRTST DEPTH:   0           7 = DUSTSTORM OR SANDSTORM:
                                                       VSBY 1/2 MILE OR LESS
                                                   8 = SMOKE OR HAZE
[NO. OF DAYS WITH]      [WEATHER - DAYS WITH]      9 = BLOWING SNOW
                                                   X = TORNADO
MAX 32 OR BELOW:   0    0.01 INCH OR MORE:   3
MAX 90 OR ABOVE:   1    0.10 INCH OR MORE:   1
MIN 32 OR BELOW:   3    0.50 INCH OR MORE:   0
MIN  0 OR BELOW:   0    1.00 INCH OR MORE:   0

[HDD (BASE 65) ]
TOTAL THIS MO.   158    CLEAR  (SCALE 0-3)  14
DPTR FM NORMAL   -18    PTCLDY (SCALE 4-7)   7
TOTAL FM JUL 1  4005    CLOUDY (SCALE 8-10)  1
DPTR FM NORMAL   422

[CDD (BASE 65) ]
TOTAL THIS MO.    24
DPTR FM NORMAL     2    [PRESSURE DATA]
TOTAL FM JAN 1    29    HIGHEST SLP M ON M
DPTR FM NORMAL     1    LOWEST  SLP 29.34 ON 13

[REMARKS]
