000
CXUS54 KOUN 260800
CF6HBR
PRELIMINARY LOCAL CLIMATOLOGICAL DATA (WS FORM: F-6)

                                          STATION:   HOBART
                                          MONTH:     DECEMBER
                                          YEAR:      2014
                                          LATITUDE:   35  0 N
                                          LONGITUDE:  99  3 W

  TEMPERATURE IN F:       :PCPN:    SNOW:  WIND      :SUNSHINE: SKY     :PK WND
================================================================================
1   2   3   4   5  6A  6B    7    8   9   10  11  12  13   14  15   16   17  18
                                     12Z  AVG MX 2MIN
DY MAX MIN AVG DEP HDD CDD  WTR  SNW DPTH SPD SPD DIR MIN PSBL S-S WX    SPD DR
================================================================================

 1  33  20  27 -15  38   0 0.00  0.0    0 16.1 29  20   M    M   0        35  20
 2  45  19  32 -10  33   0 0.00  0.0    0 11.0 24 200   M    M   1        29 210
 3  43  36  40  -2  25   0 0.00  0.0    0 10.5 20  60   M    M   7 12     22  70
 4  53  42  48   6  17   0 0.01  0.0    0  5.3  9 160   M    M  10 12     10 180
 5  59  40  50   9  15   0    T  0.0    0 10.1 17 360   M    M   8 12     21 180
 6  45  35  40  -1  25   0    T  0.0    0  9.2 15  60   M    M   7 12     17  50
 7  50  41  46   6  19   0    T  0.0    0  9.5 17 200   M    M  10 12     20 200
 8  60  41  51  11  14   0 0.00  0.0    0  5.2 13 190   M    M   5 128    12 190
 9  63  35  49   9  16   0 0.00  0.0    0  6.3 14 200   M    M   3 12     17  90
10  61  37  49   9  16   0 0.00  0.0    0  6.3 14 180   M    M   7 128    17 170
11  62  49  56  17   9   0    T  0.0    0  4.9 13 100   M    M   9 18     15  90
12  57  50  54  15  11   0    T  0.0    0  7.1 15 170   M    M  10 12     16 170
13  62  52  57  18   8   0 0.00  0.0    0 16.4 26 180   M    M   9 1      32 170
14  66  49  58  19   7   0 0.26    M    0 21.5 38 170   M    M   5 13     47 170
15  56  37  47   8  18   0 0.00  0.0    0 21.1 35 340   M    M   0        41 340
16  50  30  40   2  25   0 0.00  0.0    0  8.8 24 350   M    M   0        30 350
17  41  36  39   1  26   0 0.01  0.0    0  9.5 16 150   M    M  10 18     19 140
18  44  38  41   3  24   0    T  0.0    0  5.9 15  60   M    M  10 1      18  60
19  45  37  41   3  24   0    T  0.0    0  6.1 13  70   M    M  10 1      16  50
20  45  37  41   3  24   0 0.00  0.0    0  9.5 16 190   M    M   9 1      19 170
21  52  39  46   8  19   0 0.00  0.0    0 17.7 25 160   M    M   7 1      32 160
22  59  37  48  10  17   0    T  0.0    0 11.6 28 340   M    M   3 12     33 340
23  50  36  43   5  22   0 0.00  0.0    0 16.6 32 340   M    M   4        38 340
24  50  30  40   2  25   0 0.00  0.0    0 14.6 26 350   M    M   3        33 350
25  56  32  44   7  21   0 0.00  0.0    0 21.3 38 210   M    M   0        45 200
================================================================================
SM 1307  935       498   0  0.28     0.0 282.1          M      147
================================================================================
AV 52.3 37.4                              11.3 FASTST   M    M   6    MAX(MPH)
                                 MISC ---->  # 38 170               # 47  170
================================================================================
NOTES:
# LAST OF SEVERAL OCCURRENCES

COLUMN 17 PEAK WIND IN M.P.H.

PRELIMINARY LOCAL CLIMATOLOGICAL DATA (WS FORM: F-6) , PAGE 2

                                          STATION:  HOBART
                                          MONTH:    DECEMBER
                                          YEAR:     2014
                                          LATITUDE:   35  0 N
                                          LONGITUDE:  99  3 W

[TEMPERATURE DATA]      [PRECIPITATION DATA]       SYMBOLS USED IN COLUMN 16

AVERAGE MONTHLY: 44.8   TOTAL FOR MONTH:   0.28    1 = FOG OR MIST
DPTR FM NORMAL:   5.5   DPTR FM NORMAL:   -0.81    2 = FOG REDUCING VISIBILITY
HIGHEST:    66 ON 14    GRTST 24HR  0.26 ON 14-14      TO 1/4 MILE OR LESS
LOWEST:     19 ON  2                               3 = THUNDER
                        SNOW, ICE PELLETS, HAIL    4 = ICE PELLETS
                        TOTAL MONTH:   0.0 INCH    5 = HAIL
                        GRTST 24HR     0.0         6 = FREEZING RAIN OR DRIZZLE
                        GRTST DEPTH:   0           7 = DUSTSTORM OR SANDSTORM:
                                                       VSBY 1/2 MILE OR LESS
                                                   8 = SMOKE OR HAZE
[NO. OF DAYS WITH]      [WEATHER - DAYS WITH]      9 = BLOWING SNOW
                                                   X = TORNADO
MAX 32 OR BELOW:   0    0.01 INCH OR MORE:   3
MAX 90 OR ABOVE:   0    0.10 INCH OR MORE:   1
MIN 32 OR BELOW:   5    0.50 INCH OR MORE:   0
MIN  0 OR BELOW:   0    1.00 INCH OR MORE:   0

[HDD (BASE 65) ]
TOTAL THIS MO.   498    CLEAR  (SCALE 0-3)   8
DPTR FM NORMAL  -143    PTCLDY (SCALE 4-7)   8
TOTAL FM JUL 1  1167    CLOUDY (SCALE 8-10)  9
DPTR FM NORMAL  -136

[CDD (BASE 65) ]
TOTAL THIS MO.     0
DPTR FM NORMAL     0    [PRESSURE DATA]
TOTAL FM JAN 1  2245    HIGHEST SLP M ON M
DPTR FM NORMAL   177    LOWEST  SLP 29.50 ON 22

[REMARKS]
