000
CXUS53 KGID 260730
CF6HDE
PRELIMINARY LOCAL CLIMATOLOGICAL DATA (WS FORM: F-6)

                                          STATION:   HOLDREGE
                                          MONTH:     SEPTEMBER
                                          YEAR:      2017
                                          LATITUDE:   40 27 N
                                          LONGITUDE:  99 20 W

  TEMPERATURE IN F:       :PCPN:    SNOW:  WIND      :SUNSHINE: SKY     :PK WND
================================================================================
1   2   3   4   5  6A  6B    7    8   9   10  11  12  13   14  15   16   17  18
                                     12Z  AVG MX 2MIN
DY MAX MIN AVG DEP HDD CDD  WTR  SNW DPTH SPD SPD DIR MIN PSBL S-S WX    SPD DR
================================================================================

 1  73  61  67  -3   0   2    T    M    M  7.2 12 180   M    M   4        16 180
 2  84  60  72   2   0   7 0.00    M    M  4.5  9  30   M    M   0         M  M
 3  93  59  76   7   0  11 0.00    M    M  7.2 17 200   M    M   0        23 200
 4  77  54  66  -3   0   1 0.00    M    M  7.9 14  20   M    M   2        18  20
 5  70  44  57 -12   8   0 0.00    M    M  6.2 15 340   M    M   0        21 350
 6  73  42  58 -10   7   0 0.00    M    M  3.7  7 100   M    M   0 8       M  M
 7  82  48  65  -3   0   0 0.00    M    M  6.3  9 160   M    M   0         M  M
 8  87  53  70   2   0   5 0.00    M    M  7.2 14 150   M    M   0        22 130
 9  82  61  72   5   0   7 0.03    M    M 12.4 22 160   M    M   1 3      37 160
10  85  62  74   7   0   9 0.00    M    M 15.0 22 170   M    M   0        32 170
11  86  57  72   6   0   7 0.00    M    M  8.1 12 150   M    M   0        16 190
12  85  56  71   5   0   6 0.00    M    M  5.9  8 160   M    M   0         M  M
13  89  58  74   8   0   9 0.00    M    M  8.6 16 190   M    M   0        20 180
14  93  60  77  12   0  12 0.00    M    M  7.4 12 170   M    M   0        16 180
15  90  63  77  12   0  12 0.00    M    M 13.0 25 170   M    M   2 3      38 180
16  69  50  60  -4   5   0 0.00    M    M 12.1 21  20   M    M   4 1      30  20
17  69  46  58  -6   7   0    T    M    M  7.9 17 110   M    M   5 3      18 120
18  79  59  69   5   0   4 0.00    M    M  4.0  8 160   M    M   6 13      M  M
19  94  62  78  15   0  13 0.00    M    M 12.6 22 160   M    M   0 1      31 170
20  78  47  63   0   2   0 0.00    M    M  6.1  8 100   M    M   0         M  M
21  97  48  73  11   0   8 0.00    M    M 10.8 23 190   M    M   0        35 190
22  96  74  85  23   0  20 0.00    M    M 20.8 32 190   M    M   0        41 190
23  89  58  74  13   0   9 0.11    M    M 11.3 22 160   M    M   4        29 160
24  67  54  61   0   4   0 1.78    M    M  7.8 18  60   M    M  10 3      18 200
25  54  49  52  -8  13   0 0.52    M    M 11.4 20  60   M    M  10 13     24  50
================================================================================
SM 2041 1385        46 142  2.44    M    225.4          M       48
================================================================================
AV 81.6 55.4                               9.0 FASTST   M    M   2    MAX(MPH)
                                 MISC ---->  # 32 190               # 41  190
================================================================================
NOTES:
# LAST OF SEVERAL OCCURRENCES

COLUMN 17 PEAK WIND IN M.P.H.

PRELIMINARY LOCAL CLIMATOLOGICAL DATA (WS FORM: F-6) , PAGE 2

                                          STATION:  HOLDREGE
                                          MONTH:    SEPTEMBER
                                          YEAR:     2017
                                          LATITUDE:   40 27 N
                                          LONGITUDE:  99 20 W

[TEMPERATURE DATA]      [PRECIPITATION DATA]       SYMBOLS USED IN COLUMN 16

AVERAGE MONTHLY: 68.5   TOTAL FOR MONTH:   2.44    1 = FOG OR MIST
DPTR FM NORMAL:   3.0   DPTR FM NORMAL:    0.72    2 = FOG REDUCING VISIBILITY
HIGHEST:    97 ON 21    GRTST 24HR  1.78 ON 24-24      TO 1/4 MILE OR LESS
LOWEST:     42 ON  6                               3 = THUNDER
                        SNOW, ICE PELLETS, HAIL    4 = ICE PELLETS
                        TOTAL MONTH:    M          5 = HAIL
                        GRTST 24HR    M  ON   M    6 = FREEZING RAIN OR DRIZZLE
                        GRTST DEPTH:  M  ON   M    7 = DUSTSTORM OR SANDSTORM:
                                                       VSBY 1/2 MILE OR LESS
                                                   8 = SMOKE OR HAZE
[NO. OF DAYS WITH]      [WEATHER - DAYS WITH]      9 = BLOWING SNOW
                                                   X = TORNADO
MAX 32 OR BELOW:   0    0.01 INCH OR MORE:   4
MAX 90 OR ABOVE:   6    0.10 INCH OR MORE:   3
MIN 32 OR BELOW:   0    0.50 INCH OR MORE:   2
MIN  0 OR BELOW:   0    1.00 INCH OR MORE:   1

[HDD (BASE 65) ]
TOTAL THIS MO.    46    CLEAR  (SCALE 0-3)  18
DPTR FM NORMAL   -30    PTCLDY (SCALE 4-7)   5
TOTAL FM JUL 1    52    CLOUDY (SCALE 8-10)  2
DPTR FM NORMAL   -36

[CDD (BASE 65) ]
TOTAL THIS MO.   142
DPTR FM NORMAL    53    [PRESSURE DATA]
TOTAL FM JAN 1   953    HIGHEST SLP M ON M
DPTR FM NORMAL    52    LOWEST  SLP M ON M

[REMARKS]
