000
CXUS54 KEWX 230910
CF6HDO
PRELIMINARY LOCAL CLIMATOLOGICAL DATA (WS FORM: F-6)

                                          STATION:   HONDO
                                          MONTH:     AUGUST
                                          YEAR:      2016
                                          LATITUDE:   29 21 N
                                          LONGITUDE:  99 10 W

  TEMPERATURE IN F:       :PCPN:    SNOW:  WIND      :SUNSHINE: SKY     :PK WND
================================================================================
1   2   3   4   5  6A  6B    7    8   9   10  11  12  13   14  15   16   17  18
                                     12Z  AVG MX 2MIN
DY MAX MIN AVG DEP HDD CDD  WTR  SNW DPTH SPD SPD DIR MIN PSBL S-S WX    SPD DR
================================================================================

 1  97  71  84   0   0  19 0.00    M    0 10.9 21 150   M    M   1 8      27 150
 2  96  72  84   0   0  19 0.00  0.0    0  8.5 17 140   M    M   2 1      22 130
 3  96  71  84   0   0  19 0.00  0.0    0  7.6 16 120   M    M   1        22 140
 4  98  71  85   1   0  20 0.00    M    0  8.1 17 120   M    M   2        23 140
 5  97  74  86   2   0  21 0.00  0.0    0  8.7 17 140   M    M   2        28 140
 6  98  74  86   2   0  21 0.00  0.0    0  8.5 18 150   M    M   3        25 130
 7  99  75  87   3   0  22 0.00  0.0    0  8.3 18 150   M    M   4        24 130
 8 100  77  89   5   0  24 0.00  0.0    0  9.3 22 150   M    M   2        27 150
 9 100  78  89   5   0  24 0.00  0.0    0  9.5 22 140   M    M   3        28 130
10 101  76  89   5   0  24 0.00  0.0    0 10.0 22 150   M    M   3 1      28 150
11 101  77  89   5   0  24 0.00  0.0    0  7.2 20 150   M    M   4 8      24 140
12 103  76  90   6   0  25 0.00  0.0    0  9.0 30  10   M    M   3 1      36  30
13  91  76  84   0   0  19 0.02  0.0    0  6.4 16  60   M    M   4        21  60
14  87  73  80  -4   0  15 0.02  0.0    0  7.6 18  50   M    M   8 3      24  60
15  74  70  72 -12   0   7 2.21  0.0    0  8.7 20  30   M    M  10 1      24  40
16  83  73  78  -6   0  13 0.22    M    0  5.9 15  10   M    M   9 13     17  10
17  91  74  83  -1   0  18    T    M    0  8.1 32 160   M    M   7        40 160
18   M   M   M   M   M   M    T    M    0  6.6  9 150   M    M   8 1       M  M
19   M   M   M   M   M   M    M    M    M   M   M   M   M    M   M         M  M
20   M   M   M   M   M   M    M    M    M   M   M   M   M    M   M         M  M
21   M   M   M   M   M   M    M    M    M   M   M   M   M    M   M         M  M
22   M   M   M   M   M   M    M    M    M   M   M   M   M    M   M         M  M
================================================================================
SM 1612 1258         0 334  2.47     0.0 148.9          M       76
================================================================================
AV 94.8 74.0                               8.3 FASTST   M    M   4    MAX(MPH)
                                 MISC ---->  # 32 160               # 40  160
================================================================================
NOTES:
# LAST OF SEVERAL OCCURRENCES

COLUMN 17 PEAK WIND IN M.P.H.

PRELIMINARY LOCAL CLIMATOLOGICAL DATA (WS FORM: F-6) , PAGE 2

                                          STATION:  HONDO
                                          MONTH:    AUGUST
                                          YEAR:     2016
                                          LATITUDE:   29 21 N
                                          LONGITUDE:  99 10 W

[TEMPERATURE DATA]      [PRECIPITATION DATA]       SYMBOLS USED IN COLUMN 16

AVERAGE MONTHLY: 84.4   TOTAL FOR MONTH:   2.47    1 = FOG OR MIST
DPTR FM NORMAL:   0.4   DPTR FM NORMAL:    1.54    2 = FOG REDUCING VISIBILITY
HIGHEST:   103 ON 12    GRTST 24HR  2.22 ON 15-16      TO 1/4 MILE OR LESS
LOWEST:     70 ON 15                               3 = THUNDER
                        SNOW, ICE PELLETS, HAIL    4 = ICE PELLETS
                        TOTAL MONTH:   0.0 INCH    5 = HAIL
                        GRTST 24HR     0.0         6 = FREEZING RAIN OR DRIZZLE
                        GRTST DEPTH:   0           7 = DUSTSTORM OR SANDSTORM:
                                                       VSBY 1/2 MILE OR LESS
                                                   8 = SMOKE OR HAZE
[NO. OF DAYS WITH]      [WEATHER - DAYS WITH]      9 = BLOWING SNOW
                                                   X = TORNADO
MAX 32 OR BELOW:   0    0.01 INCH OR MORE:   4
MAX 90 OR ABOVE:  14    0.10 INCH OR MORE:   2
MIN 32 OR BELOW:   0    0.50 INCH OR MORE:   1
MIN  0 OR BELOW:   0    1.00 INCH OR MORE:   1

[HDD (BASE 65) ]
TOTAL THIS MO.     0    CLEAR  (SCALE 0-3)  10
DPTR FM NORMAL     0    PTCLDY (SCALE 4-7)   5
TOTAL FM JUL 1     0    CLOUDY (SCALE 8-10)  3
DPTR FM NORMAL     0

[CDD (BASE 65) ]
TOTAL THIS MO.   334
DPTR FM NORMAL   -84    [PRESSURE DATA]
TOTAL FM JAN 1  2095    HIGHEST SLP M ON M
DPTR FM NORMAL    20    LOWEST  SLP 29.69 ON 12

[REMARKS]
