000
CXUS54 KHGX 281415
CF6HGX
PRELIMINARY LOCAL CLIMATOLOGICAL DATA (WS FORM: F-6)

                                          STATION:   DICKINSON  WFO
                                          MONTH:     DECEMBER
                                          YEAR:      2014
                                          LATITUDE:   29 28 N
                                          LONGITUDE:  95  5 W

  TEMPERATURE IN F:       :PCPN:    SNOW:  WIND      :SUNSHINE: SKY     :PK WND
================================================================================
1   2   3   4   5  6A  6B    7    8   9   10  11  12  13   14  15   16   17  18
                                     12Z  AVG MX 2MIN
DY MAX MIN AVG DEP HDD CDD  WTR  SNW DPTH SPD SPD DIR MIN PSBL S-S WX    SPD DR
================================================================================

 1  67  46  57   0   8   0 0.35  0.0    M   M   M   M   M    M   M         M  M
 2  54  44  49  -8  16   0    T  0.0    M   M   M   M   M    M   M         M  M
 3  63  49  56  -1   9   0 0.00  0.0    M   M   M   M   M    M   M         M  M
 4  66  56  61   4   4   0    T  0.0    M   M   M   M   M    M   M 12      M  M
 5  77  66  72  16   0   7 0.39    M    M   M   M   M   M    M   M 12      M  M
 6  76  61  69  13   0   4 0.01    M    M   M   M   M   M    M   M 12      M  M
 7  61  53  57   1   8   0 0.00  0.0    M   M   M   M   M    M   M         M  M
 8  66  46  56   0   9   0 0.00  0.0    M   M   M   M   M    M   M         M  M
 9  67  43  55   0  10   0 0.00  0.0    M   M   M   M   M    M   M         M  M
10  64  43  54  -1  11   0 0.00    M    M   M   M   M   M    M   M         M  M
11  70  56  63   8   2   0 0.03    M    M   M   M   M   M    M   M         M  M
12  71  58  65  10   0   0 0.05    M    M   M   M   M   M    M   M         M  M
13  66  57  62   7   3   0 0.01    M    M   M   M   M   M    M   M         M  M
14  74  58  66  12   0   1 0.05  0.0    M   M   M   M   M    M   M         M  M
15  79  63  71  17   0   6 0.01    M    M   M   M   M   M    M   M         M  M
16  67  46  57   3   8   0 0.00    M    M   M   M   M   M    M   M         M  M
17  65  48  57   3   8   0 0.01    M    M   M   M   M   M    M   M         M  M
18  68  49  59   5   6   0 0.05  0.0    M   M   M   M   M    M   M 3       M  M
19  59  50  55   1  10   0 2.77  0.0    M   M   M   M   M    M   M 3       M  M
20  53  50  52  -1  13   0 0.00  0.0    M   M   M   M   M    M   M         M  M
21  57  48  53   0  12   0 0.00  0.0    M   M   M   M   M    M   M         M  M
22  77  53  65  12   0   0 0.00    M    M   M   M   M   M    M   M         M  M
23  62  43  53   0  12   0 0.03    M    M   M   M   M   M    M   M         M  M
24  53  37  45  -8  20   0 0.00    M    M   M   M   M   M    M   M         M  M
25  65  35  50  -3  15   0 0.00  0.0    M   M   M   M   M    M   M         M  M
26  72  53  63  10   2   0 0.01  0.0    M   M   M   M   M    M   M         M  M
27  76  47  62   9   3   0 0.22    M    M   M   M   M   M    M   M         M  M
================================================================================
SM 1795 1358       189  18  3.99     0.0     M          M        M
================================================================================
AV 66.5 50.3                                 M FASTST   M    M   7    MAX(MPH)
                                 MISC ---->     M   M                  M    M
================================================================================
NOTES:
# LAST OF SEVERAL OCCURRENCES

COLUMN 17 PEAK WIND IN M.P.H.

PRELIMINARY LOCAL CLIMATOLOGICAL DATA (WS FORM: F-6) , PAGE 2

                                          STATION:  DICKINSON  WFO
                                          MONTH:    DECEMBER
                                          YEAR:     2014
                                          LATITUDE:   29 28 N
                                          LONGITUDE:  95  5 W

[TEMPERATURE DATA]      [PRECIPITATION DATA]       SYMBOLS USED IN COLUMN 16

AVERAGE MONTHLY: 58.4   TOTAL FOR MONTH:   3.99    1 = FOG OR MIST
DPTR FM NORMAL:   3.8   DPTR FM NORMAL:    0.50    2 = FOG REDUCING VISIBILITY
HIGHEST:    79 ON 15    GRTST 24HR  2.77 ON 19-19      TO 1/4 MILE OR LESS
LOWEST:     35 ON 25                               3 = THUNDER
                        SNOW, ICE PELLETS, HAIL    4 = ICE PELLETS
                        TOTAL MONTH:   0.0 INCH    5 = HAIL
                        GRTST 24HR     0.0         6 = FREEZING RAIN OR DRIZZLE
                        GRTST DEPTH:  M  ON   M    7 = DUSTSTORM OR SANDSTORM:
                                                       VSBY 1/2 MILE OR LESS
                                                   8 = SMOKE OR HAZE
[NO. OF DAYS WITH]      [WEATHER - DAYS WITH]      9 = BLOWING SNOW
                                                   X = TORNADO
MAX 32 OR BELOW:   0    0.01 INCH OR MORE:  14
MAX 90 OR ABOVE:   0    0.10 INCH OR MORE:   4
MIN 32 OR BELOW:   0    0.50 INCH OR MORE:   1
MIN  0 OR BELOW:   0    1.00 INCH OR MORE:   1

[HDD (BASE 65) ]
TOTAL THIS MO.   189    CLEAR  (SCALE 0-3)   0
DPTR FM NORMAL  -110    PTCLDY (SCALE 4-7)   0
TOTAL FM JUL 1   432    CLOUDY (SCALE 8-10)  0
DPTR FM NORMAL   -64

[CDD (BASE 65) ]
TOTAL THIS MO.    18
DPTR FM NORMAL     1    [PRESSURE DATA]
TOTAL FM JAN 1  2940    HIGHEST SLP M ON M
DPTR FM NORMAL   256    LOWEST  SLP M ON M

[REMARKS]
