000
CXUS53 KGID 220730
CF6HJH
PRELIMINARY LOCAL CLIMATOLOGICAL DATA (WS FORM: F-6)

                                          STATION:   HEBRON
                                          MONTH:     MAY
                                          YEAR:      2015
                                          LATITUDE:   40  9 N
                                          LONGITUDE:  97 35 W

  TEMPERATURE IN F:       :PCPN:    SNOW:  WIND      :SUNSHINE: SKY     :PK WND
================================================================================
1   2   3   4   5  6A  6B    7    8   9   10  11  12  13   14  15   16   17  18
                                     12Z  AVG MX 2MIN
DY MAX MIN AVG DEP HDD CDD  WTR  SNW DPTH SPD SPD DIR MIN PSBL S-S WX    SPD DR
================================================================================

 1  74  49  62   5   3   0    T    M    M  8.4 16 200   M    M   4        24 200
 2  84  57  71  14   0   6 0.00    M    M 11.1 18 190   M    M   3        30 210
 3  91  55  73  16   0   8 0.00    M    M  9.7 18 200   M    M   1        28 190
 4  71  58  65   7   0   0 0.16    M    M 10.4 20  40   M    M   5 13     24  60
 5  78  59  69  11   0   4 0.08    M    M 10.5 18 160   M    M   6        25 150
 6  71   M   M   M   M   M    M    M    M 13.4 27 170   M    M  10 3      31 170
 7  75  57  66   7   0   1 0.00    M    M  9.4 13 260   M    M   4        18 350
 8  63  51  57  -2   8   0 0.00    M    M  8.9 13  40   M    M   9        16  30
 9  68  54  61   2   4   0 0.08    M    M 11.6 17  90   M    M  10 13     23  90
10  66  44  55  -5  10   0 0.28    M    M 12.2 17 260   M    M   5 3      27 280
11  58  38  48 -12  17   0 0.00    M    M 12.6 20 310   M    M   5        29 300
12  70  37  54  -6  11   0 0.00    M    M  8.2 17 180   M    M   0        22 180
13  70  46  58  -3   7   0 0.56    M    M 12.8 20 160   M    M   4        29 170
14  70  54  62   1   3   0 0.42    M    M  5.9 10 250   M    M   7         M  M
15  76  58  67   6   0   2 0.16    M    M  7.4 18 110   M    M   3 13     24 110
16  73  58  66   4   0   1 0.23    M    M 12.3 23 200   M    M   5        35 200
17  81  56  69   7   0   4 0.00    M    M  8.5 15 250   M    M   5        23 230
18  64  48  56  -6   9   0 0.00    M    M 10.4 16 360   M    M   1        23 340
19  50  43  47 -16  18   0 0.20    M    M 10.2 21  70   M    M   6        28  70
20  55  44  50 -13  15   0 0.04    M    M  8.7 14  20   M    M  10 1      18  20
21  67  39  53 -10  12   0 0.00    M    M  2.6  7 340   M    M   0         M  M
================================================================================
SM 1475 1005       117  26  2.21    M    205.2          M      103
================================================================================
AV 70.2 50.2                               9.8 FASTST   M    M   5    MAX(MPH)
                                 MISC ---->  # 27 170               # 35  200
================================================================================
NOTES:
# LAST OF SEVERAL OCCURRENCES

COLUMN 17 PEAK WIND IN M.P.H.

PRELIMINARY LOCAL CLIMATOLOGICAL DATA (WS FORM: F-6) , PAGE 2

                                          STATION:  HEBRON
                                          MONTH:    MAY
                                          YEAR:     2015
                                          LATITUDE:   40  9 N
                                          LONGITUDE:  97 35 W

[TEMPERATURE DATA]      [PRECIPITATION DATA]       SYMBOLS USED IN COLUMN 16

AVERAGE MONTHLY: 60.2   TOTAL FOR MONTH:   2.21    1 = FOG OR MIST
DPTR FM NORMAL:   0.2   DPTR FM NORMAL:   -1.05    2 = FOG REDUCING VISIBILITY
HIGHEST:    91 ON  3    GRTST 24HR  0.56 ON 13-13      TO 1/4 MILE OR LESS
LOWEST:     37 ON 12                               3 = THUNDER
                        SNOW, ICE PELLETS, HAIL    4 = ICE PELLETS
                        TOTAL MONTH:    M          5 = HAIL
                        GRTST 24HR    M  ON   M    6 = FREEZING RAIN OR DRIZZLE
                        GRTST DEPTH:  M  ON   M    7 = DUSTSTORM OR SANDSTORM:
                                                       VSBY 1/2 MILE OR LESS
                                                   8 = SMOKE OR HAZE
[NO. OF DAYS WITH]      [WEATHER - DAYS WITH]      9 = BLOWING SNOW
                                                   X = TORNADO
MAX 32 OR BELOW:   0    0.01 INCH OR MORE:  10
MAX 90 OR ABOVE:   1    0.10 INCH OR MORE:   7
MIN 32 OR BELOW:   0    0.50 INCH OR MORE:   1
MIN  0 OR BELOW:   0    1.00 INCH OR MORE:   0

[HDD (BASE 65) ]
TOTAL THIS MO.   117    CLEAR  (SCALE 0-3)   6
DPTR FM NORMAL   -17    PTCLDY (SCALE 4-7)  11
TOTAL FM JUL 1  5613    CLOUDY (SCALE 8-10)  4
DPTR FM NORMAL  -335

[CDD (BASE 65) ]
TOTAL THIS MO.    26
DPTR FM NORMAL    -2    [PRESSURE DATA]
TOTAL FM JAN 1    34    HIGHEST SLP M ON M
DPTR FM NORMAL    -7    LOWEST  SLP M ON M

[REMARKS]
