000
CXUS53 KGID 012019
CF6HJH

PRELIMINARY LOCAL CLIMATOLOGICAL DATA (WS FORM: F-6)

                                          STATION:   HEBRON
                                          MONTH:     FEBRUARY
                                          YEAR:      2015
                                          LATITUDE:   40  9 N
                                          LONGITUDE:  97 35 W

  TEMPERATURE IN F:       :PCPN:    SNOW:  WIND      :SUNSHINE: SKY     :PK WND
================================================================================
1   2   3   4   5  6A  6B    7    8   9   10  11  12  13   14  15   16   17  18
                                     12Z  AVG MX 2MIN
DY MAX MIN AVG DEP HDD CDD  WTR  SNW DPTH SPD SPD DIR MIN PSBL S-S WX    SPD DR
================================================================================

 1  32   2  17  -9  48   0    M    M    M 12.7 20 340   M    M   8 8      28 340
 2  24  -7   9 -17  56   0 0.00    M    M  4.0 14 190   M    M   0         M  M
 3  39  12  26   0  39   0 0.00    M    M  2.7  9  30   M    M   1 1       M  M
 4  31  -6  13 -14  52   0    M    M    M 11.8 24  10   M    M   5 8      30  20
 5  33  -7  13 -14  52   0 0.00    M    M  6.9 16 200   M    M   1        23 200
 6  46  30  38  11  27   0 0.00    M    M  5.1 12 210   M    M   0        17 200
 7  59  35  47  20  18   0 0.00    M    M  4.5 10 240   M    M   0         M  M
 8  64  33  49  21  16   0 0.00    M    M  7.0 17  30   M    M   0 1      22 310
 9  37  32  35   7  30   0 0.00    M    M  5.9 14 150   M    M  10 1       M  M
10  46  30  38  10  27   0 0.00    M    M  6.4 15 150   M    M   6 18     18 150
11  38  25  32   4  33   0 0.00    M    M 10.5 22 350   M    M   5 1      28 360
12  30  10  20  -8  45   0 0.00    M    M  9.2 20  30   M    M   4        27  30
13  55  19  37   8  28   0 0.00    M    M  3.9 15 340   M    M   0        20 340
14  41  17  29   0  36   0 0.00    M    M 12.4 23  30   M    M   2        31  30
15  18  13  16 -13  49   0 0.00    M    M  6.8 12  90   M    M   6        18 100
16  40  17  29  -1  36   0 0.00    M    M  3.2 13 340   M    M   7        18 340
17  31   7  19 -11  46   0    M    M    M  6.9 20 320   M    M   4 18     28  10
18  18   6  12 -18  53   0 0.00    M    M  7.7 14 320   M    M   2        18 320
19  24  12  18 -13  47   0 0.00    M    M  7.7 16 140   M    M   7         M  M
20  38  16  27  -4  38   0 0.00    M    M  3.4  8 190   M    M   6         M  M
21  44  22  33   2  32   0 0.00    M    M 10.0 20  20   M    M   6        27  30
22  22  10  16 -16  49   0 0.00    M    M 13.4 18  20   M    M   5        28  20
23  27   1  14 -18  51   0 0.00    M    M  4.7  9 220   M    M   0         M  M
24  51  15  33   1  32   0 0.00    M    M  8.9 14 250   M    M   0        23 340
25  46  16  31  -2  34   0 0.01    M    M 14.3 28 360   M    M   5        38 360
26  19   2  11 -22  54   0    T    M    M 12.2 21 360   M    M   1        31 360
27  22  -3  10 -24  55   0 0.00    M    M  2.3  8 170   M    M   4         M  M
28  22   5  14 -20  51   0    M    M    M  4.6  9 190   M    M   7         M  M
================================================================================
SM  997  364      1134   0    M     M    209.1          M      102
================================================================================
AV 35.6 13.0                               7.5 FASTST   M    M   4    MAX(MPH)
                                 MISC ---->    28   M               # 38  360
================================================================================
NOTES:
# LAST OF SEVERAL OCCURRENCES

COLUMN 17 PEAK WIND IN M.P.H.

PRELIMINARY LOCAL CLIMATOLOGICAL DATA (WS FORM: F-6) , PAGE 2

                                          STATION:  HEBRON
                                          MONTH:    FEBRUARY
                                          YEAR:     2015
                                          LATITUDE:   40  9 N
                                          LONGITUDE:  97 35 W

[TEMPERATURE DATA]      [PRECIPITATION DATA]       SYMBOLS USED IN COLUMN 16

AVERAGE MONTHLY: 24.3   TOTAL FOR MONTH:      M    1 = FOG OR MIST
DPTR FM NORMAL:  -5.3   DPTR FM NORMAL:       M    2 = FOG REDUCING VISIBILITY
HIGHEST:    64 ON  8    GRTST 24HR     M ON   M        TO 1/4 MILE OR LESS
LOWEST:     -7 ON  5, 2                            3 = THUNDER
                        SNOW, ICE PELLETS, HAIL    4 = ICE PELLETS
                        TOTAL MONTH:    M          5 = HAIL
                        GRTST 24HR    M  ON   M    6 = FREEZING RAIN OR DRIZZLE
                        GRTST DEPTH:  M  ON   M    7 = DUSTSTORM OR SANDSTORM:
                                                       VSBY 1/2 MILE OR LESS
                                                   8 = SMOKE OR HAZE
[NO. OF DAYS WITH]      [WEATHER - DAYS WITH]      9 = BLOWING SNOW
                                                   X = TORNADO
MAX 32 OR BELOW:  13    0.01 INCH OR MORE:   M
MAX 90 OR ABOVE:   0    0.10 INCH OR MORE:   M
MIN 32 OR BELOW:  26    0.50 INCH OR MORE:   M
MIN  0 OR BELOW:   4    1.00 INCH OR MORE:   M

[HDD (BASE 65) ]
TOTAL THIS MO.  1134    CLEAR  (SCALE 0-3)  12
DPTR FM NORMAL   142    PTCLDY (SCALE 4-7)  15
TOTAL FM JUL 1  4539    CLOUDY (SCALE 8-10)  1
DPTR FM NORMAL   -72

[CDD (BASE 65) ]
TOTAL THIS MO.     0
DPTR FM NORMAL     0    [PRESSURE DATA]
TOTAL FM JAN 1     0    HIGHEST SLP M ON M
DPTR FM NORMAL     0    LOWEST  SLP M ON M

[REMARKS]
#FINAL-02-15#
