000
CXUS56 KHNX 251146
CF6HJO
PRELIMINARY LOCAL CLIMATOLOGICAL DATA (WS FORM: F-6)

                                          STATION:   HANFORD CA AIRPORT
                                          MONTH:     JULY
                                          YEAR:      2017
                                          LATITUDE:   36 19 N
                                          LONGITUDE: 119 38 W

  TEMPERATURE IN F:       :PCPN:    SNOW:  WIND      :SUNSHINE: SKY     :PK WND
================================================================================
1   2   3   4   5  6A  6B    7    8   9   10  11  12  13   14  15   16   17  18
                                     12Z  AVG MX 2MIN
DY MAX MIN AVG DEP HDD CDD  WTR  SNW DPTH SPD SPD DIR MIN PSBL S-S WX    SPD DR
================================================================================

 1  97  65  81   3   0  16 0.00  0.0    0  7.4 10 310   M    M   0         M  M
 2 100  60  80   2   0  15 0.00  0.0    0  4.4  9 330   M    M   0         M  M
 3 100  67  84   6   0  19 0.00  0.0    0  5.6 10 310   M    M   0         M  M
 4 100  67  84   6   0  19 0.00  0.0    0  4.7 12 310   M    M   0 8       M  M
 5 101  68  85   7   0  20 0.00  0.0    0  7.7 14 310   M    M   0         M  M
 6 101  68  85   7   0  20 0.00  0.0    0  8.1 12 320   M    M   0 8      16 330
 7 103  71  87   8   0  22 0.00  0.0    0  6.8 12 300   M    M   0         M  M
 8 105  70  88   9   0  23 0.00  0.0    0  6.9 15 320   M    M   0        24 320
 9 104  69  87   8   0  22 0.00  0.0    0  4.9 12 320   M    M   0 8       M  M
10 105  70  88   9   0  23 0.00  0.0    0  4.9 12 310   M    M   0         M  M
11 101  66  84   5   0  19 0.00  0.0    0  5.5 14 320   M    M   0         M  M
12 100  64  82   3   0  17 0.00  0.0    0  4.9 12 320   M    M   0         M  M
13  99  65  82   3   0  17 0.00  0.0    0  4.7 12 320   M    M   1         M  M
14 102  65  84   5   0  19 0.00  0.0    0  5.0  8 330   M    M   1         M  M
15 104  64  84   4   0  19 0.00  0.0    0  7.1 13 310   M    M   1         M  M
16 104  69  87   7   0  22 0.00  0.0    0  5.3 12 320   M    M   1 8      17 330
17 106  64  85   5   0  20 0.00  0.0    0  8.6 18 330   M    M   2        24 310
18 102  72  87   7   0  22 0.00  0.0    0 11.7 18 320   M    M   1        23 320
19  99  59  79  -1   0  14 0.00  0.0    0  7.9 15 320   M    M   1         M  M
20  97  61  79  -1   0  14 0.00  0.0    0  7.1 14 320   M    M   1 8       M  M
21  98  60  79  -1   0  14 0.00  0.0    0  6.5 12 320   M    M   1         M  M
22 100  63  82   2   0  17 0.00  0.0    0  5.0 12 320   M    M   2         M  M
23 103  64  84   4   0  19 0.00  0.0    0  2.4  9 320   M    M   2         M  M
24 103  67  85   5   0  20 0.00  0.0    0  4.8 10 260   M    M   2         M  M
================================================================================
SM 2434 1578         0 452  0.00     0.0 147.9          M       16
================================================================================
AV101.4 65.8                               6.2 FASTST   M    M   1    MAX(MPH)
                                 MISC ---->  # 18 330               # 24  320
================================================================================
NOTES:
# LAST OF SEVERAL OCCURRENCES

COLUMN 17 PEAK WIND IN M.P.H.

PRELIMINARY LOCAL CLIMATOLOGICAL DATA (WS FORM: F-6) , PAGE 2

                                          STATION:  HANFORD CA AIRPORT
                                          MONTH:    JULY
                                          YEAR:     2017
                                          LATITUDE:   36 19 N
                                          LONGITUDE: 119 38 W

[TEMPERATURE DATA]      [PRECIPITATION DATA]       SYMBOLS USED IN COLUMN 16

AVERAGE MONTHLY: 83.6   TOTAL FOR MONTH:   0.00    1 = FOG OR MIST
DPTR FM NORMAL:   4.4   DPTR FM NORMAL:   -0.02    2 = FOG REDUCING VISIBILITY
HIGHEST:   106 ON 17    GRTST 24HR  0.00 ON 24-24      TO 1/4 MILE OR LESS
LOWEST:     59 ON 19                               3 = THUNDER
                        SNOW, ICE PELLETS, HAIL    4 = ICE PELLETS
                        TOTAL MONTH:   0.0 INCH    5 = HAIL
                        GRTST 24HR     0.0         6 = FREEZING RAIN OR DRIZZLE
                        GRTST DEPTH:   0           7 = DUSTSTORM OR SANDSTORM:
                                                       VSBY 1/2 MILE OR LESS
                                                   8 = SMOKE OR HAZE
[NO. OF DAYS WITH]      [WEATHER - DAYS WITH]      9 = BLOWING SNOW
                                                   X = TORNADO
MAX 32 OR BELOW:   0    0.01 INCH OR MORE:   0
MAX 90 OR ABOVE:  24    0.10 INCH OR MORE:   0
MIN 32 OR BELOW:   0    0.50 INCH OR MORE:   0
MIN  0 OR BELOW:   0    1.00 INCH OR MORE:   0

[HDD (BASE 65) ]
TOTAL THIS MO.     0    CLEAR  (SCALE 0-3)  24
DPTR FM NORMAL     0    PTCLDY (SCALE 4-7)   0
TOTAL FM JUL 1     0    CLOUDY (SCALE 8-10)  0
DPTR FM NORMAL     0

[CDD (BASE 65) ]
TOTAL THIS MO.   452
DPTR FM NORMAL   113    [PRESSURE DATA]
TOTAL FM JAN 1  1098    HIGHEST SLP M ON M
DPTR FM NORMAL   279    LOWEST  SLP M ON M

[REMARKS]
